-- Table structure for table `metatag`
--

CREATE TABLE `metatag` (
  `entity_type` varchar(32) NOT NULL DEFAULT '' COMMENT 'The entity type this data is attached to.',
  `entity_id` int(10) unsigned NOT NULL DEFAULT '0' COMMENT 'The entity id this data is attached to.',
  `revision_id` int(10) unsigned NOT NULL DEFAULT '0' COMMENT 'The revision_id for the entity object this data is attached to.',
  `language` varchar(32) NOT NULL DEFAULT '' COMMENT 'The language of the tag.',
  `data` longblob NOT NULL,
  PRIMARY KEY (`entity_type`,`entity_id`,`revision_id`,`language`),
  KEY `type_revision` (`entity_type`,`revision_id`)
) ENGINE=MyISAM DEFAULT CHARSET=utf8;

--
-- Dumping data for table `metatag`
--

INSERT INTO `metatag` VALUES ('node',2,2,'und','a:1:{s:5:\"title\";a:1:{s:5:\"value\";s:11:\"[site:name]\";}}');

--
-- Table structure for table `metatag_config`
--

CREATE TABLE `metatag_config` (
  `cid` int(10) unsigned NOT NULL AUTO_INCREMENT COMMENT 'The primary identifier for a metatag configuration set.',
  `instance` varchar(255) NOT NULL DEFAULT '' COMMENT 'The machine-name of the configuration, typically entity-type:bundle.',
  `config` longblob NOT NULL COMMENT 'Serialized data containing the meta tag configuration.',
  PRIMARY KEY (`cid`),
  UNIQUE KEY `instance` (`instance`)
) ENGINE=MyISAM DEFAULT CHARSET=utf8 COMMENT='Storage of meta tag configuration and defaults.';

--
-- Dumping data for table `metatag_config`
--


--
-- Table structure for table `node`
--

CREATE TABLE `node` (
  `nid` int(10) unsigned NOT NULL AUTO_INCREMENT COMMENT 'The primary identifier for a node.',
  `vid` int(10) unsigned DEFAULT NULL COMMENT 'The current node_revision.vid version identifier.',
  `type` varchar(32) NOT NULL DEFAULT '' COMMENT 'The node_type.type of this node.',
  `language` varchar(12) NOT NULL DEFAULT '' COMMENT 'The languages.language of this node.',
  `title` varchar(255) NOT NULL DEFAULT '' COMMENT 'The title of this node, always treated as non-markup plain text.',
  `uid` int(11) NOT NULL DEFAULT '0' COMMENT 'The users.uid that owns this node; initially, this is the user that created it.',
  `status` int(11) NOT NULL DEFAULT '1' COMMENT 'Boolean indicating whether the node is published (visible to non-administrators).',
  `created` int(11) NOT NULL DEFAULT '0' COMMENT 'The Unix timestamp when the node was created.',
  `changed` int(11) NOT NULL DEFAULT '0' COMMENT 'The Unix timestamp when the node was most recently saved.',
  `comment` int(11) NOT NULL DEFAULT '0' COMMENT 'Whether comments are allowed on this node: 0 = no, 1 = closed (read only), 2 = open (read/write).',
  `promote` int(11) NOT NULL DEFAULT '0' COMMENT 'Boolean indicating whether the node should be displayed on the front page.',
  `sticky` int(11) NOT NULL DEFAULT '0' COMMENT 'Boolean indicating whether the node should be displayed at the top of lists in which it appears.',
  `tnid` int(10) unsigned NOT NULL DEFAULT '0' COMMENT 'The translation set id for this node, which equals the node id of the source post in each set.',
  `translate` int(11) NOT NULL DEFAULT '0' COMMENT 'A boolean indicating whether this translation page needs to be updated.',
  `rh_action` int(11) DEFAULT NULL COMMENT 'Specifies which action that Rabbit Hole should take.',
  `rh_redirect` longtext COMMENT 'The path to where the user should get redirected to.',
  `rh_redirect_response` int(11) DEFAULT NULL COMMENT 'Specifies the HTTP response code that should be used when perform a redirect.',
  PRIMARY KEY (`nid`),
  UNIQUE KEY `vid` (`vid`),
  KEY `node_changed` (`changed`),
  KEY `node_created` (`created`),
  KEY `node_frontpage` (`promote`,`status`,`sticky`,`created`),
  KEY `node_status_type` (`status`,`type`,`nid`),
  KEY `node_title_type` (`title`,`type`(4)),
  KEY `node_type` (`type`(4)),
  KEY `uid` (`uid`),
  KEY `tnid` (`tnid`),
  KEY `translate` (`translate`),
  KEY `language` (`language`)
) ENGINE=MyISAM AUTO_INCREMENT=54 DEFAULT CHARSET=utf8 COMMENT='The base table for nodes.';

--
-- Dumping data for table `node`
--

INSERT INTO `node` VALUES (1,1,'life_events','und','Camps',1,1,1494347307,1498843532,1,1,0,0,0,NULL,NULL,NULL),(2,2,'home_page','und','Help for T1 Diabetes',1,1,1494358313,1501780705,1,0,0,0,0,NULL,NULL,NULL),(3,3,'life_events','und','Sports',1,1,1494358561,1499700401,1,1,0,0,0,NULL,NULL,NULL),(4,4,'life_events','und','Vacations',1,1,1494423293,1501778882,1,1,0,0,0,NULL,NULL,NULL),(5,5,'life_events','und','Sleepovers',1,1,1494423355,1498843087,1,1,0,0,0,NULL,NULL,NULL),(6,6,'life_events','und','Babysitters',1,1,1494423410,1499451469,1,1,0,0,0,NULL,NULL,NULL),(8,8,'life_events','und','Puberty',1,1,1494423504,1501523009,1,1,0,0,0,NULL,NULL,NULL),(9,9,'life_events','und','Driving',1,1,1494423561,1504097560,1,1,0,0,0,NULL,NULL,NULL),(10,10,'life_events','und','Alcohol',1,1,1494423646,1498843390,1,1,0,0,0,NULL,NULL,NULL),(11,92,'page','und','Life Events',1,1,1494423714,1499355935,1,0,0,0,0,NULL,NULL,NULL),(12,12,'footer','und','Footer',1,1,1494441757,1498844457,1,0,0,0,0,NULL,NULL,NULL),(13,13,'life_events','und','Sick Days',1,1,1494447210,1501778799,1,1,0,0,0,NULL,NULL,NULL),(14,14,'life_events','und','Nutrition',1,1,1494447270,1501779731,1,1,0,0,0,NULL,NULL,NULL),(15,102,'page','und','About Us',1,1,1494605746,1499697672,1,0,0,0,0,NULL,NULL,NULL),(16,74,'page','und','Stories',1,1,1494606232,1498842188,1,0,0,0,0,NULL,NULL,NULL),(17,101,'page','und','Resources',1,1,1494606270,1499697061,1,0,0,0,0,NULL,NULL,NULL),(19,106,'page','und','Just Diagnosed',1,1,1494606488,1501779422,1,0,0,0,0,NULL,NULL,NULL),(20,99,'page','und','Milestones',1,1,1494606530,1499696758,1,0,0,0,0,NULL,NULL,NULL),(21,95,'page','und','Preschool / Daycare',1,1,1494606620,1499448752,1,0,0,0,0,NULL,NULL,NULL),(22,111,'page','und','Elementary School',1,1,1494606676,1505405262,1,0,0,0,0,NULL,NULL,NULL),(23,112,'page','und','Middle School',1,1,1494606729,1505405289,1,0,0,0,0,NULL,NULL,NULL),(24,114,'page','und','High School',1,1,1494606777,1506697422,1,0,0,0,0,NULL,NULL,NULL),(25,115,'page','und','College / Leaving Home',1,1,1494607204,1506697468,1,0,0,0,0,NULL,NULL,NULL),(26,27,'stories','und','A Researcher’s Motivation to Make an Impact for People Living with Type 1 Diabetes',1,1,1495121567,1499710335,1,1,0,0,0,NULL,NULL,NULL),(27,28,'stories','und','I blamed myself: A message to other T1D parents about guilt after diagnosis',1,1,1495129227,1499710959,1,1,0,0,0,NULL,NULL,NULL),(29,86,'page','und','Our Projects',1,1,1495219801,1499352963,1,0,0,0,0,NULL,NULL,NULL),(30,98,'page','und','T1D News',1,1,1495220124,1499694087,1,0,0,0,0,NULL,NULL,NULL),(31,87,'page','und','Events',1,1,1495220942,1499353102,1,0,0,0,0,NULL,NULL,NULL),(33,40,'family_images','und','Family Image 1',1,1,1496437940,1496437940,1,0,0,0,0,NULL,NULL,NULL),(34,41,'family_images','und','Family Image 2',1,1,1496438003,1496438003,1,0,0,0,0,NULL,NULL,NULL),(35,42,'family_images','und','Family Image 3',1,1,1496438033,1496438033,1,0,0,0,0,NULL,NULL,NULL),(36,43,'family_images','und','Family Image 4',1,1,1496438058,1496438058,1,0,0,0,0,NULL,NULL,NULL),(37,44,'family_images','und','Family Image 5',1,1,1496438091,1496438091,1,0,0,0,0,NULL,NULL,NULL),(38,45,'family_images','und','Family Image 6',1,1,1496438119,1496438119,1,0,0,0,0,NULL,NULL,NULL),(39,109,'page','und','Kindergarten',1,1,1496775336,1505405183,1,0,0,0,0,NULL,NULL,NULL),(40,61,'page','und','Mental Health',1,1,1496781158,1496781158,1,0,0,0,0,NULL,NULL,NULL),(41,94,'webform','und','Contact Us',1,1,1497383197,1499356203,1,0,0,0,0,NULL,NULL,NULL),(42,67,'stories','und','The FDA Approval and Clinical Testing of the Artificial Pancreas',78,1,1498840594,1499713017,1,0,0,0,0,NULL,NULL,NULL),(43,68,'stories','und','To Phone or Not Phone Your Child? That is the Question',78,1,1498840749,1499717024,1,0,0,0,0,NULL,NULL,NULL),(44,69,'stories','und','The Do’s and Don’ts of Compassionate Diabetes Support',78,1,1498840996,1499713827,1,0,0,0,0,NULL,NULL,NULL),(45,70,'stories','und','The Sweeter Treat',78,1,1498841119,1499714037,1,0,0,0,0,NULL,NULL,NULL),(46,71,'stories','und','Tips on How to Help Others When They Need Emotional Support',78,1,1498841295,1499715098,1,0,0,0,0,NULL,NULL,NULL),(47,72,'stories','und','A Furry Companion and Lifesaver: Life with a Diabetes Alert Dog',78,1,1498841413,1499715705,1,0,0,0,0,NULL,NULL,NULL),(48,73,'stories','und','You Get to Choose',78,1,1498841593,1499715396,1,0,0,0,0,NULL,NULL,NULL),(49,88,'stories','und','MSU Writer’s Workshop Teen Stories from the SE Michigan JDRF TypeOneNation Summit',78,1,1499353395,1499712807,1,1,0,0,0,NULL,NULL,NULL),(50,103,'page','und','Our Team',78,1,1499698680,1499698680,1,0,0,0,0,NULL,NULL,NULL),(51,104,'stories','und','Why I Train Diabetes Alert Dogs',78,1,1501777009,1501777602,1,1,0,0,0,NULL,NULL,NULL),(52,107,'stories','und','Overcoming Diabetes Burnout',78,1,1504729064,1504729434,1,0,0,0,0,NULL,NULL,NULL),(53,116,'stories','und','Three Days That Changed My Life Forever',78,1,1507556935,1507557181,1,0,0,0,0,NULL,NULL,NULL);

--
-- Table structure for table `node_access`
--

CREATE TABLE `node_access` (
  `nid` int(10) unsigned NOT NULL DEFAULT '0' COMMENT 'The node.nid this record affects.',
  `gid` int(10) unsigned NOT NULL DEFAULT '0' COMMENT 'The grant ID a user must possess in the specified realm to gain this row’s privileges on the node.',
  `realm` varchar(255) NOT NULL DEFAULT '' COMMENT 'The realm in which the user must possess the grant ID. Each node access node can define one or more realms.',
  `grant_view` tinyint(3) unsigned NOT NULL DEFAULT '0' COMMENT 'Boolean indicating whether a user with the realm/grant pair can view this node.',
  `grant_update` tinyint(3) unsigned NOT NULL DEFAULT '0' COMMENT 'Boolean indicating whether a user with the realm/grant pair can edit this node.',
  `grant_delete` tinyint(3) unsigned NOT NULL DEFAULT '0' COMMENT 'Boolean indicating whether a user with the realm/grant pair can delete this node.',
  PRIMARY KEY (`nid`,`gid`,`realm`)
) ENGINE=MyISAM DEFAULT CHARSET=utf8 COMMENT='Identifies which realm/grant pairs a user must possess in...';

--
-- Dumping data for table `node_access`
--

INSERT INTO `node_access` VALUES (0,0,'all',1,0,0);

--
-- Table structure for table `node_comment_statistics`
--

CREATE TABLE `node_comment_statistics` (
  `nid` int(10) unsigned NOT NULL DEFAULT '0' COMMENT 'The node.nid for which the statistics are compiled.',
  `cid` int(11) NOT NULL DEFAULT '0' COMMENT 'The comment.cid of the last comment.',
  `last_comment_timestamp` int(11) NOT NULL DEFAULT '0' COMMENT 'The Unix timestamp of the last comment that was posted within this node, from comment.changed.',
  `last_comment_name` varchar(60) DEFAULT NULL COMMENT 'The name of the latest author to post a comment on this node, from comment.name.',
  `last_comment_uid` int(11) NOT NULL DEFAULT '0' COMMENT 'The user ID of the latest author to post a comment on this node, from comment.uid.',
  `comment_count` int(10) unsigned NOT NULL DEFAULT '0' COMMENT 'The total number of comments on this node.',
  PRIMARY KEY (`nid`),
  KEY `node_comment_timestamp` (`last_comment_timestamp`),
  KEY `comment_count` (`comment_count`),
  KEY `last_comment_uid` (`last_comment_uid`)
) ENGINE=MyISAM DEFAULT CHARSET=utf8 COMMENT='Maintains statistics of node and comments posts to show ...';

--
-- Dumping data for table `node_comment_statistics`
--

INSERT INTO `node_comment_statistics` VALUES (1,0,1494347307,NULL,1,0),(2,0,1494358313,NULL,1,0),(3,0,1494358561,NULL,1,0),(4,0,1494423293,NULL,1,0),(5,0,1494423355,NULL,1,0),(6,0,1494423410,NULL,1,0),(8,0,1494423504,NULL,1,0),(9,0,1494423561,NULL,1,0),(10,0,1494423646,NULL,1,0),(11,0,1494423714,NULL,1,0),(12,0,1494441757,NULL,1,0),(13,0,1494447210,NULL,1,0),(14,0,1494447270,NULL,1,0),(15,0,1494605746,NULL,1,0),(16,0,1494606232,NULL,1,0),(17,0,1494606270,NULL,1,0),(19,0,1494606488,NULL,1,0),(20,0,1494606530,NULL,1,0),(21,0,1494606620,NULL,1,0),(22,0,1494606676,NULL,1,0),(23,0,1494606729,NULL,1,0),(24,0,1494606777,NULL,1,0),(25,0,1494607204,NULL,1,0),(26,0,1495121567,NULL,1,0),(27,0,1495129227,NULL,1,0),(29,0,1495219801,NULL,1,0),(30,0,1495220124,NULL,1,0),(31,0,1495220942,NULL,1,0),(33,0,1496437940,NULL,1,0),(34,0,1496438003,NULL,1,0),(35,0,1496438033,NULL,1,0),(36,0,1496438058,NULL,1,0),(37,0,1496438091,NULL,1,0),(38,0,1496438119,NULL,1,0),(39,0,1496775336,NULL,1,0),(40,0,1496781158,NULL,1,0),(41,0,1497383197,NULL,1,0),(42,0,1498840594,NULL,78,0),(43,0,1498840749,NULL,78,0),(44,0,1498840996,NULL,78,0),(45,0,1498841119,NULL,78,0),(46,0,1498841295,NULL,78,0),(47,0,1498841413,NULL,78,0),(48,0,1498841593,NULL,78,0),(49,0,1499353395,NULL,78,0),(50,0,1499698680,NULL,78,0),(51,0,1501777009,NULL,78,0),(52,0,1504729064,NULL,78,0),(53,0,1507556935,NULL,78,0);

--
-- Table structure for table `node_revision`
--

CREATE TABLE `node_revision` (
  `nid` int(10) unsigned NOT NULL DEFAULT '0' COMMENT 'The node this version belongs to.',
  `vid` int(10) unsigned NOT NULL AUTO_INCREMENT COMMENT 'The primary identifier for this version.',
  `uid` int(11) NOT NULL DEFAULT '0' COMMENT 'The users.uid that created this version.',
  `title` varchar(255) NOT NULL DEFAULT '' COMMENT 'The title of this version.',
  `log` longtext NOT NULL COMMENT 'The log entry explaining the changes in this version.',
  `timestamp` int(11) NOT NULL DEFAULT '0' COMMENT 'A Unix timestamp indicating when this version was created.',
  `status` int(11) NOT NULL DEFAULT '1' COMMENT 'Boolean indicating whether the node (at the time of this revision) is published (visible to non-administrators).',
  `comment` int(11) NOT NULL DEFAULT '0' COMMENT 'Whether comments are allowed on this node (at the time of this revision): 0 = no, 1 = closed (read only), 2 = open (read/write).',
  `promote` int(11) NOT NULL DEFAULT '0' COMMENT 'Boolean indicating whether the node (at the time of this revision) should be displayed on the front page.',
  `sticky` int(11) NOT NULL DEFAULT '0' COMMENT 'Boolean indicating whether the node (at the time of this revision) should be displayed at the top of lists in which it appears.',
  PRIMARY KEY (`vid`),
  KEY `nid` (`nid`),
  KEY `uid` (`uid`)
) ENGINE=MyISAM AUTO_INCREMENT=117 DEFAULT CHARSET=utf8 COMMENT='Stores information about each saved version of a node.';

--
-- Dumping data for table `node_revision`
--

INSERT INTO `node_revision` VALUES (1,1,78,'Camps','',1498843532,1,1,1,0),(2,2,1,'Help for T1 Diabetes','',1501780705,1,1,0,0),(3,3,78,'Sports','',1499700401,1,1,1,0),(4,4,78,'Vacations','',1501778882,1,1,1,0),(5,5,78,'Sleepovers','',1498843087,1,1,1,0),(6,6,78,'Babysitters','',1499451469,1,1,1,0),(8,8,78,'Puberty','',1501523009,1,1,1,0),(9,9,78,'Driving','',1504097560,1,1,1,0),(10,10,78,'Alcohol','',1498843390,1,1,1,0),(11,11,1,'Life Events','',1494423714,1,1,0,0),(12,12,78,'Footer','',1498844457,1,1,0,0),(13,13,78,'Sick Days','',1501778799,1,1,1,0),(14,14,78,'Nutrition','',1501779731,1,1,1,0),(15,15,1,'About Us','',1494605746,1,1,0,0),(11,16,1,'Life Events','',1494605854,1,1,0,0),(16,17,1,'Stories','',1494606232,1,1,0,0),(17,18,1,'Resources','',1494606270,1,1,0,0),(19,20,1,'Just Diagnosed','',1494606488,1,1,0,0),(20,21,1,'Milestones','',1494606530,1,1,0,0),(21,22,1,'Preschool / Daycare','',1494606620,1,1,0,0),(22,23,1,'Elementary School','',1494606676,1,1,0,0),(23,24,1,'Middle School','',1494606729,1,1,0,0),(24,25,1,'High School','',1494606777,1,1,0,0),(25,26,1,'College / Leaving Home','',1494607204,1,1,0,0),(26,27,1,'A Researcher’s Motivation to Make an Impact for People Living with Type 1 Diabetes','',1499710335,1,1,1,0),(27,28,1,'I blamed myself: A message to other T1D parents about guilt after diagnosis','',1499710959,1,1,1,0),(29,30,1,'Our Programs','',1495219801,1,1,0,0),(30,31,1,'T1D News','',1495220124,1,1,0,0),(31,32,1,'Events','',1495220942,1,1,0,0),(19,34,1,'Just Diagnosed','',1496252013,1,1,0,0),(21,35,1,'Preschool / Daycare','',1496263332,1,1,0,0),(23,36,1,'Middle School','',1496263500,1,1,0,0),(24,37,1,'High School','',1496263807,1,1,0,0),(25,38,1,'College / Leaving Home','',1496264061,1,1,0,0),(22,39,1,'Elementary School','',1496325689,1,1,0,0),(33,40,1,'Family Image 1','',1496437940,1,1,0,0),(34,41,1,'Family Image 2','',1496438003,1,1,0,0),(35,42,1,'Family Image 3','',1496438033,1,1,0,0),(36,43,1,'Family Image 4','',1496438058,1,1,0,0),(37,44,1,'Family Image 5','',1496438091,1,1,0,0),(38,45,1,'Family Image 6','',1496438119,1,1,0,0),(21,46,1,'Preschool / Daycare','',1496773845,1,1,0,0),(21,47,1,'Preschool / Daycare','',1496774147,1,1,0,0),(21,48,1,'Preschool / Daycare','',1496774161,1,1,0,0),(19,49,1,'Just Diagnosed','',1496774864,1,1,0,0),(19,50,1,'Just Diagnosed','',1496774931,1,1,0,0),(39,51,1,'Kindergarten','',1496775336,1,1,0,0),(22,52,1,'Elementary School','',1496775477,1,1,0,0),(23,53,1,'Middle School','',1496775562,1,1,0,0),(24,54,1,'High School','',1496775761,1,1,0,0),(25,55,1,'College / Leaving Home','',1496775866,1,1,0,0),(25,56,1,'College / Leaving Home','',1496776628,1,1,0,0),(21,57,1,'Preschool / Daycare','',1496777221,1,1,0,0),(22,58,1,'Elementary School','',1496777335,1,1,0,0),(23,59,1,'Middle School','',1496777387,1,1,0,0),(24,60,1,'High School','',1496777531,1,1,0,0),(40,61,1,'Mental Health','',1496781158,1,1,0,0),(19,62,1,'Just Diagnosed','',1496944927,1,1,0,0),(41,63,1,'Contact Us','',1497383197,1,1,0,0),(41,64,1,'Contact Us','',1497383648,1,1,0,0),(41,65,1,'Contact Us','',1497384040,1,1,0,0),(41,66,1,'Contact Us','',1497384056,1,1,0,0),(42,67,1,'The FDA Approval and Clinical Testing of the Artificial Pancreas','',1499713017,1,1,0,0),(43,68,1,'To Phone or Not Phone Your Child? That is the Question','',1499717024,1,1,0,0),(44,69,1,'The Do’s and Don’ts of Compassionate Diabetes Support','',1499713827,1,1,0,0),(45,70,1,'The Sweeter Treat','',1499714037,1,1,0,0),(46,71,1,'Tips on How to Help Others When They Need Emotional Support','',1499715098,1,1,0,0),(47,72,1,'A Furry Companion and Lifesaver: Life with a Diabetes Alert Dog','',1499715705,1,1,0,0),(48,73,1,'You Get to Choose','',1499715396,1,1,0,0),(16,74,78,'Stories','',1498842188,1,1,0,0),(19,75,78,'Just Diagnosed','',1498842586,1,1,0,0),(19,76,78,'Just Diagnosed','',1498842632,1,1,0,0),(15,77,78,'About Us','',1499352365,1,1,0,0),(15,78,78,'About Us','',1499352387,1,1,0,0),(15,79,78,'About Us','',1499352458,1,1,0,0),(15,80,78,'About Us','',1499352476,1,1,0,0),(15,81,78,'About Us','',1499352639,1,1,0,0),(15,82,78,'About Us','',1499352664,1,1,0,0),(15,83,78,'About Us','',1499352693,1,1,0,0),(15,84,78,'About Us','',1499352740,1,1,0,0),(15,85,78,'About Us','',1499352782,1,1,0,0),(29,86,78,'Our Projects','',1499352963,1,1,0,0),(31,87,78,'Events','',1499353102,1,1,0,0),(49,88,1,'MSU Writer’s Workshop Teen Stories from the SE Michigan JDRF TypeOneNation Summit','',1499712807,1,1,1,0),(21,89,78,'Preschool / Daycare','',1499354394,1,1,0,0),(21,90,78,'Preschool / Daycare','',1499354440,1,1,0,0),(21,91,78,'Preschool / Daycare','',1499354487,1,1,0,0),(11,92,78,'Life Events','',1499355935,1,1,0,0),(17,93,78,'Resources','',1499356128,1,1,0,0),(41,94,78,'Contact Us','',1499356203,1,1,0,0),(21,95,78,'Preschool / Daycare','',1499448752,1,1,0,0),(22,96,78,'Elementary School','',1499448861,1,1,0,0),(24,97,78,'High School','',1499451391,1,1,0,0),(30,98,78,'T1D News','',1499694087,1,1,0,0),(20,99,78,'Milestones','',1499696758,1,1,0,0),(17,100,78,'Resources','',1499696848,1,1,0,0),(17,101,78,'Resources','',1499697061,1,1,0,0),(15,102,78,'About Us','',1499697672,1,1,0,0),(50,103,78,'Our Team','',1499698680,1,1,0,0),(51,104,78,'Why I Train Diabetes Alert Dogs','',1501777602,1,1,1,0),(19,105,78,'Just Diagnosed','',1501779324,1,1,0,0),(19,106,78,'Just Diagnosed','',1501779422,1,1,0,0),(52,107,78,'Overcoming Diabetes Burnout','',1504729434,1,1,0,0),(39,108,78,'Kindergarten','',1505405051,1,1,0,0),(39,109,78,'Kindergarten','',1505405183,1,1,0,0),(22,110,78,'Elementary School','',1505405212,1,1,0,0),(22,111,78,'Elementary School','',1505405262,1,1,0,0),(23,112,78,'Middle School','',1505405289,1,1,0,0),(24,113,78,'High School','',1505405315,1,1,0,0),(24,114,78,'High School','',1506697422,1,1,0,0),(25,115,78,'College / Leaving Home','',1506697468,1,1,0,0),(53,116,78,'Three Days That Changed My Life Forever','',1507557181,1,1,0,0);

--
-- Table structure for table `node_type`
--

CREATE TABLE `node_type` (
  `type` varchar(32) NOT NULL COMMENT 'The machine-readable name of this type.',
  `name` varchar(255) NOT NULL DEFAULT '' COMMENT 'The human-readable name of this type.',
  `base` varchar(255) NOT NULL COMMENT 'The base string used to construct callbacks corresponding to this node type.',
  `module` varchar(255) NOT NULL COMMENT 'The module defining this node type.',
  `description` mediumtext NOT NULL COMMENT 'A brief description of this type.',
  `help` mediumtext NOT NULL COMMENT 'Help information shown to the user when creating a node of this type.',
  `has_title` tinyint(3) unsigned NOT NULL COMMENT 'Boolean indicating whether this type uses the node.title field.',
  `title_label` varchar(255) NOT NULL DEFAULT '' COMMENT 'The label displayed for the title field on the edit form.',
  `custom` tinyint(4) NOT NULL DEFAULT '0' COMMENT 'A boolean indicating whether this type is defined by a module (FALSE) or by a user via Add content type (TRUE).',
  `modified` tinyint(4) NOT NULL DEFAULT '0' COMMENT 'A boolean indicating whether this type has been modified by an administrator; currently not used in any way.',
  `locked` tinyint(4) NOT NULL DEFAULT '0' COMMENT 'A boolean indicating whether the administrator can change the machine name of this type.',
  `disabled` tinyint(4) NOT NULL DEFAULT '0' COMMENT 'A boolean indicating whether the node type is disabled.',
  `orig_type` varchar(255) NOT NULL DEFAULT '' COMMENT 'The original machine-readable name of this node type. This may be different from the current type name if the locked field is 0.',
  PRIMARY KEY (`type`)
) ENGINE=MyISAM DEFAULT CHARSET=utf8 COMMENT='Stores information about all defined node types.';

--
-- Dumping data for table `node_type`
--

INSERT INTO `node_type` VALUES ('article','Article','node_content','node','Use <em>articles</em> for time-sensitive content like press releases or blog posts.','',1,'Title',1,1,0,0,'article'),('family_images','Family Images','node_content','node','The family images that are shown randomly on the home page.','',1,'Title',1,1,0,0,'family_images'),('footer','Footer','node_content','node','','',1,'Title',1,1,0,0,'footer'),('home_page','Home Page','node_content','node','','',1,'Title',1,1,0,0,'home_page'),('life_events','Life Events','node_content','node','','',1,'Title',1,1,0,0,'life_events'),('page','Basic page','node_content','node','Use <em>basic pages</em> for your static content, such as an \'About us\' page.','',1,'Title',1,1,0,0,'page'),('stories','Stories','node_content','node','','',1,'Title',1,1,0,0,'stories'),('webform','Webform','node_content','node','Create a new form or questionnaire accessible to users. Submission results and statistics are recorded and accessible to privileged users.','',1,'Title',1,1,0,0,'webform');

--
-- Table structure for table `nodeaccess`
--

CREATE TABLE `nodeaccess` (
  `nid` int(10) unsigned NOT NULL DEFAULT '0',
  `gid` int(10) unsigned NOT NULL DEFAULT '0',
  `realm` varchar(255) NOT NULL DEFAULT '',
  `grant_view` tinyint(3) unsigned NOT NULL DEFAULT '0',
  `grant_update` tinyint(3) unsigned NOT NULL DEFAULT '0',
  `grant_delete` tinyint(3) unsigned NOT NULL DEFAULT '0',
  PRIMARY KEY (`nid`,`gid`,`realm`)
) ENGINE=MyISAM DEFAULT CHARSET=utf8;

--
-- Dumping data for table `nodeaccess`
--


--
-- Table structure for table `nodeaccess_role_alias`
--

CREATE TABLE `nodeaccess_role_alias` (
  `rid` int(10) unsigned NOT NULL DEFAULT '0',
  `name` varchar(50) NOT NULL DEFAULT '',
  `weight` int(11) NOT NULL DEFAULT '0',
  PRIMARY KEY (`rid`)
) ENGINE=MyISAM DEFAULT CHARSET=utf8;

--
-- Dumping data for table `nodeaccess_role_alias`
--


--
-- Table structure for table `pathauto_state`
--

CREATE TABLE `pathauto_state` (
  `entity_type` varchar(32) NOT NULL COMMENT 'The entity type.',
  `entity_id` int(10) unsigned NOT NULL COMMENT 'The entity ID.',
  `pathauto` tinyint(4) NOT NULL DEFAULT '0' COMMENT 'The automatic alias status of the entity.',
  PRIMARY KEY (`entity_type`,`entity_id`)
) ENGINE=MyISAM DEFAULT CHARSET=utf8 COMMENT='The status of each entity alias (whether it was...';

--
-- Dumping data for table `pathauto_state`
--

INSERT INTO `pathauto_state` VALUES ('node',1,1),('node',2,1),('node',3,1),('node',4,1),('node',5,1),('node',6,1),('node',8,1),('node',9,1),('node',10,1),('node',11,1),('node',12,1),('node',13,1),('node',14,1),('node',15,1),('node',16,1),('node',17,1),('node',19,1),('node',20,1),('node',21,1),('node',22,1),('node',23,1),('node',24,1),('node',25,1),('node',26,1),('node',27,1),('node',29,1),('node',30,1),('node',31,1),('node',33,1),('node',34,1),('node',35,1),('node',36,1),('node',37,1),('node',38,1),('node',39,1),('node',40,1),('node',41,1),('node',42,1),('node',43,1),('node',44,1),('node',45,1),('node',46,1),('node',47,1),('node',48,1),('node',49,1),('node',50,1),('node',51,1),('node',52,1),('node',53,1);

--
-- Table structure for table `queue`
--

CREATE TABLE `queue` (
  `item_id` int(10) unsigned NOT NULL AUTO_INCREMENT COMMENT 'Primary Key: Unique item ID.',
  `name` varchar(255) NOT NULL DEFAULT '' COMMENT 'The queue name.',
  `data` longblob COMMENT 'The arbitrary data for the item.',
  `expire` int(11) NOT NULL DEFAULT '0' COMMENT 'Timestamp when the claim lease expires on the item.',
  `created` int(11) NOT NULL DEFAULT '0' COMMENT 'Timestamp when the item was created.',
  PRIMARY KEY (`item_id`),
  KEY `name_created` (`name`,`created`),
  KEY `expire` (`expire`)
) ENGINE=MyISAM DEFAULT CHARSET=utf8 COMMENT='Stores items in queues.';

--
-- Dumping data for table `queue`
--


--
-- Table structure for table `rdf_mapping`
--

CREATE TABLE `rdf_mapping` (
  `type` varchar(128) NOT NULL COMMENT 'The name of the entity type a mapping applies to (node, user, comment, etc.).',
  `bundle` varchar(128) NOT NULL COMMENT 'The name of the bundle a mapping applies to.',
  `mapping` longblob COMMENT 'The serialized mapping of the bundle type and fields to RDF terms.',
  PRIMARY KEY (`type`,`bundle`)
) ENGINE=MyISAM DEFAULT CHARSET=utf8 COMMENT='Stores custom RDF mappings for user defined content types...';

--
-- Dumping data for table `rdf_mapping`
--

INSERT INTO `rdf_mapping` VALUES ('node','article','a:11:{s:11:\"field_image\";a:2:{s:10:\"predicates\";a:2:{i:0;s:8:\"og:image\";i:1;s:12:\"rdfs:seeAlso\";}s:4:\"type\";s:3:\"rel\";}s:10:\"field_tags\";a:2:{s:10:\"predicates\";a:1:{i:0;s:10:\"dc:subject\";}s:4:\"type\";s:3:\"rel\";}s:7:\"rdftype\";a:2:{i:0;s:9:\"sioc:Item\";i:1;s:13:\"foaf:Document\";}s:5:\"title\";a:1:{s:10:\"predicates\";a:1:{i:0;s:8:\"dc:title\";}}s:7:\"created\";a:3:{s:10:\"predicates\";a:2:{i:0;s:7:\"dc:date\";i:1;s:10:\"dc:created\";}s:8:\"datatype\";s:12:\"xsd:dateTime\";s:8:\"callback\";s:12:\"date_iso8601\";}s:7:\"changed\";a:3:{s:10:\"predicates\";a:1:{i:0;s:11:\"dc:modified\";}s:8:\"datatype\";s:12:\"xsd:dateTime\";s:8:\"callback\";s:12:\"date_iso8601\";}s:4:\"body\";a:1:{s:10:\"predicates\";a:1:{i:0;s:15:\"content:encoded\";}}s:3:\"uid\";a:2:{s:10:\"predicates\";a:1:{i:0;s:16:\"sioc:has_creator\";}s:4:\"type\";s:3:\"rel\";}s:4:\"name\";a:1:{s:10:\"predicates\";a:1:{i:0;s:9:\"foaf:name\";}}s:13:\"comment_count\";a:2:{s:10:\"predicates\";a:1:{i:0;s:16:\"sioc:num_replies\";}s:8:\"datatype\";s:11:\"xsd:integer\";}s:13:\"last_activity\";a:3:{s:10:\"predicates\";a:1:{i:0;s:23:\"sioc:last_activity_date\";}s:8:\"datatype\";s:12:\"xsd:dateTime\";s:8:\"callback\";s:12:\"date_iso8601\";}}'),('node','page','a:9:{s:7:\"rdftype\";a:1:{i:0;s:13:\"foaf:Document\";}s:5:\"title\";a:1:{s:10:\"predicates\";a:1:{i:0;s:8:\"dc:title\";}}s:7:\"created\";a:3:{s:10:\"predicates\";a:2:{i:0;s:7:\"dc:date\";i:1;s:10:\"dc:created\";}s:8:\"datatype\";s:12:\"xsd:dateTime\";s:8:\"callback\";s:12:\"date_iso8601\";}s:7:\"changed\";a:3:{s:10:\"predicates\";a:1:{i:0;s:11:\"dc:modified\";}s:8:\"datatype\";s:12:\"xsd:dateTime\";s:8:\"callback\";s:12:\"date_iso8601\";}s:4:\"body\";a:1:{s:10:\"predicates\";a:1:{i:0;s:15:\"content:encoded\";}}s:3:\"uid\";a:2:{s:10:\"predicates\";a:1:{i:0;s:16:\"sioc:has_creator\";}s:4:\"type\";s:3:\"rel\";}s:4:\"name\";a:1:{s:10:\"predicates\";a:1:{i:0;s:9:\"foaf:name\";}}s:13:\"comment_count\";a:2:{s:10:\"predicates\";a:1:{i:0;s:16:\"sioc:num_replies\";}s:8:\"datatype\";s:11:\"xsd:integer\";}s:13:\"last_activity\";a:3:{s:10:\"predicates\";a:1:{i:0;s:23:\"sioc:last_activity_date\";}s:8:\"datatype\";s:12:\"xsd:dateTime\";s:8:\"callback\";s:12:\"date_iso8601\";}}');

--
-- Table structure for table `redirect`
--

CREATE TABLE `redirect` (
  `rid` int(11) NOT NULL AUTO_INCREMENT COMMENT 'Primary Key: Unique redirect ID.',
  `hash` varchar(64) NOT NULL COMMENT 'A unique hash based on source, source_options, and language.',
  `type` varchar(64) NOT NULL DEFAULT '' COMMENT 'The redirect type; if value is ’redirect’ it is a normal redirect handled by the module.',
  `uid` int(10) unsigned NOT NULL DEFAULT '0' COMMENT 'The users.uid of the user who created the redirect.',
  `source` varchar(255) NOT NULL COMMENT 'The source path to redirect from.',
  `source_options` text NOT NULL COMMENT 'A serialized array of source options.',
  `redirect` varchar(255) NOT NULL COMMENT 'The destination path to redirect to.',
  `redirect_options` text NOT NULL COMMENT 'A serialized array of redirect options.',
  `language` varchar(12) NOT NULL DEFAULT 'und' COMMENT 'The language this redirect is for; if blank, the alias will be used for unknown languages.',
  `status_code` smallint(6) NOT NULL COMMENT 'The HTTP status code to use for the redirect.',
  `count` int(10) unsigned NOT NULL DEFAULT '0' COMMENT 'The number of times the redirect has been used.',
  `access` int(10) unsigned NOT NULL DEFAULT '0' COMMENT 'The timestamp of when the redirect was last accessed.',
  PRIMARY KEY (`rid`),
  UNIQUE KEY `hash` (`hash`),
  KEY `expires` (`type`,`access`),
  KEY `source_language` (`source`,`language`)
) ENGINE=MyISAM DEFAULT CHARSET=utf8 COMMENT='Stores information on redirects.';

--
-- Dumping data for table `redirect`
--


--
-- Table structure for table `registry`
--

CREATE TABLE `registry` (
  `name` varchar(255) NOT NULL DEFAULT '' COMMENT 'The name of the function, class, or interface.',
  `type` varchar(9) NOT NULL DEFAULT '' COMMENT 'Either function or class or interface.',
  `filename` varchar(255) NOT NULL COMMENT 'Name of the file.',
  `module` varchar(255) NOT NULL DEFAULT '' COMMENT 'Name of the module the file belongs to.',
  `weight` int(11) NOT NULL DEFAULT '0' COMMENT 'The order in which this module’s hooks should be invoked relative to other modules. Equal-weighted modules are ordered by name.',
  PRIMARY KEY (`name`,`type`),
  KEY `hook` (`type`,`weight`,`module`)
) ENGINE=MyISAM DEFAULT CHARSET=utf8 COMMENT='Each record is a function, class, or interface name and...';

--
-- Dumping data for table `registry`
--

INSERT INTO `registry` VALUES ('AccessDeniedTestCase','class','modules/system/system.test','system',0),('AdminMetaTagTestCase','class','modules/system/system.test','system',0),('ArchiverInterface','interface','includes/archiver.inc','',0),('ArchiverTar','class','modules/system/system.archiver.inc','system',0),('ArchiverZip','class','modules/system/system.archiver.inc','system',0),('Archive_Tar','class','modules/system/system.tar.inc','system',0),('BatchMemoryQueue','class','includes/batch.queue.inc','',0),('BatchQueue','class','includes/batch.queue.inc','',0),('BlockAdminThemeTestCase','class','modules/block/block.test','block',-5),('BlockCacheTestCase','class','modules/block/block.test','block',-5),('BlockHashTestCase','class','modules/block/block.test','block',-5),('BlockHiddenRegionTestCase','class','modules/block/block.test','block',-5),('BlockHTMLIdTestCase','class','modules/block/block.test','block',-5),('BlockInvalidRegionTestCase','class','modules/block/block.test','block',-5),('BlockTemplateSuggestionsUnitTest','class','modules/block/block.test','block',-5),('BlockTestCase','class','modules/block/block.test','block',-5),('BlockViewModuleDeltaAlterWebTest','class','modules/block/block.test','block',-5),('calendar_plugin_row','class','sites/all/modules/calendar/includes/calendar_plugin_row.inc','calendar',0),('calendar_plugin_style','class','sites/all/modules/calendar/includes/calendar_plugin_style.inc','calendar',0),('CaptchaAdminTestCase','class','sites/all/modules/captcha/captcha.test','captcha',0),('CaptchaBaseWebTestCase','class','sites/all/modules/captcha/captcha.test','captcha',0),('CaptchaPersistenceTestCase','class','sites/all/modules/captcha/captcha.test','captcha',0),('CaptchaSessionReuseAttackTestCase','class','sites/all/modules/captcha/captcha.test','captcha',0),('CaptchaTestCase','class','sites/all/modules/captcha/captcha.test','captcha',0),('ColorTestCase','class','modules/color/color.test','color',0),('CommentActionsTestCase','class','modules/comment/comment.test','comment',0),('CommentAnonymous','class','modules/comment/comment.test','comment',0),('CommentApprovalTest','class','modules/comment/comment.test','comment',0),('CommentBlockFunctionalTest','class','modules/comment/comment.test','comment',0),('CommentContentRebuild','class','modules/comment/comment.test','comment',0),('CommentController','class','modules/comment/comment.module','comment',0),('CommentFieldsTest','class','modules/comment/comment.test','comment',0),('CommentHelperCase','class','modules/comment/comment.test','comment',0),('CommentInterfaceTest','class','modules/comment/comment.test','comment',0),('CommentNodeAccessTest','class','modules/comment/comment.test','comment',0),('CommentNodeChangesTestCase','class','modules/comment/comment.test','comment',0),('CommentPagerTest','class','modules/comment/comment.test','comment',0),('CommentPreviewTest','class','modules/comment/comment.test','comment',0),('CommentRSSUnitTest','class','modules/comment/comment.test','comment',0),('CommentThreadingTestCase','class','modules/comment/comment.test','comment',0),('CommentTokenReplaceTestCase','class','modules/comment/comment.test','comment',0),('ConfirmFormTest','class','modules/system/system.test','system',0),('ContextualDynamicContextTestCase','class','modules/contextual/contextual.test','contextual',0),('CowInstanceTest','class','sites/all/modules/location/tests/cow.test','location',0),('CronQueueTestCase','class','modules/system/system.test','system',0),('CronRunTestCase','class','modules/system/system.test','system',0),('CtoolsContextKeywordsSubstitutionTestCase','class','sites/all/modules/ctools/tests/context.test','ctools',0),('CToolsCssCache','class','sites/all/modules/ctools/includes/css-cache.inc','ctools',0),('CtoolsCssTestCase','class','sites/all/modules/ctools/tests/css.test','ctools',0),('CtoolsMathExpressionStackTestCase','class','sites/all/modules/ctools/tests/math_expression_stack.test','ctools',0),('CtoolsMathExpressionTestCase','class','sites/all/modules/ctools/tests/math_expression.test','ctools',0),('CtoolsObjectCache','class','sites/all/modules/ctools/tests/object_cache.test','ctools',0),('CtoolsPluginsGetInfoTestCase','class','sites/all/modules/ctools/tests/ctools.plugins.test','ctools',0),('ctools_context','class','sites/all/modules/ctools/includes/context.inc','ctools',0),('ctools_context_optional','class','sites/all/modules/ctools/includes/context.inc','ctools',0),('ctools_context_required','class','sites/all/modules/ctools/includes/context.inc','ctools',0),('ctools_export_ui','class','sites/all/modules/ctools/plugins/export_ui/ctools_export_ui.class.php','ctools',0),('ctools_math_expr','class','sites/all/modules/ctools/includes/math-expr.inc','ctools',0),('ctools_math_expr_stack','class','sites/all/modules/ctools/includes/math-expr.inc','ctools',0),('ctools_stylizer_image_processor','class','sites/all/modules/ctools/includes/stylizer.inc','ctools',0),('DashboardBlocksTestCase','class','modules/dashboard/dashboard.test','dashboard',0),('Database','class','includes/database/database.inc','',0),('DatabaseCondition','class','includes/database/query.inc','',0),('DatabaseConnection','class','includes/database/database.inc','',0),('DatabaseConnectionNotDefinedException','class','includes/database/database.inc','',0),('DatabaseConnection_mysql','class','includes/database/mysql/database.inc','',0),('DatabaseConnection_pgsql','class','includes/database/pgsql/database.inc','',0),('DatabaseConnection_sqlite','class','includes/database/sqlite/database.inc','',0),('DatabaseDriverNotSpecifiedException','class','includes/database/database.inc','',0),('DatabaseLog','class','includes/database/log.inc','',0),('DatabaseSchema','class','includes/database/schema.inc','',0),('DatabaseSchemaObjectDoesNotExistException','class','includes/database/schema.inc','',0),('DatabaseSchemaObjectExistsException','class','includes/database/schema.inc','',0),('DatabaseSchema_mysql','class','includes/database/mysql/schema.inc','',0),('DatabaseSchema_pgsql','class','includes/database/pgsql/schema.inc','',0),('DatabaseSchema_sqlite','class','includes/database/sqlite/schema.inc','',0),('DatabaseStatementBase','class','includes/database/database.inc','',0),('DatabaseStatementEmpty','class','includes/database/database.inc','',0),('DatabaseStatementInterface','interface','includes/database/database.inc','',0),('DatabaseStatementPrefetch','class','includes/database/prefetch.inc','',0),('DatabaseStatement_sqlite','class','includes/database/sqlite/database.inc','',0),('DatabaseTaskException','class','includes/install.inc','',0),('DatabaseTasks','class','includes/install.inc','',0),('DatabaseTasks_mysql','class','includes/database/mysql/install.inc','',0),('DatabaseTasks_pgsql','class','includes/database/pgsql/install.inc','',0),('DatabaseTasks_sqlite','class','includes/database/sqlite/install.inc','',0),('DatabaseTransaction','class','includes/database/database.inc','',0),('DatabaseTransactionCommitFailedException','class','includes/database/database.inc','',0),('DatabaseTransactionExplicitCommitNotAllowedException','class','includes/database/database.inc','',0),('DatabaseTransactionNameNonUniqueException','class','includes/database/database.inc','',0),('DatabaseTransactionNoActiveException','class','includes/database/database.inc','',0),('DatabaseTransactionOutOfOrderException','class','includes/database/database.inc','',0),('DateAPITestCase','class','sites/all/modules/date/tests/date_api.test','date',0),('DateFieldBasic','class','sites/all/modules/date/tests/date_field.test','date',0),('DateFieldTestCase','class','sites/all/modules/date/tests/date_field.test','date',0),('DateFormatTestCase','class','modules/system/system.test','system',0),('DateFormTestCase','class','sites/all/modules/date/tests/date_form.test','date',0),('DateMigrateExampleUnitTest','class','sites/all/modules/date/tests/date_migrate.test','date',0),('DateMigrateFieldHandler','class','sites/all/modules/date/date.migrate.inc','date',0),('DateObject','class','sites/all/modules/date/date_api/date_api.module','date_api',0),('DateTimeFunctionalTest','class','modules/system/system.test','system',0),('DateTimezoneTestCase','class','sites/all/modules/date/tests/date_timezone.test','date',0),('DateUITestCase','class','sites/all/modules/date/tests/date.test','date',0),('DateValidationTestCase','class','sites/all/modules/date/tests/date_validation.test','date',0),('DateViewsPopupTestCase','class','sites/all/modules/date/tests/date_views_popup.test','date',0),('date_sql_handler','class','sites/all/modules/date/date_api/date_api_sql.inc','date_api',0),('date_views_argument_handler','class','sites/all/modules/date/date_views/includes/date_views_argument_handler.inc','date_views',0),('date_views_argument_handler_simple','class','sites/all/modules/date/date_views/includes/date_views_argument_handler_simple.inc','date_views',0),('date_views_filter_handler','class','sites/all/modules/date/date_views/includes/date_views_filter_handler.inc','date_views',0),('date_views_filter_handler_simple','class','sites/all/modules/date/date_views/includes/date_views_filter_handler_simple.inc','date_views',0),('date_views_plugin_pager','class','sites/all/modules/date/date_views/includes/date_views_plugin_pager.inc','date_views',0),('DBLogTestCase','class','modules/dblog/dblog.test','dblog',0),('DefaultMailSystem','class','modules/system/system.mail.inc','system',0),('DeleteQuery','class','includes/database/query.inc','',0),('DeleteQuery_sqlite','class','includes/database/sqlite/query.inc','',0),('DrupalCacheArray','class','includes/bootstrap.inc','',0),('DrupalCacheInterface','interface','includes/cache.inc','',0),('DrupalDatabaseCache','class','includes/cache.inc','',0),('DrupalDateIntervalMetaTag','class','sites/all/modules/metatag/metatag.inc','metatag',0),('DrupalDefaultEntityController','class','includes/entity.inc','',0),('DrupalDefaultMetaTag','class','sites/all/modules/metatag/metatag.inc','metatag',0),('DrupalEntityControllerInterface','interface','includes/entity.inc','',0),('DrupalFakeCache','class','includes/cache-install.inc','',0),('DrupalLinkMetaTag','class','sites/all/modules/metatag/metatag.inc','metatag',0),('DrupalListMetaTag','class','sites/all/modules/metatag/metatag.inc','metatag',0),('DrupalLocalStreamWrapper','class','includes/stream_wrappers.inc','',0),('DrupalMetaTagInterface','interface','sites/all/modules/metatag/metatag.inc','metatag',0),('DrupalPrivateStreamWrapper','class','includes/stream_wrappers.inc','',0),('DrupalPublicStreamWrapper','class','includes/stream_wrappers.inc','',0),('DrupalQueue','class','modules/system/system.queue.inc','system',0),('DrupalQueueInterface','interface','modules/system/system.queue.inc','system',0),('DrupalReliableQueueInterface','interface','modules/system/system.queue.inc','system',0),('DrupalSetMessageTest','class','modules/system/system.test','system',0),('DrupalStreamWrapperInterface','interface','includes/stream_wrappers.inc','',0),('DrupalTemporaryStreamWrapper','class','includes/stream_wrappers.inc','',0),('DrupalTextMetaTag','class','sites/all/modules/metatag/metatag.inc','metatag',0),('DrupalTitleMetaTag','class','sites/all/modules/metatag/metatag.inc','metatag',0),('DrupalUpdateException','class','includes/update.inc','',0),('DrupalUpdaterInterface','interface','includes/updater.inc','',0),('EnableDisableTestCase','class','modules/system/system.test','system',0),('Entity','class','sites/all/modules/entity/includes/entity.inc','entity',0),('EntityAPICommentNodeAccessTestCase','class','sites/all/modules/entity/entity.test','entity',0),('EntityAPIController','class','sites/all/modules/entity/includes/entity.controller.inc','entity',0),('EntityAPIControllerExportable','class','sites/all/modules/entity/includes/entity.controller.inc','entity',0),('EntityAPIControllerInterface','interface','sites/all/modules/entity/includes/entity.controller.inc','entity',0),('EntityAPIControllerRevisionableInterface','interface','sites/all/modules/entity/includes/entity.controller.inc','entity',0),('EntityAPIi18nItegrationTestCase','class','sites/all/modules/entity/entity.test','entity',0),('EntityAPIRulesIntegrationTestCase','class','sites/all/modules/entity/entity.test','entity',0),('EntityAPITestCase','class','sites/all/modules/entity/entity.test','entity',0),('EntityBundleableUIController','class','sites/all/modules/entity/includes/entity.ui.inc','entity',0),('EntityContentUIController','class','sites/all/modules/entity/includes/entity.ui.inc','entity',0),('EntityDB','class','sites/all/modules/entity/includes/entity.inc','entity',0),('EntityDBExtendable','class','sites/all/modules/entity/includes/entity.inc','entity',0),('EntityDefaultExtraFieldsController','class','sites/all/modules/entity/entity.info.inc','entity',0),('EntityDefaultFeaturesController','class','sites/all/modules/entity/entity.features.inc','entity',0),('EntityDefaultI18nStringController','class','sites/all/modules/entity/entity.i18n.inc','entity',0),('EntityDefaultMetadataController','class','sites/all/modules/entity/entity.info.inc','entity',0),('EntityDefaultRulesController','class','sites/all/modules/entity/entity.rules.inc','entity',0),('EntityDefaultUIController','class','sites/all/modules/entity/includes/entity.ui.inc','entity',0),('EntityDefaultViewsController','class','sites/all/modules/entity/views/entity.views.inc','entity',0),('EntityDrupalWrapper','class','sites/all/modules/entity/includes/entity.wrapper.inc','entity',0),('EntityExtendable','class','sites/all/modules/entity/includes/entity.inc','entity',0),('EntityExtraFieldsControllerInterface','interface','sites/all/modules/entity/entity.info.inc','entity',0),('EntityFieldHandlerHelper','class','sites/all/modules/entity/views/handlers/entity_views_field_handler_helper.inc','entity',0),('EntityFieldQuery','class','includes/entity.inc','',0),('EntityFieldQueryException','class','includes/entity.inc','',0),('EntityInterface','interface','sites/all/modules/entity/includes/entity.inc','entity',0),('EntityListWrapper','class','sites/all/modules/entity/includes/entity.wrapper.inc','entity',0),('EntityMalformedException','class','includes/entity.inc','',0),('EntityMetadataArrayObject','class','sites/all/modules/entity/includes/entity.wrapper.inc','entity',0),('EntityMetadataIntegrationTestCase','class','sites/all/modules/entity/entity.test','entity',0),('EntityMetadataNodeAccessTestCase','class','sites/all/modules/entity/entity.test','entity',0),('EntityMetadataNodeCreateAccessTestCase','class','sites/all/modules/entity/entity.test','entity',0),('EntityMetadataNodeRevisionAccessTestCase','class','sites/all/modules/entity/entity.test','entity',0),('EntityMetadataTaxonomyAccessTestCase','class','sites/all/modules/entity/entity.test','entity',0),('EntityMetadataTestCase','class','sites/all/modules/entity/entity.test','entity',0),('EntityMetadataWrapper','class','sites/all/modules/entity/includes/entity.wrapper.inc','entity',0),('EntityMetadataWrapperException','class','sites/all/modules/entity/includes/entity.wrapper.inc','entity',0),('EntityMetadataWrapperIterator','class','sites/all/modules/entity/includes/entity.wrapper.inc','entity',0),('EntityPropertiesTestCase','class','modules/field/tests/field.test','field',0),('EntityReferenceAdminTestCase','class','sites/all/modules/entityreference/tests/entityreference.admin.test','entityreference',0),('EntityReferenceBehavior_TaxonomyIndex','class','sites/all/modules/entityreference/plugins/behavior/EntityReferenceBehavior_TaxonomyIndex.class.php','entityreference',0),('EntityReferenceBehavior_ViewsFilterSelect','class','sites/all/modules/entityreference/plugins/behavior/EntityReferenceBehavior_ViewsFilterSelect.class.php','entityreference',0),('EntityReferenceHandlersTestCase','class','sites/all/modules/entityreference/tests/entityreference.handlers.test','entityreference',0),('EntityReferenceTaxonomyTestCase','class','sites/all/modules/entityreference/tests/entityreference.taxonomy.test','entityreference',0),('EntityReference_BehaviorHandler','interface','sites/all/modules/entityreference/plugins/behavior/abstract.inc','entityreference',0),('EntityReference_BehaviorHandler_Abstract','class','sites/all/modules/entityreference/plugins/behavior/abstract.inc','entityreference',0),('EntityReference_BehaviorHandler_Broken','class','sites/all/modules/entityreference/plugins/behavior/abstract.inc','entityreference',0),('entityreference_plugin_display','class','sites/all/modules/entityreference/views/entityreference_plugin_display.inc','entityreference',0),('entityreference_plugin_row_fields','class','sites/all/modules/entityreference/views/entityreference_plugin_row_fields.inc','entityreference',0),('entityreference_plugin_style','class','sites/all/modules/entityreference/views/entityreference_plugin_style.inc','entityreference',0),('EntityReference_SelectionHandler','interface','sites/all/modules/entityreference/plugins/selection/abstract.inc','entityreference',0),('EntityReference_SelectionHandler_Broken','class','sites/all/modules/entityreference/plugins/selection/abstract.inc','entityreference',0),('EntityReference_SelectionHandler_Generic','class','sites/all/modules/entityreference/plugins/selection/EntityReference_SelectionHandler_Generic.class.php','entityreference',0),('EntityReference_SelectionHandler_Generic_comment','class','sites/all/modules/entityreference/plugins/selection/EntityReference_SelectionHandler_Generic.class.php','entityreference',0),('EntityReference_SelectionHandler_Generic_file','class','sites/all/modules/entityreference/plugins/selection/EntityReference_SelectionHandler_Generic.class.php','entityreference',0),('EntityReference_SelectionHandler_Generic_node','class','sites/all/modules/entityreference/plugins/selection/EntityReference_SelectionHandler_Generic.class.php','entityreference',0),('EntityReference_SelectionHandler_Generic_taxonomy_term','class','sites/all/modules/entityreference/plugins/selection/EntityReference_SelectionHandler_Generic.class.php','entityreference',0),('EntityReference_SelectionHandler_Generic_user','class','sites/all/modules/entityreference/plugins/selection/EntityReference_SelectionHandler_Generic.class.php','entityreference',0),('EntityReference_SelectionHandler_Views','class','sites/all/modules/entityreference/plugins/selection/EntityReference_SelectionHandler_Views.class.php','entityreference',0),('EntityStructureWrapper','class','sites/all/modules/entity/includes/entity.wrapper.inc','entity',0),('EntityTokenTestCase','class','sites/all/modules/entity/entity.test','entity',0),('EntityValueWrapper','class','sites/all/modules/entity/includes/entity.wrapper.inc','entity',0),('EntityWebTestCase','class','sites/all/modules/entity/entity.test','entity',0),('entity_views_handler_area_entity','class','sites/all/modules/entity/views/handlers/entity_views_handler_area_entity.inc','entity',0),('entity_views_handler_field_boolean','class','sites/all/modules/entity/views/handlers/entity_views_handler_field_boolean.inc','entity',0),('entity_views_handler_field_date','class','sites/all/modules/entity/views/handlers/entity_views_handler_field_date.inc','entity',0),('entity_views_handler_field_duration','class','sites/all/modules/entity/views/handlers/entity_views_handler_field_duration.inc','entity',0),('entity_views_handler_field_entity','class','sites/all/modules/entity/views/handlers/entity_views_handler_field_entity.inc','entity',0),('entity_views_handler_field_field','class','sites/all/modules/entity/views/handlers/entity_views_handler_field_field.inc','entity',0),('entity_views_handler_field_numeric','class','sites/all/modules/entity/views/handlers/entity_views_handler_field_numeric.inc','entity',0),('entity_views_handler_field_options','class','sites/all/modules/entity/views/handlers/entity_views_handler_field_options.inc','entity',0),('entity_views_handler_field_text','class','sites/all/modules/entity/views/handlers/entity_views_handler_field_text.inc','entity',0),('entity_views_handler_field_uri','class','sites/all/modules/entity/views/handlers/entity_views_handler_field_uri.inc','entity',0),('entity_views_handler_relationship','class','sites/all/modules/entity/views/handlers/entity_views_handler_relationship.inc','entity',0),('entity_views_handler_relationship_by_bundle','class','sites/all/modules/entity/views/handlers/entity_views_handler_relationship_by_bundle.inc','entity',0),('entity_views_plugin_row_entity_view','class','sites/all/modules/entity/views/plugins/entity_views_plugin_row_entity_view.inc','entity',0),('ExtlinkAdminTestCase','class','sites/all/modules/extlink/extlink.test','extlink',0),('ExtlinkBaseWebTestCase','class','sites/all/modules/extlink/extlink.test','extlink',0),('ExtlinkTestCase','class','sites/all/modules/extlink/extlink.test','extlink',0),('FeaturesCtoolsIntegrationTest','class','sites/all/modules/features/tests/features.test','features',20),('FeaturesDetectionTestCase','class','sites/all/modules/features/tests/features.test','features',20),('FeaturesEnableTestCase','class','sites/all/modules/features/tests/features.test','features',20),('FeaturesUserTestCase','class','sites/all/modules/features/tests/features.test','features',20),('FeedsMapperFieldTestCase','class','sites/all/modules/entityreference/tests/entityreference.feeds.test','entityreference',0),('FieldAttachOtherTestCase','class','modules/field/tests/field.test','field',0),('FieldAttachStorageTestCase','class','modules/field/tests/field.test','field',0),('FieldAttachTestCase','class','modules/field/tests/field.test','field',0),('FieldBulkDeleteTestCase','class','modules/field/tests/field.test','field',0),('FieldCrudTestCase','class','modules/field/tests/field.test','field',0),('FieldDisplayAPITestCase','class','modules/field/tests/field.test','field',0),('FieldException','class','modules/field/field.module','field',0),('FieldFormTestCase','class','modules/field/tests/field.test','field',0),('FieldInfo','class','modules/field/field.info.class.inc','field',0),('FieldInfoTestCase','class','modules/field/tests/field.test','field',0),('FieldInstanceCrudTestCase','class','modules/field/tests/field.test','field',0),('FieldsOverlapException','class','includes/database/database.inc','',0),('FieldSqlStorageTestCase','class','modules/field/modules/field_sql_storage/field_sql_storage.test','field_sql_storage',0),('FieldTestCase','class','modules/field/tests/field.test','field',0),('FieldTranslationsTestCase','class','modules/field/tests/field.test','field',0),('FieldUIAlterTestCase','class','modules/field_ui/field_ui.test','field_ui',0),('FieldUIManageDisplayTestCase','class','modules/field_ui/field_ui.test','field_ui',0),('FieldUIManageFieldsTestCase','class','modules/field_ui/field_ui.test','field_ui',0),('FieldUITestCase','class','modules/field_ui/field_ui.test','field_ui',0),('FieldUpdateForbiddenException','class','modules/field/field.module','field',0),('FieldValidationException','class','modules/field/field.attach.inc','field',0),('FileEntityAccessTestCase','class','sites/all/modules/file_entity/file_entity.test','file_entity',0),('FileEntityAdminTestCase','class','sites/all/modules/file_entity/file_entity.test','file_entity',0),('FileEntityAltTitleTestCase','class','sites/all/modules/file_entity/file_entity.test','file_entity',0),('FileEntityAttributeOverrideTestCase','class','sites/all/modules/file_entity/file_entity.test','file_entity',0),('FileEntityChangeSchemeTestCase','class','sites/all/modules/file_entity/file_entity.test','file_entity',0),('FileEntityEditTestCase','class','sites/all/modules/file_entity/file_entity.test','file_entity',0),('FileEntityFileTypeClassificationTestCase','class','sites/all/modules/file_entity/file_entity.test','file_entity',0),('FileEntityReplaceTestCase','class','sites/all/modules/file_entity/file_entity.test','file_entity',0),('FileEntityTestHelper','class','sites/all/modules/file_entity/file_entity.test','file_entity',0),('FileEntityTokenTestCase','class','sites/all/modules/file_entity/file_entity.test','file_entity',0),('FileEntityTypeTestCase','class','sites/all/modules/file_entity/file_entity.test','file_entity',0),('FileEntityUnitTestCase','class','sites/all/modules/file_entity/file_entity.test','file_entity',0),('FileEntityUploadWizardTestCase','class','sites/all/modules/file_entity/file_entity.test','file_entity',0),('FileEntityUsageTestCase','class','sites/all/modules/file_entity/file_entity.test','file_entity',0),('FileFieldAnonymousSubmission','class','modules/file/tests/file.test','file',0),('FileFieldDisplayTestCase','class','modules/file/tests/file.test','file',0),('FileFieldPathTestCase','class','modules/file/tests/file.test','file',0),('FileFieldRevisionTestCase','class','modules/file/tests/file.test','file',0),('FileFieldTestCase','class','modules/file/tests/file.test','file',0),('FileFieldValidateTestCase','class','modules/file/tests/file.test','file',0),('FileFieldWidgetTestCase','class','modules/file/tests/file.test','file',0),('FileManagedFileElementTestCase','class','modules/file/tests/file.test','file',0),('FilePrivateTestCase','class','modules/file/tests/file.test','file',0),('FileTaxonomyTermTestCase','class','modules/file/tests/file.test','file',0),('FileTokenReplaceTestCase','class','modules/file/tests/file.test','file',0),('FileTransfer','class','includes/filetransfer/filetransfer.inc','',0),('FileTransferChmodInterface','interface','includes/filetransfer/filetransfer.inc','',0),('FileTransferException','class','includes/filetransfer/filetransfer.inc','',0),('FileTransferFTP','class','includes/filetransfer/ftp.inc','',0),('FileTransferFTPExtension','class','includes/filetransfer/ftp.inc','',0),('FileTransferLocal','class','includes/filetransfer/local.inc','',0),('FileTransferSSH','class','includes/filetransfer/ssh.inc','',0),('FilterAdminTestCase','class','modules/filter/filter.test','filter',0),('FilterCRUDTestCase','class','modules/filter/filter.test','filter',0),('FilterDefaultFormatTestCase','class','modules/filter/filter.test','filter',0),('FilterDOMSerializeTestCase','class','modules/filter/filter.test','filter',0),('FilterFormatAccessTestCase','class','modules/filter/filter.test','filter',0),('FilterHooksTestCase','class','modules/filter/filter.test','filter',0),('FilterNoFormatTestCase','class','modules/filter/filter.test','filter',0),('FilterSecurityTestCase','class','modules/filter/filter.test','filter',0),('FilterSettingsTestCase','class','modules/filter/filter.test','filter',0),('FilterUnitTestCase','class','modules/filter/filter.test','filter',0),('FloodFunctionalTest','class','modules/system/system.test','system',0),('FrontPageTestCase','class','modules/system/system.test','system',0),('GoogleAnalyticsBasicTest','class','sites/all/modules/google_analytics/googleanalytics.test','googleanalytics',0),('GoogleAnalyticsCustomDimensionsAndMetricsTest','class','sites/all/modules/google_analytics/googleanalytics.test','googleanalytics',0),('GoogleAnalyticsPhpFilterTest','class','sites/all/modules/google_analytics/googleanalytics.test','googleanalytics',0),('GoogleAnalyticsRolesTest','class','sites/all/modules/google_analytics/googleanalytics.test','googleanalytics',0),('GoogleAnalyticsSearchTest','class','sites/all/modules/google_analytics/googleanalytics.test','googleanalytics',0),('GoogleAnalyticsStatusMessagesTest','class','sites/all/modules/google_analytics/googleanalytics.test','googleanalytics',0),('GroupDisplayTestCase','class','sites/all/modules/field_group/tests/field_group.display.test','field_group',0),('GroupUITestCase','class','sites/all/modules/field_group/tests/field_group.ui.test','field_group',0),('HelpTestCase','class','modules/help/help.test','help',0),('HookRequirementsTestCase','class','modules/system/system.test','system',0),('ImageAdminStylesUnitTest','class','modules/image/image.test','image',0),('ImageAdminUiTestCase','class','modules/image/image.test','image',0),('ImageDimensionsScaleTestCase','class','modules/image/image.test','image',0),('ImageDimensionsTestCase','class','modules/image/image.test','image',0),('ImageEffectsUnitTest','class','modules/image/image.test','image',0),('ImageFieldDefaultImagesTestCase','class','modules/image/image.test','image',0),('ImageFieldDisplayTestCase','class','modules/image/image.test','image',0),('ImageFieldTestCase','class','modules/image/image.test','image',0),('ImageFieldValidateTestCase','class','modules/image/image.test','image',0),('ImageStyleFlushTest','class','modules/image/image.test','image',0),('ImageStylesPathAndUrlTestCase','class','modules/image/image.test','image',0),('ImageThemeFunctionWebTestCase','class','modules/image/image.test','image',0),('InfoFileParserTestCase','class','modules/system/system.test','system',0),('InsertQuery','class','includes/database/query.inc','',0),('InsertQuery_mysql','class','includes/database/mysql/query.inc','',0),('InsertQuery_pgsql','class','includes/database/pgsql/query.inc','',0),('InsertQuery_sqlite','class','includes/database/sqlite/query.inc','',0),('InvalidMergeQueryException','class','includes/database/database.inc','',0),('IPAddressBlockingTestCase','class','modules/system/system.test','system',0),('LibrariesAdminWebTest','class','sites/all/modules/libraries/tests/LibrariesAdminWebTest.test','libraries',0),('LibrariesLoadWebTest','class','sites/all/modules/libraries/tests/LibrariesLoadWebTest.test','libraries',0),('LibrariesUnitTest','class','sites/all/modules/libraries/tests/LibrariesUnitTest.test','libraries',0),('LibrariesWebTestBase','class','sites/all/modules/libraries/tests/LibrariesWebTestBase.test','libraries',0),('LinkAttributeCrudTest','class','sites/all/modules/link/tests/link.attribute.test','link',0),('LinkBaseTestClass','class','sites/all/modules/link/tests/link.test','link',0),('LinkContentCrudTest','class','sites/all/modules/link/tests/link.crud.test','link',0),('LinkEntityTokenTest','class','sites/all/modules/link/tests/link.entity_token.test','link',0),('LinkitProfile','class','sites/all/modules/linkit/includes/profile.class.php','linkit',0),('LinkitProfileUICRUDTestCase','class','sites/all/modules/linkit/test/linkit_profile.test','linkit',0),('LinkitSearchPlugin','class','sites/all/modules/linkit/includes/search_plugin.class.php','linkit',0),('LinkitSearchPluginBroken','class','sites/all/modules/linkit/includes/search_plugin.class.php','linkit',0),('LinkitSearchPluginEntity','class','sites/all/modules/linkit/plugins/linkit_search/entity.class.php','linkit',0),('LinkitSearchPluginFile','class','sites/all/modules/linkit/plugins/linkit_search/file.class.php','linkit',0),('LinkitSearchPluginInterface','interface','sites/all/modules/linkit/includes/search_plugin.class.php','linkit',0),('LinkitSearchPluginNode','class','sites/all/modules/linkit/plugins/linkit_search/node.class.php','linkit',0),('LinkitsearchPluginNodeTestCase','class','sites/all/modules/linkit/test/linkit_search_plugin_node.test','linkit',0),('LinkitsearchPluginTaxonomyTermTestCase','class','sites/all/modules/linkit/test/linkit_search_plugin_taxonomy_term.test','linkit',0),('LinkitSearchPluginTaxonomy_term','class','sites/all/modules/linkit/plugins/linkit_search/taxonomy_term.class.php','linkit',0),('LinkitsearchPluginTestCase','class','sites/all/modules/linkit/test/linkit_search_plugin.test','linkit',0),('LinkitSearchPluginUser','class','sites/all/modules/linkit/plugins/linkit_search/user.class.php','linkit',0),('LinkitsearchPluginUserTestCase','class','sites/all/modules/linkit/test/linkit_search_plugin_user.test','linkit',0),('LinkitTestCase','class','sites/all/modules/linkit/test/linkit.test','linkit',0),('linkit_profiles','class','sites/all/modules/linkit/plugins/export_ui/linkit_profiles.class.php','linkit',0),('LinkTokenTest','class','sites/all/modules/link/tests/link.token.test','link',0),('LinkUITest','class','sites/all/modules/link/tests/link.crud_browser.test','link',0),('LinkValidateSpecificURL','class','sites/all/modules/link/tests/link.validate.test','link',0),('LinkValidateTest','class','sites/all/modules/link/tests/link.validate.test','link',0),('LinkValidateTestCase','class','sites/all/modules/link/tests/link.validate.test','link',0),('LinkValidateTestNews','class','sites/all/modules/link/tests/link.validate.test','link',0),('LinkValidateUrlLight','class','sites/all/modules/link/tests/link.validate.test','link',0),('link_views_handler_argument_target','class','sites/all/modules/link/views/link_views_handler_argument_target.inc','link',0),('link_views_handler_filter_protocol','class','sites/all/modules/link/views/link_views_handler_filter_protocol.inc','link',0),('ListDynamicValuesTestCase','class','modules/field/modules/list/tests/list.test','list',0),('ListDynamicValuesValidationTestCase','class','modules/field/modules/list/tests/list.test','list',0),('ListFieldTestCase','class','modules/field/modules/list/tests/list.test','list',0),('ListFieldUITestCase','class','modules/field/modules/list/tests/list.test','list',0),('LocationCCK2Test','class','sites/all/modules/location/tests/location_cck2.test','location',0),('LocationCCKTest','class','sites/all/modules/location/tests/location_cck.test','location',0),('LocationEarthTest','class','sites/all/modules/location/tests/earth.test','location',0),('LocationGoogleGeocoderTest','class','sites/all/modules/location/tests/google_geocoder.test','location',0),('LocationTestCase','class','sites/all/modules/location/tests/location_testcase.test','location',0),('location_handler_argument_location_country','class','sites/all/modules/location/handlers/location_handler_argument_location_country.inc','location',0),('location_handler_argument_location_province','class','sites/all/modules/location/handlers/location_handler_argument_location_province.inc','location',0),('location_handler_argument_location_proximity','class','sites/all/modules/location/handlers/location_handler_argument_location_proximity.inc','location',0),('location_handler_field_location_additional','class','sites/all/modules/location/handlers/location_handler_field_location_additional.inc','location',0),('location_handler_field_location_address','class','sites/all/modules/location/handlers/location_handler_field_location_address.inc','location',0),('location_handler_field_location_country','class','sites/all/modules/location/handlers/location_handler_field_location_country.inc','location',0),('location_handler_field_location_distance','class','sites/all/modules/location/handlers/location_handler_field_location_distance.inc','location',0),('location_handler_field_location_province','class','sites/all/modules/location/handlers/location_handler_field_location_province.inc','location',0),('location_handler_field_location_street','class','sites/all/modules/location/handlers/location_handler_field_location_street.inc','location',0),('location_handler_filter_location_country','class','sites/all/modules/location/handlers/location_handler_filter_location_country.inc','location',0),('location_handler_filter_location_province','class','sites/all/modules/location/handlers/location_handler_filter_location_province.inc','location',0),('location_handler_sort_location_country','class','sites/all/modules/location/handlers/location_handler_sort_location_country.inc','location',0),('location_handler_sort_location_distance','class','sites/all/modules/location/handlers/location_handler_sort_location_distance.inc','location',0),('location_views_handler_field_coordinates','class','sites/all/modules/location/handlers/location_views_handler_field_coordinates.inc','location',0),('location_views_handler_field_latitude','class','sites/all/modules/location/handlers/location_views_handler_field_latitude.inc','location',0),('location_views_handler_field_longitude','class','sites/all/modules/location/handlers/location_views_handler_field_longitude.inc','location',0),('location_views_handler_filter_proximity','class','sites/all/modules/location/handlers/location_views_handler_filter_proximity.inc','location',0),('MailSystemInterface','interface','includes/mail.inc','',0),('MediaLibraryAdminTestCase','class','sites/all/modules/media_library/media_library.test','media_library',0),('MediaLibraryTestHelper','class','sites/all/modules/media_library/media_library.test','media_library',0),('MediaLibraryUploadWizardTestCase','class','sites/all/modules/media_library/media_library.test','media_library',0),('MemoryQueue','class','modules/system/system.queue.inc','system',0),('MenuNodeTestCase','class','modules/menu/menu.test','menu',0),('MenuTestCase','class','modules/menu/menu.test','menu',0),('MergeQuery','class','includes/database/query.inc','',0),('MetatagBulkRevertTest','class','sites/all/modules/metatag/tests/metatag.bulk_revert.test','metatag',0),('MetatagCoreImageTest','class','sites/all/modules/metatag/tests/metatag.image.test','metatag',0),('MetatagCoreLocaleTest','class','sites/all/modules/metatag/tests/metatag.locale.test','metatag',0),('MetatagCoreNodeTest','class','sites/all/modules/metatag/tests/metatag.node.test','metatag',0),('MetatagCoreNodeWithI18nTest','class','sites/all/modules/metatag/tests/metatag.node.with_i18n.test','metatag',0),('MetatagCoreOutputCachingTest','class','sites/all/modules/metatag/tests/metatag.output_caching.test','metatag',0),('MetatagCoreStringHandlingTest','class','sites/all/modules/metatag/tests/metatag.string_handling.test','metatag',0),('MetatagCoreStringHandlingWithI18nTest','class','sites/all/modules/metatag/tests/metatag.string_handling_with_i18n.test','metatag',0),('MetatagCoreTagRemovalTest','class','sites/all/modules/metatag/tests/metatag.core_tag_removal.test','metatag',0),('MetatagCoreTermTest','class','sites/all/modules/metatag/tests/metatag.term.test','metatag',0),('MetatagCoreTermWithI18nTest','class','sites/all/modules/metatag/tests/metatag.term.with_i18n.test','metatag',0),('MetatagCoreUnitTest','class','sites/all/modules/metatag/tests/metatag.unit.test','metatag',0),('MetatagCoreUserTest','class','sites/all/modules/metatag/tests/metatag.user.test','metatag',0),('MetatagCoreWithI18nConfigTest','class','sites/all/modules/metatag/tests/metatag.with_i18n_config.test','metatag',0),('MetatagCoreWithI18nDisabledTest','class','sites/all/modules/metatag/tests/metatag.with_i18n_disabled.test','metatag',0),('MetatagCoreWithI18nOutputTest','class','sites/all/modules/metatag/tests/metatag.with_i18n_output.test','metatag',0),('MetatagCoreWithMediaTest','class','sites/all/modules/metatag/tests/metatag.with_media.test','metatag',0),('MetatagCoreWithMeTest','class','sites/all/modules/metatag/tests/metatag.with_me.test','metatag',0),('MetatagCoreWithPanelsTest','class','sites/all/modules/metatag/tests/metatag.with_panels.test','metatag',0),('MetatagCoreWithProfile2Test','class','sites/all/modules/metatag/tests/metatag.with_profile2.test','metatag',0),('MetatagCoreWithSearchAPITest','class','sites/all/modules/metatag/tests/metatag.with_search_api.test','metatag',0),('MetatagCoreWithViewsTest','class','sites/all/modules/metatag/tests/metatag.with_views.test','metatag',0),('MetatagCoreWithWorkbenchModerationTest','class','sites/all/modules/metatag/tests/metatag.with_workbench_moderation.test','metatag',0),('MetatagCoreXSSTest','class','sites/all/modules/metatag/tests/metatag.xss.test','metatag',0),('MetatagSearchAlterCallback','class','sites/all/modules/metatag/metatag.search_api.inc','metatag',0),('MetatagTagsTest','class','sites/all/modules/metatag/tests/metatag.tags.test','metatag',0),('MetatagTagsTestBase','class','sites/all/modules/metatag/tests/metatag.tags_helper.test','metatag',0),('MetatagTestHelper','class','sites/all/modules/metatag/tests/metatag.helper.test','metatag',0),('MigrateEntityReferenceFieldHandler','class','sites/all/modules/entityreference/entityreference.migrate.inc','entityreference',0),('MigrateLinkFieldHandler','class','sites/all/modules/link/link.migrate.inc','link',0),('MigrateLocationFieldHandler','class','sites/all/modules/location/location.migrate.inc','location',0),('MigrateMetatagHandler','class','sites/all/modules/metatag/metatag.migrate.inc','metatag',0),('ModuleDependencyTestCase','class','modules/system/system.test','system',0),('ModuleRequiredTestCase','class','modules/system/system.test','system',0),('ModuleTestCase','class','modules/system/system.test','system',0),('ModuleUpdater','class','modules/system/system.updater.inc','system',0),('ModuleVersionTestCase','class','modules/system/system.test','system',0),('MultiStepNodeFormBasicOptionsTest','class','modules/node/node.test','node',0),('NewDefaultThemeBlocks','class','modules/block/block.test','block',-5),('NodeAccessBaseTableTestCase','class','modules/node/node.test','node',0),('NodeAccessFieldTestCase','class','modules/node/node.test','node',0),('NodeAccessPagerTestCase','class','modules/node/node.test','node',0),('NodeAccessRebuildTestCase','class','modules/node/node.test','node',0),('NodeAccessRecordsTestCase','class','modules/node/node.test','node',0),('NodeAccessTestCase','class','modules/node/node.test','node',0),('NodeAdminTestCase','class','modules/node/node.test','node',0),('NodeBlockFunctionalTest','class','modules/node/node.test','node',0),('NodeBlockTestCase','class','modules/node/node.test','node',0),('NodeBuildContent','class','modules/node/node.test','node',0),('NodeController','class','modules/node/node.module','node',0),('NodeCreationTestCase','class','modules/node/node.test','node',0),('NodeEntityFieldQueryAlter','class','modules/node/node.test','node',0),('NodeEntityViewModeAlterTest','class','modules/node/node.test','node',0),('NodeFeedTestCase','class','modules/node/node.test','node',0),('NodeLoadHooksTestCase','class','modules/node/node.test','node',0),('NodeLoadMultipleTestCase','class','modules/node/node.test','node',0),('NodeMultiByteUtf8Test','class','modules/node/node.test','node',0),('NodePageCacheTest','class','modules/node/node.test','node',0),('NodePostSettingsTestCase','class','modules/node/node.test','node',0),('NodeQueryAlter','class','modules/node/node.test','node',0),('NodeRevisionPermissionsTestCase','class','modules/node/node.test','node',0),('NodeRevisionsTestCase','class','modules/node/node.test','node',0),('NodeRSSContentTestCase','class','modules/node/node.test','node',0),('NodeSaveTestCase','class','modules/node/node.test','node',0),('NodeTitleTestCase','class','modules/node/node.test','node',0),('NodeTitleXSSTestCase','class','modules/node/node.test','node',0),('NodeTokenReplaceTestCase','class','modules/node/node.test','node',0),('NodeTypePersistenceTestCase','class','modules/node/node.test','node',0),('NodeTypeTestCase','class','modules/node/node.test','node',0),('NodeWebTestCase','class','modules/node/node.test','node',0),('NoFieldsException','class','includes/database/database.inc','',0),('NoHelpTestCase','class','modules/help/help.test','help',0),('NonDefaultBlockAdmin','class','modules/block/block.test','block',-5),('NumberFieldTestCase','class','modules/field/modules/number/number.test','number',0),('OptionsSelectDynamicValuesTestCase','class','modules/field/modules/options/options.test','options',0),('OptionsWidgetsTestCase','class','modules/field/modules/options/options.test','options',0),('PageEditTestCase','class','modules/node/node.test','node',0),('PageNotFoundTestCase','class','modules/system/system.test','system',0),('PagePreviewTestCase','class','modules/node/node.test','node',0),('PagerDefault','class','includes/pager.inc','',0),('PageTitleFiltering','class','modules/system/system.test','system',0),('PageViewTestCase','class','modules/node/node.test','node',0),('PathautoBulkUpdateTestCase','class','sites/all/modules/pathauto/pathauto.test','pathauto',1),('PathautoFunctionalTestCase','class','sites/all/modules/pathauto/pathauto.test','pathauto',1),('PathautoFunctionalTestHelper','class','sites/all/modules/pathauto/pathauto.test','pathauto',1),('PathautoLocaleTestCase','class','sites/all/modules/pathauto/pathauto.test','pathauto',1),('PathautoMigrationHandler','class','sites/all/modules/pathauto/pathauto.migrate.inc','pathauto',1),('PathautoTestHelper','class','sites/all/modules/pathauto/pathauto.test','pathauto',1),('PathautoTokenTestCase','class','sites/all/modules/pathauto/pathauto.test','pathauto',1),('PathautoUnitTestCase','class','sites/all/modules/pathauto/pathauto.test','pathauto',1),('PathLanguageTestCase','class','modules/path/path.test','path',0),('PathLanguageUITestCase','class','modules/path/path.test','path',0),('PathMonolingualTestCase','class','modules/path/path.test','path',0),('PathTaxonomyTermTestCase','class','modules/path/path.test','path',0),('PathTestCase','class','modules/path/path.test','path',0),('PHPMailer','class','sites/all/modules/smtp/smtp.phpmailer.inc','smtp',0),('phpmailerException','class','sites/all/modules/smtp/smtp.phpmailer.inc','smtp',0),('Query','class','includes/database/query.inc','',0),('QueryAlterableInterface','interface','includes/database/query.inc','',0),('QueryConditionInterface','interface','includes/database/query.inc','',0),('QueryExtendableInterface','interface','includes/database/select.inc','',0),('QueryPlaceholderInterface','interface','includes/database/query.inc','',0),('QueueTestCase','class','modules/system/system.test','system',0),('RdfCommentAttributesTestCase','class','modules/rdf/rdf.test','rdf',0),('RdfCrudTestCase','class','modules/rdf/rdf.test','rdf',0),('RdfGetRdfNamespacesTestCase','class','modules/rdf/rdf.test','rdf',0),('RdfMappingDefinitionTestCase','class','modules/rdf/rdf.test','rdf',0),('RdfMappingHookTestCase','class','modules/rdf/rdf.test','rdf',0),('RdfRdfaMarkupTestCase','class','modules/rdf/rdf.test','rdf',0),('RdfTrackerAttributesTestCase','class','modules/rdf/rdf.test','rdf',0),('RetrieveFileTestCase','class','modules/system/system.test','system',0),('SchedulerApiTestCase','class','sites/all/modules/scheduler/tests/scheduler_api.test','scheduler',0),('SchedulerDateCombinedFunctionalTest','class','sites/all/modules/scheduler/scheduler.test','scheduler',0),('SchedulerFunctionalTest','class','sites/all/modules/scheduler/scheduler.test','scheduler',0),('SchedulerTestBase','class','sites/all/modules/scheduler/scheduler.test','scheduler',0),('scheduler_handler_field_scheduler_countdown','class','sites/all/modules/scheduler/scheduler_handler_field_scheduler_countdown.inc','scheduler',0),('SchemaCache','class','includes/bootstrap.inc','',0),('SearchAdvancedSearchForm','class','modules/search/search.test','search',0),('SearchBlockTestCase','class','modules/search/search.test','search',0),('SearchCommentCountToggleTestCase','class','modules/search/search.test','search',0),('SearchCommentTestCase','class','modules/search/search.test','search',0),('SearchConfigSettingsForm','class','modules/search/search.test','search',0),('SearchEmbedForm','class','modules/search/search.test','search',0),('SearchExactTestCase','class','modules/search/search.test','search',0),('SearchExcerptTestCase','class','modules/search/search.test','search',0),('SearchExpressionInsertExtractTestCase','class','modules/search/search.test','search',0),('SearchKeywordsConditions','class','modules/search/search.test','search',0),('SearchLanguageTestCase','class','modules/search/search.test','search',0),('SearchMatchTestCase','class','modules/search/search.test','search',0),('SearchNodeAccessTest','class','modules/search/search.test','search',0),('SearchNodeTagTest','class','modules/search/search.test','search',0),('SearchNumberMatchingTestCase','class','modules/search/search.test','search',0),('SearchNumbersTestCase','class','modules/search/search.test','search',0),('SearchPageOverride','class','modules/search/search.test','search',0),('SearchPageText','class','modules/search/search.test','search',0),('SearchQuery','class','modules/search/search.extender.inc','search',0),('SearchRankingTestCase','class','modules/search/search.test','search',0),('SearchSetLocaleTest','class','modules/search/search.test','search',0),('SearchSimplifyTestCase','class','modules/search/search.test','search',0),('SearchTokenizerTestCase','class','modules/search/search.test','search',0),('SelectQuery','class','includes/database/select.inc','',0),('SelectQueryExtender','class','includes/database/select.inc','',0),('SelectQueryInterface','interface','includes/database/select.inc','',0),('SelectQuery_pgsql','class','includes/database/pgsql/select.inc','',0),('SelectQuery_sqlite','class','includes/database/sqlite/select.inc','',0),('semanticviews_plugin_row_fields','class','sites/all/modules/semanticviews/semanticviews_plugin_row_fields.inc','semanticviews',0),('semanticviews_plugin_style_default','class','sites/all/modules/semanticviews/semanticviews_plugin_style_default.inc','semanticviews',0),('ShortcutLinksTestCase','class','modules/shortcut/shortcut.test','shortcut',0),('ShortcutSetsTestCase','class','modules/shortcut/shortcut.test','shortcut',0),('ShortcutTestCase','class','modules/shortcut/shortcut.test','shortcut',0),('ShutdownFunctionsTest','class','modules/system/system.test','system',0),('SiteMaintenanceTestCase','class','modules/system/system.test','system',0),('SiteMapTest','class','sites/all/modules/site_map/site_map.test','site_map',0),('SkipDotsRecursiveDirectoryIterator','class','includes/filetransfer/filetransfer.inc','',0),('SMTP','class','sites/all/modules/smtp/smtp.transport.inc','smtp',0),('SmtpMailSystem','class','sites/all/modules/smtp/smtp.mail.inc','smtp',0),('SmtpUnitTest','class','sites/all/modules/smtp/tests/smtp.unit.test','smtp',0),('StreamWrapperInterface','interface','includes/stream_wrappers.inc','',0),('SummaryLengthTestCase','class','modules/node/node.test','node',0),('SystemAdminTestCase','class','modules/system/system.test','system',0),('SystemAuthorizeCase','class','modules/system/system.test','system',0),('SystemBlockTestCase','class','modules/system/system.test','system',0),('SystemIndexPhpTest','class','modules/system/system.test','system',0),('SystemInfoAlterTestCase','class','modules/system/system.test','system',0),('SystemMainContentFallback','class','modules/system/system.test','system',0),('SystemQueue','class','modules/system/system.queue.inc','system',0),('SystemThemeFunctionalTest','class','modules/system/system.test','system',0),('SystemValidTokenTest','class','modules/system/system.test','system',0),('TableSort','class','includes/tablesort.inc','',0),('TaxonomyEFQTestCase','class','modules/taxonomy/taxonomy.test','taxonomy',0),('TaxonomyHooksTestCase','class','modules/taxonomy/taxonomy.test','taxonomy',0),('TaxonomyLegacyTestCase','class','modules/taxonomy/taxonomy.test','taxonomy',0),('TaxonomyLoadMultipleTestCase','class','modules/taxonomy/taxonomy.test','taxonomy',0),('TaxonomyQueryAlterTestCase','class','modules/taxonomy/taxonomy.test','taxonomy',0),('TaxonomyRSSTestCase','class','modules/taxonomy/taxonomy.test','taxonomy',0),('TaxonomyTermController','class','modules/taxonomy/taxonomy.module','taxonomy',0),('TaxonomyTermFieldMultipleVocabularyTestCase','class','modules/taxonomy/taxonomy.test','taxonomy',0),('TaxonomyTermFieldTestCase','class','modules/taxonomy/taxonomy.test','taxonomy',0),('TaxonomyTermFunctionTestCase','class','modules/taxonomy/taxonomy.test','taxonomy',0),('TaxonomyTermIndexTestCase','class','modules/taxonomy/taxonomy.test','taxonomy',0),('TaxonomyTermTestCase','class','modules/taxonomy/taxonomy.test','taxonomy',0),('TaxonomyThemeTestCase','class','modules/taxonomy/taxonomy.test','taxonomy',0),('TaxonomyTokenReplaceTestCase','class','modules/taxonomy/taxonomy.test','taxonomy',0),('TaxonomyVocabularyController','class','modules/taxonomy/taxonomy.module','taxonomy',0),('TaxonomyVocabularyFunctionalTest','class','modules/taxonomy/taxonomy.test','taxonomy',0),('TaxonomyVocabularyTestCase','class','modules/taxonomy/taxonomy.test','taxonomy',0),('TaxonomyWebTestCase','class','modules/taxonomy/taxonomy.test','taxonomy',0),('TestingMailSystem','class','modules/system/system.mail.inc','system',0),('TextFieldTestCase','class','modules/field/modules/text/text.test','text',0),('TextSummaryTestCase','class','modules/field/modules/text/text.test','text',0),('TextTranslationTestCase','class','modules/field/modules/text/text.test','text',0),('ThemeRegistry','class','includes/theme.inc','',0),('ThemeUpdater','class','modules/system/system.updater.inc','system',0),('TokenArrayTestCase','class','sites/all/modules/token/token.test','token',0),('TokenBlockTestCase','class','sites/all/modules/token/token.test','token',0),('TokenCommentTestCase','class','sites/all/modules/token/token.test','token',0),('TokenCurrentPageTestCase','class','sites/all/modules/token/token.test','token',0),('TokenDateTestCase','class','sites/all/modules/token/token.test','token',0),('TokenEntityTestCase','class','sites/all/modules/token/token.test','token',0),('TokenFileTestCase','class','sites/all/modules/token/token.test','token',0),('TokenMenuTestCase','class','sites/all/modules/token/token.test','token',0),('TokenNodeTestCase','class','sites/all/modules/token/token.test','token',0),('TokenProfileTestCase','class','sites/all/modules/token/token.test','token',0),('TokenRandomTestCase','class','sites/all/modules/token/token.test','token',0),('TokenReplaceTestCase','class','modules/system/system.test','system',0),('TokenScanTest','class','modules/system/system.test','system',0),('TokenTaxonomyTestCase','class','sites/all/modules/token/token.test','token',0),('TokenTestHelper','class','sites/all/modules/token/token.test','token',0),('TokenUnitTestCase','class','sites/all/modules/token/token.test','token',0),('TokenURLTestCase','class','sites/all/modules/token/token.test','token',0),('TokenUserTestCase','class','sites/all/modules/token/token.test','token',0),('TruncateQuery','class','includes/database/query.inc','',0),('TruncateQuery_mysql','class','includes/database/mysql/query.inc','',0),('TruncateQuery_sqlite','class','includes/database/sqlite/query.inc','',0),('UpdateCoreTestCase','class','modules/update/update.test','update',0),('UpdateCoreUnitTestCase','class','modules/update/update.test','update',0),('UpdateQuery','class','includes/database/query.inc','',0),('UpdateQuery_pgsql','class','includes/database/pgsql/query.inc','',0),('UpdateQuery_sqlite','class','includes/database/sqlite/query.inc','',0),('Updater','class','includes/updater.inc','',0),('UpdaterException','class','includes/updater.inc','',0),('UpdaterFileTransferException','class','includes/updater.inc','',0),('UpdateScriptFunctionalTest','class','modules/system/system.test','system',0),('UpdateTestContribCase','class','modules/update/update.test','update',0),('UpdateTestHelper','class','modules/update/update.test','update',0),('UpdateTestUploadCase','class','modules/update/update.test','update',0),('UserAccountLinksUnitTests','class','modules/user/user.test','user',0),('UserAdminTestCase','class','modules/user/user.test','user',0),('UserAuthmapAssignmentTestCase','class','modules/user/user.test','user',0),('UserAutocompleteTestCase','class','modules/user/user.test','user',0),('UserBlocksUnitTests','class','modules/user/user.test','user',0),('UserCancelTestCase','class','modules/user/user.test','user',0),('UserController','class','modules/user/user.module','user',0),('UserCreateTestCase','class','modules/user/user.test','user',0),('UserEditedOwnAccountTestCase','class','modules/user/user.test','user',0),('UserEditRebuildTestCase','class','modules/user/user.test','user',0),('UserEditTestCase','class','modules/user/user.test','user',0),('UserLoginTestCase','class','modules/user/user.test','user',0),('UserPasswordResetTestCase','class','modules/user/user.test','user',0),('UserPermissionsTestCase','class','modules/user/user.test','user',0),('UserPictureTestCase','class','modules/user/user.test','user',0),('UserRegistrationTestCase','class','modules/user/user.test','user',0),('UserRoleAdminTestCase','class','modules/user/user.test','user',0),('UserRolesAssignmentTestCase','class','modules/user/user.test','user',0),('UserSaveTestCase','class','modules/user/user.test','user',0),('UserSignatureTestCase','class','modules/user/user.test','user',0),('UserTimeZoneFunctionalTest','class','modules/user/user.test','user',0),('UserTokenReplaceTestCase','class','modules/user/user.test','user',0),('UserUserSearchTestCase','class','modules/user/user.test','user',0),('UserValidateCurrentPassCustomForm','class','modules/user/user.test','user',0),('UserValidationTestCase','class','modules/user/user.test','user',0),('view','class','sites/all/modules/views/includes/view.inc','views',10),('ViewsAccessTest','class','sites/all/modules/views/tests/views_access.test','views',0),('ViewsAnalyzeTest','class','sites/all/modules/views/tests/views_analyze.test','views',0),('ViewsArgumentDefaultTest','class','sites/all/modules/views/tests/views_argument_default.test','views',0),('ViewsArgumentValidatorTest','class','sites/all/modules/views/tests/views_argument_validator.test','views',0),('ViewsBasicTest','class','sites/all/modules/views/tests/views_basic.test','views',0),('ViewsCacheTest','class','sites/all/modules/views/tests/views_cache.test','views',10),('ViewsExposedFormTest','class','sites/all/modules/views/tests/views_exposed_form.test','views',10),('viewsFieldApiDataTest','class','sites/all/modules/views/tests/field/views_fieldapi.test','views',0),('ViewsFieldApiTestHelper','class','sites/all/modules/views/tests/field/views_fieldapi.test','views',0),('ViewsGlossaryTestCase','class','sites/all/modules/views/tests/views_glossary.test','views',0),('ViewsHandlerAreaTextTest','class','sites/all/modules/views/tests/handlers/views_handler_area_text.test','views',0),('viewsHandlerArgumentCommentUserUidTest','class','sites/all/modules/views/tests/comment/views_handler_argument_comment_user_uid.test','views',0),('ViewsHandlerArgumentNullTest','class','sites/all/modules/views/tests/handlers/views_handler_argument_null.test','views',0),('ViewsHandlerArgumentStringTest','class','sites/all/modules/views/tests/handlers/views_handler_argument_string.test','views',0),('ViewsHandlerFieldBooleanTest','class','sites/all/modules/views/tests/handlers/views_handler_field_boolean.test','views',0),('ViewsHandlerFieldCustomTest','class','sites/all/modules/views/tests/handlers/views_handler_field_custom.test','views',0),('ViewsHandlerFieldDateTest','class','sites/all/modules/views/tests/handlers/views_handler_field_date.test','views',10),('viewsHandlerFieldFieldTest','class','sites/all/modules/views/tests/field/views_fieldapi.test','views',0),('ViewsHandlerFieldMath','class','sites/all/modules/views/tests/handlers/views_handler_field_math.test','views',0),('ViewsHandlerFieldTest','class','sites/all/modules/views/tests/handlers/views_handler_field.test','views',0),('ViewsHandlerFieldUrlTest','class','sites/all/modules/views/tests/handlers/views_handler_field_url.test','views',0),('viewsHandlerFieldUserNameTest','class','sites/all/modules/views/tests/user/views_handler_field_user_name.test','views',0),('ViewsHandlerFileExtensionTest','class','sites/all/modules/views/tests/handlers/views_handler_field_file_extension.test','views',10),('ViewsHandlerFilterCombineTest','class','sites/all/modules/views/tests/handlers/views_handler_filter_combine.test','views',0),('viewsHandlerFilterCommentUserUidTest','class','sites/all/modules/views/tests/comment/views_handler_filter_comment_user_uid.test','views',0),('ViewsHandlerFilterCounterTest','class','sites/all/modules/views/tests/handlers/views_handler_field_counter.test','views',0),('ViewsHandlerFilterDateTest','class','sites/all/modules/views/tests/handlers/views_handler_filter_date.test','views',10),('ViewsHandlerFilterEqualityTest','class','sites/all/modules/views/tests/handlers/views_handler_filter_equality.test','views',0),('ViewsHandlerFilterInOperator','class','sites/all/modules/views/tests/handlers/views_handler_filter_in_operator.test','views',0),('ViewsHandlerFilterNumericTest','class','sites/all/modules/views/tests/handlers/views_handler_filter_numeric.test','views',0),('ViewsHandlerFilterStringTest','class','sites/all/modules/views/tests/handlers/views_handler_filter_string.test','views',10),('ViewsHandlerRelationshipNodeTermDataTest','class','sites/all/modules/views/tests/taxonomy/views_handler_relationship_node_term_data.test','views',0),('ViewsHandlerSortDateTest','class','sites/all/modules/views/tests/handlers/views_handler_sort_date.test','views',0),('ViewsHandlerSortRandomTest','class','sites/all/modules/views/tests/handlers/views_handler_sort_random.test','views',0),('ViewsHandlerSortTest','class','sites/all/modules/views/tests/handlers/views_handler_sort.test','views',0),('ViewsHandlersTest','class','sites/all/modules/views/tests/views_handlers.test','views',0),('ViewsHandlerTest','class','sites/all/modules/views/tests/handlers/views_handlers.test','views',10),('ViewsHandlerTestFileSize','class','sites/all/modules/views/tests/handlers/views_handler_field_file_size.test','views',0),('ViewsHandlerTestXss','class','sites/all/modules/views/tests/handlers/views_handler_field_xss.test','views',0),('ViewsModuleTest','class','sites/all/modules/views/tests/views_module.test','views',10),('ViewsNodeRevisionRelationsTestCase','class','sites/all/modules/views/tests/node/views_node_revision_relations.test','views',0),('ViewsPagerTest','class','sites/all/modules/views/tests/views_pager.test','views',0),('ViewsPagerTestCase','class','sites/all/modules/date/tests/date_views_pager.test','date',0),('ViewsPluginDisplayTestCase','class','sites/all/modules/views/tests/plugins/views_plugin_display.test','views',0),('viewsPluginStyleJumpMenuTest','class','sites/all/modules/views/tests/styles/views_plugin_style_jump_menu.test','views',0),('ViewsPluginStyleMappingTest','class','sites/all/modules/views/tests/styles/views_plugin_style_mapping.test','views',0),('ViewsPluginStyleTestBase','class','sites/all/modules/views/tests/styles/views_plugin_style_base.test','views',0),('ViewsPluginStyleTestCase','class','sites/all/modules/views/tests/styles/views_plugin_style.test','views',10),('ViewsPluginStyleUnformattedTestCase','class','sites/all/modules/views/tests/styles/views_plugin_style_unformatted.test','views',0),('ViewsQueryGroupByTest','class','sites/all/modules/views/tests/views_groupby.test','views',10),('viewsSearchQuery','class','sites/all/modules/views/modules/search/views_handler_filter_search.inc','views',10),('ViewsSqlTest','class','sites/all/modules/views/tests/views_query.test','views',10),('ViewsTestCase','class','sites/all/modules/views/tests/views_query.test','views',10),('ViewsTranslatableTest','class','sites/all/modules/views/tests/views_translatable.test','views',0),('ViewsUiBaseViewsWizard','class','sites/all/modules/views/plugins/views_wizard/views_ui_base_views_wizard.class.php','views_ui',0),('ViewsUiCommentViewsWizard','class','sites/all/modules/views/plugins/views_wizard/views_ui_comment_views_wizard.class.php','views_ui',0),('ViewsUiFileManagedViewsWizard','class','sites/all/modules/views/plugins/views_wizard/views_ui_file_managed_views_wizard.class.php','views_ui',0),('viewsUiGroupbyTestCase','class','sites/all/modules/views/tests/views_groupby.test','views',10),('ViewsUiNodeRevisionViewsWizard','class','sites/all/modules/views/plugins/views_wizard/views_ui_node_revision_views_wizard.class.php','views_ui',0),('ViewsUiNodeViewsWizard','class','sites/all/modules/views/plugins/views_wizard/views_ui_node_views_wizard.class.php','views_ui',0),('ViewsUiTaxonomyTermViewsWizard','class','sites/all/modules/views/plugins/views_wizard/views_ui_taxonomy_term_views_wizard.class.php','views_ui',0),('ViewsUiUsersViewsWizard','class','sites/all/modules/views/plugins/views_wizard/views_ui_users_views_wizard.class.php','views_ui',0),('ViewsUIWizardBasicTestCase','class','sites/all/modules/views/tests/views_ui.test','views',0),('ViewsUIWizardDefaultViewsTestCase','class','sites/all/modules/views/tests/views_ui.test','views',0),('ViewsUIWizardHelper','class','sites/all/modules/views/tests/views_ui.test','views',0),('ViewsUIWizardItemsPerPageTestCase','class','sites/all/modules/views/tests/views_ui.test','views',0),('ViewsUIWizardJumpMenuTestCase','class','sites/all/modules/views/tests/views_ui.test','views',0),('ViewsUIWizardMenuTestCase','class','sites/all/modules/views/tests/views_ui.test','views',0),('ViewsUIWizardOverrideDisplaysTestCase','class','sites/all/modules/views/tests/views_ui.test','views',0),('ViewsUIWizardSortingTestCase','class','sites/all/modules/views/tests/views_ui.test','views',0),('ViewsUIWizardTaggedWithTestCase','class','sites/all/modules/views/tests/views_ui.test','views',0),('ViewsUpgradeTestCase','class','sites/all/modules/views/tests/views_upgrade.test','views',0),('ViewsUserArgumentDefault','class','sites/all/modules/views/tests/user/views_user_argument_default.test','views',0),('ViewsUserArgumentValidate','class','sites/all/modules/views/tests/user/views_user_argument_validate.test','views',0),('ViewsUserTestCase','class','sites/all/modules/views/tests/user/views_user.test','views',0),('ViewsViewTest','class','sites/all/modules/views/tests/views_view.test','views',0),('ViewsWizardException','class','sites/all/modules/views/plugins/views_wizard/views_ui_base_views_wizard.class.php','views_ui',0),('ViewsWizardInterface','interface','sites/all/modules/views/plugins/views_wizard/views_ui_base_views_wizard.class.php','views_ui',0),('views_db_object','class','sites/all/modules/views/includes/view.inc','views',10),('views_display','class','sites/all/modules/views/includes/view.inc','views',10),('views_handler','class','sites/all/modules/views/includes/handlers.inc','views',10),('views_handler_area','class','sites/all/modules/views/handlers/views_handler_area.inc','views',10),('views_handler_area_broken','class','sites/all/modules/views/handlers/views_handler_area.inc','views',10),('views_handler_area_messages','class','sites/all/modules/views/handlers/views_handler_area_messages.inc','views',10),('views_handler_area_result','class','sites/all/modules/views/handlers/views_handler_area_result.inc','views',10),('views_handler_area_text','class','sites/all/modules/views/handlers/views_handler_area_text.inc','views',10),('views_handler_area_text_custom','class','sites/all/modules/views/handlers/views_handler_area_text_custom.inc','views',10),('views_handler_area_view','class','sites/all/modules/views/handlers/views_handler_area_view.inc','views',10),('views_handler_argument','class','sites/all/modules/views/handlers/views_handler_argument.inc','views',10),('views_handler_argument_aggregator_category_cid','class','sites/all/modules/views/modules/aggregator/views_handler_argument_aggregator_category_cid.inc','views',10),('views_handler_argument_aggregator_fid','class','sites/all/modules/views/modules/aggregator/views_handler_argument_aggregator_fid.inc','views',10),('views_handler_argument_aggregator_iid','class','sites/all/modules/views/modules/aggregator/views_handler_argument_aggregator_iid.inc','views',10),('views_handler_argument_broken','class','sites/all/modules/views/handlers/views_handler_argument.inc','views',10),('views_handler_argument_comment_user_uid','class','sites/all/modules/views/modules/comment/views_handler_argument_comment_user_uid.inc','views',10),('views_handler_argument_date','class','sites/all/modules/views/handlers/views_handler_argument_date.inc','views',10),('views_handler_argument_field_list','class','sites/all/modules/views/modules/field/views_handler_argument_field_list.inc','views',10),('views_handler_argument_field_list_string','class','sites/all/modules/views/modules/field/views_handler_argument_field_list_string.inc','views',10),('views_handler_argument_file_fid','class','sites/all/modules/views/modules/system/views_handler_argument_file_fid.inc','views',10),('views_handler_argument_file_type','class','sites/all/modules/file_entity/views/views_handler_argument_file_type.inc','file_entity',0),('views_handler_argument_formula','class','sites/all/modules/views/handlers/views_handler_argument_formula.inc','views',10),('views_handler_argument_group_by_numeric','class','sites/all/modules/views/handlers/views_handler_argument_group_by_numeric.inc','views',10),('views_handler_argument_locale_group','class','sites/all/modules/views/modules/locale/views_handler_argument_locale_group.inc','views',10),('views_handler_argument_locale_language','class','sites/all/modules/views/modules/locale/views_handler_argument_locale_language.inc','views',10),('views_handler_argument_many_to_one','class','sites/all/modules/views/handlers/views_handler_argument_many_to_one.inc','views',10),('views_handler_argument_node_created_day','class','sites/all/modules/views/modules/node/views_handler_argument_dates_various.inc','views',10),('views_handler_argument_node_created_fulldate','class','sites/all/modules/views/modules/node/views_handler_argument_dates_various.inc','views',10),('views_handler_argument_node_created_month','class','sites/all/modules/views/modules/node/views_handler_argument_dates_various.inc','views',10),('views_handler_argument_node_created_week','class','sites/all/modules/views/modules/node/views_handler_argument_dates_various.inc','views',10),('views_handler_argument_node_created_year','class','sites/all/modules/views/modules/node/views_handler_argument_dates_various.inc','views',10),('views_handler_argument_node_created_year_month','class','sites/all/modules/views/modules/node/views_handler_argument_dates_various.inc','views',10),('views_handler_argument_node_language','class','sites/all/modules/views/modules/node/views_handler_argument_node_language.inc','views',10),('views_handler_argument_node_nid','class','sites/all/modules/views/modules/node/views_handler_argument_node_nid.inc','views',10),('views_handler_argument_node_tnid','class','sites/all/modules/views/modules/translation/views_handler_argument_node_tnid.inc','views',10),('views_handler_argument_node_type','class','sites/all/modules/views/modules/node/views_handler_argument_node_type.inc','views',10),('views_handler_argument_node_uid_revision','class','sites/all/modules/views/modules/node/views_handler_argument_node_uid_revision.inc','views',10),('views_handler_argument_node_vid','class','sites/all/modules/views/modules/node/views_handler_argument_node_vid.inc','views',10),('views_handler_argument_null','class','sites/all/modules/views/handlers/views_handler_argument_null.inc','views',10),('views_handler_argument_numeric','class','sites/all/modules/views/handlers/views_handler_argument_numeric.inc','views',10),('views_handler_argument_search','class','sites/all/modules/views/modules/search/views_handler_argument_search.inc','views',10),('views_handler_argument_string','class','sites/all/modules/views/handlers/views_handler_argument_string.inc','views',10),('views_handler_argument_taxonomy','class','sites/all/modules/views/modules/taxonomy/views_handler_argument_taxonomy.inc','views',10),('views_handler_argument_term_node_tid','class','sites/all/modules/views/modules/taxonomy/views_handler_argument_term_node_tid.inc','views',10),('views_handler_argument_term_node_tid_depth','class','sites/all/modules/views/modules/taxonomy/views_handler_argument_term_node_tid_depth.inc','views',10),('views_handler_argument_term_node_tid_depth_join','class','sites/all/modules/views/modules/taxonomy/views_handler_argument_term_node_tid_depth_join.inc','views',10),('views_handler_argument_term_node_tid_depth_modifier','class','sites/all/modules/views/modules/taxonomy/views_handler_argument_term_node_tid_depth_modifier.inc','views',10),('views_handler_argument_tracker_comment_user_uid','class','sites/all/modules/views/modules/tracker/views_handler_argument_tracker_comment_user_uid.inc','views',10),('views_handler_argument_users_roles_rid','class','sites/all/modules/views/modules/user/views_handler_argument_users_roles_rid.inc','views',10),('views_handler_argument_user_uid','class','sites/all/modules/views/modules/user/views_handler_argument_user_uid.inc','views',10),('views_handler_argument_vocabulary_machine_name','class','sites/all/modules/views/modules/taxonomy/views_handler_argument_vocabulary_machine_name.inc','views',10),('views_handler_argument_vocabulary_vid','class','sites/all/modules/views/modules/taxonomy/views_handler_argument_vocabulary_vid.inc','views',10),('views_handler_field','class','sites/all/modules/views/handlers/views_handler_field.inc','views',10),('views_handler_field_accesslog_path','class','sites/all/modules/views/modules/statistics/views_handler_field_accesslog_path.inc','views',10),('views_handler_field_aggregator_category','class','sites/all/modules/views/modules/aggregator/views_handler_field_aggregator_category.inc','views',10),('views_handler_field_aggregator_title_link','class','sites/all/modules/views/modules/aggregator/views_handler_field_aggregator_title_link.inc','views',10),('views_handler_field_aggregator_xss','class','sites/all/modules/views/modules/aggregator/views_handler_field_aggregator_xss.inc','views',10),('views_handler_field_boolean','class','sites/all/modules/views/handlers/views_handler_field_boolean.inc','views',10),('views_handler_field_broken','class','sites/all/modules/views/handlers/views_handler_field.inc','views',10),('views_handler_field_comment','class','sites/all/modules/views/modules/comment/views_handler_field_comment.inc','views',10),('views_handler_field_comment_depth','class','sites/all/modules/views/modules/comment/views_handler_field_comment_depth.inc','views',10),('views_handler_field_comment_link','class','sites/all/modules/views/modules/comment/views_handler_field_comment_link.inc','views',10),('views_handler_field_comment_link_approve','class','sites/all/modules/views/modules/comment/views_handler_field_comment_link_approve.inc','views',10),('views_handler_field_comment_link_delete','class','sites/all/modules/views/modules/comment/views_handler_field_comment_link_delete.inc','views',10),('views_handler_field_comment_link_edit','class','sites/all/modules/views/modules/comment/views_handler_field_comment_link_edit.inc','views',10),('views_handler_field_comment_link_reply','class','sites/all/modules/views/modules/comment/views_handler_field_comment_link_reply.inc','views',10),('views_handler_field_comment_node_link','class','sites/all/modules/views/modules/comment/views_handler_field_comment_node_link.inc','views',10),('views_handler_field_comment_username','class','sites/all/modules/views/modules/comment/views_handler_field_comment_username.inc','views',10),('views_handler_field_contact_link','class','sites/all/modules/views/modules/contact/views_handler_field_contact_link.inc','views',10),('views_handler_field_contextual_links','class','sites/all/modules/views/handlers/views_handler_field_contextual_links.inc','views',10),('views_handler_field_counter','class','sites/all/modules/views/handlers/views_handler_field_counter.inc','views',10),('views_handler_field_ctools_dropdown','class','sites/all/modules/views/handlers/views_handler_field_ctools_dropdown.inc','views',10),('views_handler_field_custom','class','sites/all/modules/views/handlers/views_handler_field_custom.inc','views',10),('views_handler_field_date','class','sites/all/modules/views/handlers/views_handler_field_date.inc','views',10),('views_handler_field_entity','class','sites/all/modules/views/handlers/views_handler_field_entity.inc','views',10),('views_handler_field_field','class','sites/all/modules/views/modules/field/views_handler_field_field.inc','views',10),('views_handler_field_file','class','sites/all/modules/views/modules/system/views_handler_field_file.inc','views',10),('views_handler_field_file_extension','class','sites/all/modules/views/modules/system/views_handler_field_file_extension.inc','views',10),('views_handler_field_file_filemime','class','sites/all/modules/views/modules/system/views_handler_field_file_filemime.inc','views',10),('views_handler_field_file_filename','class','sites/all/modules/file_entity/views/views_handler_field_file_filename.inc','file_entity',0),('views_handler_field_file_link','class','sites/all/modules/file_entity/views/views_handler_field_file_link.inc','file_entity',0),('views_handler_field_file_link_delete','class','sites/all/modules/file_entity/views/views_handler_field_file_link_delete.inc','file_entity',0),('views_handler_field_file_link_download','class','sites/all/modules/file_entity/views/views_handler_field_file_link_download.inc','file_entity',0),('views_handler_field_file_link_edit','class','sites/all/modules/file_entity/views/views_handler_field_file_link_edit.inc','file_entity',0),('views_handler_field_file_link_usage','class','sites/all/modules/file_entity/views/views_handler_field_file_link_usage.inc','file_entity',0),('views_handler_field_file_rendered','class','sites/all/modules/file_entity/views/views_handler_field_file_rendered.inc','file_entity',0),('views_handler_field_file_size','class','sites/all/modules/views/handlers/views_handler_field.inc','views',10),('views_handler_field_file_status','class','sites/all/modules/views/modules/system/views_handler_field_file_status.inc','views',10),('views_handler_field_file_type','class','sites/all/modules/file_entity/views/views_handler_field_file_type.inc','file_entity',0),('views_handler_field_file_uri','class','sites/all/modules/views/modules/system/views_handler_field_file_uri.inc','views',10),('views_handler_field_filter_format_name','class','sites/all/modules/views/modules/filter/views_handler_field_filter_format_name.inc','views',10),('views_handler_field_history_user_timestamp','class','sites/all/modules/views/modules/node/views_handler_field_history_user_timestamp.inc','views',10),('views_handler_field_last_comment_timestamp','class','sites/all/modules/views/modules/comment/views_handler_field_last_comment_timestamp.inc','views',10),('views_handler_field_links','class','sites/all/modules/views/handlers/views_handler_field_links.inc','views',10),('views_handler_field_locale_group','class','sites/all/modules/views/modules/locale/views_handler_field_locale_group.inc','views',10),('views_handler_field_locale_language','class','sites/all/modules/views/modules/locale/views_handler_field_locale_language.inc','views',10),('views_handler_field_locale_link_edit','class','sites/all/modules/views/modules/locale/views_handler_field_locale_link_edit.inc','views',10),('views_handler_field_machine_name','class','sites/all/modules/views/handlers/views_handler_field_machine_name.inc','views',10),('views_handler_field_markup','class','sites/all/modules/views/handlers/views_handler_field_markup.inc','views',10),('views_handler_field_math','class','sites/all/modules/views/handlers/views_handler_field_math.inc','views',10),('views_handler_field_ncs_last_comment_name','class','sites/all/modules/views/modules/comment/views_handler_field_ncs_last_comment_name.inc','views',10),('views_handler_field_ncs_last_updated','class','sites/all/modules/views/modules/comment/views_handler_field_ncs_last_updated.inc','views',10),('views_handler_field_node','class','sites/all/modules/views/modules/node/views_handler_field_node.inc','views',10),('views_handler_field_node_comment','class','sites/all/modules/views/modules/comment/views_handler_field_node_comment.inc','views',10),('views_handler_field_node_counter_timestamp','class','sites/all/modules/views/modules/statistics/views_handler_field_node_counter_timestamp.inc','views',10),('views_handler_field_node_language','class','sites/all/modules/views/modules/locale/views_handler_field_node_language.inc','views',10),('views_handler_field_node_link','class','sites/all/modules/views/modules/node/views_handler_field_node_link.inc','views',10),('views_handler_field_node_link_delete','class','sites/all/modules/views/modules/node/views_handler_field_node_link_delete.inc','views',10),('views_handler_field_node_link_edit','class','sites/all/modules/views/modules/node/views_handler_field_node_link_edit.inc','views',10),('views_handler_field_node_link_translate','class','sites/all/modules/views/modules/translation/views_handler_field_node_link_translate.inc','views',10),('views_handler_field_node_new_comments','class','sites/all/modules/views/modules/comment/views_handler_field_node_new_comments.inc','views',10),('views_handler_field_node_path','class','sites/all/modules/views/modules/node/views_handler_field_node_path.inc','views',10),('views_handler_field_node_revision','class','sites/all/modules/views/modules/node/views_handler_field_node_revision.inc','views',10),('views_handler_field_node_revision_link','class','sites/all/modules/views/modules/node/views_handler_field_node_revision_link.inc','views',10),('views_handler_field_node_revision_link_delete','class','sites/all/modules/views/modules/node/views_handler_field_node_revision_link_delete.inc','views',10),('views_handler_field_node_revision_link_revert','class','sites/all/modules/views/modules/node/views_handler_field_node_revision_link_revert.inc','views',10),('views_handler_field_node_translation_link','class','sites/all/modules/views/modules/translation/views_handler_field_node_translation_link.inc','views',10),('views_handler_field_node_type','class','sites/all/modules/views/modules/node/views_handler_field_node_type.inc','views',10),('views_handler_field_node_version_count','class','sites/all/modules/views/modules/node/views_handler_field_node_version_count.inc','views',10),('views_handler_field_numeric','class','sites/all/modules/views/handlers/views_handler_field_numeric.inc','views',10),('views_handler_field_prerender_list','class','sites/all/modules/views/handlers/views_handler_field_prerender_list.inc','views',10),('views_handler_field_profile_date','class','sites/all/modules/views/modules/profile/views_handler_field_profile_date.inc','views',10),('views_handler_field_profile_list','class','sites/all/modules/views/modules/profile/views_handler_field_profile_list.inc','views',10),('views_handler_field_search_score','class','sites/all/modules/views/modules/search/views_handler_field_search_score.inc','views',10),('views_handler_field_serialized','class','sites/all/modules/views/handlers/views_handler_field_serialized.inc','views',10),('views_handler_field_statistics_numeric','class','sites/all/modules/views/modules/statistics/views_handler_field_statistics_numeric.inc','views',10),('views_handler_field_taxonomy','class','sites/all/modules/views/modules/taxonomy/views_handler_field_taxonomy.inc','views',10),('views_handler_field_term_link_edit','class','sites/all/modules/views/modules/taxonomy/views_handler_field_term_link_edit.inc','views',10),('views_handler_field_term_node_tid','class','sites/all/modules/views/modules/taxonomy/views_handler_field_term_node_tid.inc','views',10),('views_handler_field_time_interval','class','sites/all/modules/views/handlers/views_handler_field_time_interval.inc','views',10),('views_handler_field_url','class','sites/all/modules/views/handlers/views_handler_field_url.inc','views',10),('views_handler_field_user','class','sites/all/modules/views/modules/user/views_handler_field_user.inc','views',10),('views_handler_field_user_language','class','sites/all/modules/views/modules/user/views_handler_field_user_language.inc','views',10),('views_handler_field_user_link','class','sites/all/modules/views/modules/user/views_handler_field_user_link.inc','views',10),('views_handler_field_user_link_cancel','class','sites/all/modules/views/modules/user/views_handler_field_user_link_cancel.inc','views',10),('views_handler_field_user_link_edit','class','sites/all/modules/views/modules/user/views_handler_field_user_link_edit.inc','views',10),('views_handler_field_user_mail','class','sites/all/modules/views/modules/user/views_handler_field_user_mail.inc','views',10),('views_handler_field_user_name','class','sites/all/modules/views/modules/user/views_handler_field_user_name.inc','views',10),('views_handler_field_user_permissions','class','sites/all/modules/views/modules/user/views_handler_field_user_permissions.inc','views',10),('views_handler_field_user_picture','class','sites/all/modules/views/modules/user/views_handler_field_user_picture.inc','views',10),('views_handler_field_user_roles','class','sites/all/modules/views/modules/user/views_handler_field_user_roles.inc','views',10),('views_handler_field_xss','class','sites/all/modules/views/handlers/views_handler_field.inc','views',10),('views_handler_filter','class','sites/all/modules/views/handlers/views_handler_filter.inc','views',10),('views_handler_filter_aggregator_category_cid','class','sites/all/modules/views/modules/aggregator/views_handler_filter_aggregator_category_cid.inc','views',10),('views_handler_filter_boolean_operator','class','sites/all/modules/views/handlers/views_handler_filter_boolean_operator.inc','views',10),('views_handler_filter_boolean_operator_string','class','sites/all/modules/views/handlers/views_handler_filter_boolean_operator_string.inc','views',10),('views_handler_filter_broken','class','sites/all/modules/views/handlers/views_handler_filter.inc','views',10),('views_handler_filter_combine','class','sites/all/modules/views/handlers/views_handler_filter_combine.inc','views',10),('views_handler_filter_comment_user_uid','class','sites/all/modules/views/modules/comment/views_handler_filter_comment_user_uid.inc','views',10),('views_handler_filter_date','class','sites/all/modules/views/handlers/views_handler_filter_date.inc','views',10),('views_handler_filter_entity_bundle','class','sites/all/modules/views/handlers/views_handler_filter_entity_bundle.inc','views',10),('views_handler_filter_equality','class','sites/all/modules/views/handlers/views_handler_filter_equality.inc','views',10),('views_handler_filter_fields_compare','class','sites/all/modules/views/handlers/views_handler_filter_fields_compare.inc','views',10),('views_handler_filter_field_list','class','sites/all/modules/views/modules/field/views_handler_filter_field_list.inc','views',10),('views_handler_filter_field_list_boolean','class','sites/all/modules/views/modules/field/views_handler_filter_field_list_boolean.inc','views',10),('views_handler_filter_file_status','class','sites/all/modules/views/modules/system/views_handler_filter_file_status.inc','views',10),('views_handler_filter_file_type','class','sites/all/modules/file_entity/views/views_handler_filter_file_type.inc','file_entity',0),('views_handler_filter_group_by_numeric','class','sites/all/modules/views/handlers/views_handler_filter_group_by_numeric.inc','views',10),('views_handler_filter_history_user_timestamp','class','sites/all/modules/views/modules/node/views_handler_filter_history_user_timestamp.inc','views',10),('views_handler_filter_in_operator','class','sites/all/modules/views/handlers/views_handler_filter_in_operator.inc','views',10),('views_handler_filter_locale_group','class','sites/all/modules/views/modules/locale/views_handler_filter_locale_group.inc','views',10),('views_handler_filter_locale_language','class','sites/all/modules/views/modules/locale/views_handler_filter_locale_language.inc','views',10),('views_handler_filter_locale_version','class','sites/all/modules/views/modules/locale/views_handler_filter_locale_version.inc','views',10),('views_handler_filter_many_to_one','class','sites/all/modules/views/handlers/views_handler_filter_many_to_one.inc','views',10),('views_handler_filter_ncs_last_updated','class','sites/all/modules/views/modules/comment/views_handler_filter_ncs_last_updated.inc','views',10),('views_handler_filter_node_access','class','sites/all/modules/views/modules/node/views_handler_filter_node_access.inc','views',10),('views_handler_filter_node_comment','class','sites/all/modules/views/modules/comment/views_handler_filter_node_comment.inc','views',10),('views_handler_filter_node_language','class','sites/all/modules/views/modules/locale/views_handler_filter_node_language.inc','views',10),('views_handler_filter_node_status','class','sites/all/modules/views/modules/node/views_handler_filter_node_status.inc','views',10),('views_handler_filter_node_tnid','class','sites/all/modules/views/modules/translation/views_handler_filter_node_tnid.inc','views',10),('views_handler_filter_node_tnid_child','class','sites/all/modules/views/modules/translation/views_handler_filter_node_tnid_child.inc','views',10),('views_handler_filter_node_type','class','sites/all/modules/views/modules/node/views_handler_filter_node_type.inc','views',10),('views_handler_filter_node_uid_revision','class','sites/all/modules/views/modules/node/views_handler_filter_node_uid_revision.inc','views',10),('views_handler_filter_node_version_count','class','sites/all/modules/views/modules/node/views_handler_filter_node_version_count.inc','views',10),('views_handler_filter_numeric','class','sites/all/modules/views/handlers/views_handler_filter_numeric.inc','views',10),('views_handler_filter_profile_selection','class','sites/all/modules/views/modules/profile/views_handler_filter_profile_selection.inc','views',10),('views_handler_filter_schema_type','class','sites/all/modules/file_entity/views/views_handler_filter_schema_type.inc','file_entity',0),('views_handler_filter_search','class','sites/all/modules/views/modules/search/views_handler_filter_search.inc','views',10),('views_handler_filter_string','class','sites/all/modules/views/handlers/views_handler_filter_string.inc','views',10),('views_handler_filter_system_type','class','sites/all/modules/views/modules/system/views_handler_filter_system_type.inc','views',10),('views_handler_filter_term_node_tid','class','sites/all/modules/views/modules/taxonomy/views_handler_filter_term_node_tid.inc','views',10),('views_handler_filter_term_node_tid_depth','class','sites/all/modules/views/modules/taxonomy/views_handler_filter_term_node_tid_depth.inc','views',10),('views_handler_filter_term_node_tid_depth_join','class','sites/all/modules/views/modules/taxonomy/views_handler_filter_term_node_tid_depth_join.inc','views',10),('views_handler_filter_tracker_boolean_operator','class','sites/all/modules/views/modules/tracker/views_handler_filter_tracker_boolean_operator.inc','views',10),('views_handler_filter_tracker_comment_user_uid','class','sites/all/modules/views/modules/tracker/views_handler_filter_tracker_comment_user_uid.inc','views',10),('views_handler_filter_user_current','class','sites/all/modules/views/modules/user/views_handler_filter_user_current.inc','views',10),('views_handler_filter_user_name','class','sites/all/modules/views/modules/user/views_handler_filter_user_name.inc','views',10),('views_handler_filter_user_permissions','class','sites/all/modules/views/modules/user/views_handler_filter_user_permissions.inc','views',10),('views_handler_filter_user_roles','class','sites/all/modules/views/modules/user/views_handler_filter_user_roles.inc','views',10),('views_handler_filter_vocabulary_machine_name','class','sites/all/modules/views/modules/taxonomy/views_handler_filter_vocabulary_machine_name.inc','views',10),('views_handler_filter_vocabulary_vid','class','sites/all/modules/views/modules/taxonomy/views_handler_filter_vocabulary_vid.inc','views',10),('views_handler_relationship','class','sites/all/modules/views/handlers/views_handler_relationship.inc','views',10),('views_handler_relationship_broken','class','sites/all/modules/views/handlers/views_handler_relationship.inc','views',10),('views_handler_relationship_entity_reverse','class','sites/all/modules/views/modules/field/views_handler_relationship_entity_reverse.inc','views',10),('views_handler_relationship_groupwise_max','class','sites/all/modules/views/handlers/views_handler_relationship_groupwise_max.inc','views',10),('views_handler_relationship_node_term_data','class','sites/all/modules/views/modules/taxonomy/views_handler_relationship_node_term_data.inc','views',10),('views_handler_relationship_translation','class','sites/all/modules/views/modules/translation/views_handler_relationship_translation.inc','views',10),('views_handler_sort','class','sites/all/modules/views/handlers/views_handler_sort.inc','views',10),('views_handler_sort_broken','class','sites/all/modules/views/handlers/views_handler_sort.inc','views',10),('views_handler_sort_comment_thread','class','sites/all/modules/views/modules/comment/views_handler_sort_comment_thread.inc','views',10),('views_handler_sort_date','class','sites/all/modules/views/handlers/views_handler_sort_date.inc','views',10),('views_handler_sort_group_by_numeric','class','sites/all/modules/views/handlers/views_handler_sort_group_by_numeric.inc','views',10),('views_handler_sort_menu_hierarchy','class','sites/all/modules/views/handlers/views_handler_sort_menu_hierarchy.inc','views',10),('views_handler_sort_ncs_last_comment_name','class','sites/all/modules/views/modules/comment/views_handler_sort_ncs_last_comment_name.inc','views',10),('views_handler_sort_ncs_last_updated','class','sites/all/modules/views/modules/comment/views_handler_sort_ncs_last_updated.inc','views',10),('views_handler_sort_node_language','class','sites/all/modules/views/modules/locale/views_handler_sort_node_language.inc','views',10),('views_handler_sort_node_version_count','class','sites/all/modules/views/modules/node/views_handler_sort_node_version_count.inc','views',10),('views_handler_sort_random','class','sites/all/modules/views/handlers/views_handler_sort_random.inc','views',10),('views_handler_sort_search_score','class','sites/all/modules/views/modules/search/views_handler_sort_search_score.inc','views',10),('views_join','class','sites/all/modules/views/includes/handlers.inc','views',10),('views_join_subquery','class','sites/all/modules/views/includes/handlers.inc','views',10),('views_many_to_one_helper','class','sites/all/modules/views/includes/handlers.inc','views',10),('views_object','class','sites/all/modules/views/includes/base.inc','views',10),('views_plugin','class','sites/all/modules/views/includes/plugins.inc','views',10),('views_plugin_access','class','sites/all/modules/views/plugins/views_plugin_access.inc','views',10),('views_plugin_access_none','class','sites/all/modules/views/plugins/views_plugin_access_none.inc','views',10),('views_plugin_access_perm','class','sites/all/modules/views/plugins/views_plugin_access_perm.inc','views',10),('views_plugin_access_role','class','sites/all/modules/views/plugins/views_plugin_access_role.inc','views',10),('views_plugin_argument_default','class','sites/all/modules/views/plugins/views_plugin_argument_default.inc','views',10),('views_plugin_argument_default_book_root','class','sites/all/modules/views/modules/book/views_plugin_argument_default_book_root.inc','views',10),('views_plugin_argument_default_current_user','class','sites/all/modules/views/modules/user/views_plugin_argument_default_current_user.inc','views',10),('views_plugin_argument_default_fixed','class','sites/all/modules/views/plugins/views_plugin_argument_default_fixed.inc','views',10),('views_plugin_argument_default_node','class','sites/all/modules/views/modules/node/views_plugin_argument_default_node.inc','views',10),('views_plugin_argument_default_php','class','sites/all/modules/views/plugins/views_plugin_argument_default_php.inc','views',10),('views_plugin_argument_default_raw','class','sites/all/modules/views/plugins/views_plugin_argument_default_raw.inc','views',10),('views_plugin_argument_default_taxonomy_tid','class','sites/all/modules/views/modules/taxonomy/views_plugin_argument_default_taxonomy_tid.inc','views',10),('views_plugin_argument_default_user','class','sites/all/modules/views/modules/user/views_plugin_argument_default_user.inc','views',10),('views_plugin_argument_validate','class','sites/all/modules/views/plugins/views_plugin_argument_validate.inc','views',10),('views_plugin_argument_validate_node','class','sites/all/modules/views/modules/node/views_plugin_argument_validate_node.inc','views',10),('views_plugin_argument_validate_numeric','class','sites/all/modules/views/plugins/views_plugin_argument_validate_numeric.inc','views',10),('views_plugin_argument_validate_php','class','sites/all/modules/views/plugins/views_plugin_argument_validate_php.inc','views',10),('views_plugin_argument_validate_taxonomy_term','class','sites/all/modules/views/modules/taxonomy/views_plugin_argument_validate_taxonomy_term.inc','views',10),('views_plugin_argument_validate_user','class','sites/all/modules/views/modules/user/views_plugin_argument_validate_user.inc','views',10),('views_plugin_cache','class','sites/all/modules/views/plugins/views_plugin_cache.inc','views',10),('views_plugin_cache_none','class','sites/all/modules/views/plugins/views_plugin_cache_none.inc','views',10),('views_plugin_cache_time','class','sites/all/modules/views/plugins/views_plugin_cache_time.inc','views',10),('views_plugin_display','class','sites/all/modules/views/plugins/views_plugin_display.inc','views',10),('views_plugin_display_attachment','class','sites/all/modules/views/plugins/views_plugin_display_attachment.inc','views',10),('views_plugin_display_block','class','sites/all/modules/views/plugins/views_plugin_display_block.inc','views',10),('views_plugin_display_default','class','sites/all/modules/views/plugins/views_plugin_display_default.inc','views',10),('views_plugin_display_embed','class','sites/all/modules/views/plugins/views_plugin_display_embed.inc','views',10),('views_plugin_display_extender','class','sites/all/modules/views/plugins/views_plugin_display_extender.inc','views',10),('views_plugin_display_feed','class','sites/all/modules/views/plugins/views_plugin_display_feed.inc','views',10),('views_plugin_display_page','class','sites/all/modules/views/plugins/views_plugin_display_page.inc','views',10),('views_plugin_exposed_form','class','sites/all/modules/views/plugins/views_plugin_exposed_form.inc','views',10),('views_plugin_exposed_form_basic','class','sites/all/modules/views/plugins/views_plugin_exposed_form_basic.inc','views',10),('views_plugin_exposed_form_input_required','class','sites/all/modules/views/plugins/views_plugin_exposed_form_input_required.inc','views',10),('views_plugin_localization','class','sites/all/modules/views/plugins/views_plugin_localization.inc','views',10),('views_plugin_localization_core','class','sites/all/modules/views/plugins/views_plugin_localization_core.inc','views',10),('views_plugin_localization_none','class','sites/all/modules/views/plugins/views_plugin_localization_none.inc','views',10),('views_plugin_localization_test','class','sites/all/modules/views/tests/views_plugin_localization_test.inc','views',10),('views_plugin_pager','class','sites/all/modules/views/plugins/views_plugin_pager.inc','views',10),('views_plugin_pager_full','class','sites/all/modules/views/plugins/views_plugin_pager_full.inc','views',10),('views_plugin_pager_mini','class','sites/all/modules/views/plugins/views_plugin_pager_mini.inc','views',10),('views_plugin_pager_none','class','sites/all/modules/views/plugins/views_plugin_pager_none.inc','views',10),('views_plugin_pager_some','class','sites/all/modules/views/plugins/views_plugin_pager_some.inc','views',10),('views_plugin_query','class','sites/all/modules/views/plugins/views_plugin_query.inc','views',10),('views_plugin_query_default','class','sites/all/modules/views/plugins/views_plugin_query_default.inc','views',10),('views_plugin_row','class','sites/all/modules/views/plugins/views_plugin_row.inc','views',10),('views_plugin_row_aggregator_rss','class','sites/all/modules/views/modules/aggregator/views_plugin_row_aggregator_rss.inc','views',10),('views_plugin_row_comment_rss','class','sites/all/modules/views/modules/comment/views_plugin_row_comment_rss.inc','views',10),('views_plugin_row_comment_view','class','sites/all/modules/views/modules/comment/views_plugin_row_comment_view.inc','views',10),('views_plugin_row_fields','class','sites/all/modules/views/plugins/views_plugin_row_fields.inc','views',10),('views_plugin_row_file_rss','class','sites/all/modules/file_entity/views/views_plugin_row_file_rss.inc','file_entity',0),('views_plugin_row_file_view','class','sites/all/modules/file_entity/views/views_plugin_row_file_view.inc','file_entity',0),('views_plugin_row_node_rss','class','sites/all/modules/views/modules/node/views_plugin_row_node_rss.inc','views',10),('views_plugin_row_node_view','class','sites/all/modules/views/modules/node/views_plugin_row_node_view.inc','views',10),('views_plugin_row_rss_fields','class','sites/all/modules/views/plugins/views_plugin_row_rss_fields.inc','views',10),('views_plugin_row_search_view','class','sites/all/modules/views/modules/search/views_plugin_row_search_view.inc','views',10),('views_plugin_row_user_view','class','sites/all/modules/views/modules/user/views_plugin_row_user_view.inc','views',10),('views_plugin_style','class','sites/all/modules/views/plugins/views_plugin_style.inc','views',10),('views_plugin_style_default','class','sites/all/modules/views/plugins/views_plugin_style_default.inc','views',10),('views_plugin_style_grid','class','sites/all/modules/views/plugins/views_plugin_style_grid.inc','views',10),('views_plugin_style_jump_menu','class','sites/all/modules/views/plugins/views_plugin_style_jump_menu.inc','views',10),('views_plugin_style_list','class','sites/all/modules/views/plugins/views_plugin_style_list.inc','views',10),('views_plugin_style_mapping','class','sites/all/modules/views/plugins/views_plugin_style_mapping.inc','views',10),('views_plugin_style_rss','class','sites/all/modules/views/plugins/views_plugin_style_rss.inc','views',10),('views_plugin_style_summary','class','sites/all/modules/views/plugins/views_plugin_style_summary.inc','views',10),('views_plugin_style_summary_jump_menu','class','sites/all/modules/views/plugins/views_plugin_style_summary_jump_menu.inc','views',10),('views_plugin_style_summary_unformatted','class','sites/all/modules/views/plugins/views_plugin_style_summary_unformatted.inc','views',10),('views_plugin_style_table','class','sites/all/modules/views/plugins/views_plugin_style_table.inc','views',10),('views_test_area_access','class','sites/all/modules/views/tests/test_handlers/views_test_area_access.inc','views',10),('views_test_plugin_access_test_dynamic','class','sites/all/modules/views/tests/test_plugins/views_test_plugin_access_test_dynamic.inc','views',10),('views_test_plugin_access_test_static','class','sites/all/modules/views/tests/test_plugins/views_test_plugin_access_test_static.inc','views',10),('views_test_plugin_style_test_mapping','class','sites/all/modules/views/tests/test_plugins/views_test_plugin_style_test_mapping.inc','views',10),('views_ui','class','sites/all/modules/views/plugins/export_ui/views_ui.class.php','views_ui',0),('WebformComponentsTestCase','class','sites/all/modules/webform/tests/WebformComponentsTestCase.test','webform',-1),('WebformConditionals','class','sites/all/modules/webform/includes/webform.webformconditionals.inc','webform',-1),('WebformConditionalsTestCase','class','sites/all/modules/webform/tests/WebformConditionalsTestCase.test','webform',-1),('WebformGeneralTestCase','class','sites/all/modules/webform/tests/WebformGeneralTestCase.test','webform',-1),('WebformPermissionsTestCase','class','sites/all/modules/webform/tests/WebformPermissionsTestCase.test','webform',-1),('WebformSubmissionTestCase','class','sites/all/modules/webform/tests/WebformSubmissionTestCase.test','webform',-1),('WebformTestCase','class','sites/all/modules/webform/tests/WebformTestCase.test','webform',-1),('webform_exporter','class','sites/all/modules/webform/includes/exporters/webform_exporter.inc','webform',-1),('webform_exporter_delimited','class','sites/all/modules/webform/includes/exporters/webform_exporter_delimited.inc','webform',-1),('webform_exporter_excel_delimited','class','sites/all/modules/webform/includes/exporters/webform_exporter_excel_delimited.inc','webform',-1),('webform_exporter_excel_xlsx','class','sites/all/modules/webform/includes/exporters/webform_exporter_excel_xlsx.inc','webform',-1),('webform_handler_area_result_pager','class','sites/all/modules/webform/views/webform_handler_area_result_pager.inc','webform',-1),('webform_handler_field_form_body','class','sites/all/modules/webform/views/webform_handler_field_form_body.inc','webform',-1),('webform_handler_field_is_draft','class','sites/all/modules/webform/views/webform_handler_field_is_draft.inc','webform',-1),('webform_handler_field_node_link_edit','class','sites/all/modules/webform/views/webform_handler_field_node_link_edit.inc','webform',-1),('webform_handler_field_node_link_results','class','sites/all/modules/webform/views/webform_handler_field_node_link_results.inc','webform',-1),('webform_handler_field_numeric_data','class','sites/all/modules/webform/views/webform_handler_numeric_data.inc','webform',-1),('webform_handler_field_submission_count','class','sites/all/modules/webform/views/webform_handler_field_submission_count.inc','webform',-1),('webform_handler_field_submission_data','class','sites/all/modules/webform/views/webform_handler_field_submission_data.inc','webform',-1),('webform_handler_field_submission_link','class','sites/all/modules/webform/views/webform_handler_field_submission_link.inc','webform',-1),('webform_handler_field_webform_status','class','sites/all/modules/webform/views/webform_handler_field_webform_status.inc','webform',-1),('webform_handler_filter_is_draft','class','sites/all/modules/webform/views/webform_handler_filter_is_draft.inc','webform',-1),('webform_handler_filter_numeric_data','class','sites/all/modules/webform/views/webform_handler_numeric_data.inc','webform',-1),('webform_handler_filter_submission_data','class','sites/all/modules/webform/views/webform_handler_filter_submission_data.inc','webform',-1),('webform_handler_filter_webform_status','class','sites/all/modules/webform/views/webform_handler_filter_webform_status.inc','webform',-1),('webform_handler_relationship_submission_data','class','sites/all/modules/webform/views/webform_handler_relationship_submission_data.inc','webform',-1),('webform_handler_sort_numeric_data','class','sites/all/modules/webform/views/webform_handler_numeric_data.inc','webform',-1),('webform_views_plugin_row_submission_view','class','sites/all/modules/webform/views/webform_plugin_row_submission_view.inc','webform',-1),('XMLSitemapCustomFunctionalTest','class','sites/all/modules/xmlsitemap/xmlsitemap_custom/xmlsitemap_custom.test','xmlsitemap_custom',0),('XMLSitemapEnginesFunctionalTest','class','sites/all/modules/xmlsitemap/xmlsitemap_engines/tests/xmlsitemap_engines.test','xmlsitemap_engines',0),('XMLSitemapException','class','sites/all/modules/xmlsitemap/xmlsitemap.xmlsitemap.inc','xmlsitemap',1),('XMLSitemapFunctionalTest','class','sites/all/modules/xmlsitemap/xmlsitemap.test','xmlsitemap',0),('XMLSitemapGenerationException','class','sites/all/modules/xmlsitemap/xmlsitemap.xmlsitemap.inc','xmlsitemap',1),('XMLSitemapIndexWriter','class','sites/all/modules/xmlsitemap/xmlsitemap.xmlsitemap.inc','xmlsitemap',1),('XMLSitemapMenuFunctionalTest','class','sites/all/modules/xmlsitemap/xmlsitemap_menu/xmlsitemap_menu.test','xmlsitemap_menu',0),('XMLSitemapNodeFunctionalTest','class','sites/all/modules/xmlsitemap/xmlsitemap_node/xmlsitemap_node.test','xmlsitemap_node',0),('XMLSitemapRobotsTxtIntegrationTest','class','sites/all/modules/xmlsitemap/xmlsitemap.test','xmlsitemap',0),('XMLSitemapTaxonomyFunctionalTest','class','sites/all/modules/xmlsitemap/xmlsitemap_taxonomy/xmlsitemap_taxonomy.test','xmlsitemap_taxonomy',0),('XMLSitemapTestHelper','class','sites/all/modules/xmlsitemap/xmlsitemap.test','xmlsitemap',0),('XMLSitemapUnitTest','class','sites/all/modules/xmlsitemap/xmlsitemap.test','xmlsitemap',0),('XMLSitemapWriter','class','sites/all/modules/xmlsitemap/xmlsitemap.xmlsitemap.inc','xmlsitemap',1);

--
-- Table structure for table `registry_file`
--

CREATE TABLE `registry_file` (
  `filename` varchar(255) NOT NULL COMMENT 'Path to the file.',
  `hash` varchar(64) NOT NULL COMMENT 'sha-256 hash of the file’s contents when last parsed.',
  PRIMARY KEY (`filename`)
) ENGINE=MyISAM DEFAULT CHARSET=utf8 COMMENT='Files parsed to build the registry.';

--
-- Dumping data for table `registry_file`
--

INSERT INTO `registry_file` VALUES ('includes/actions.inc','f36b066681463c7dfe189e0430cb1a89bf66f7e228cbb53cdfcd93987193f759'),('includes/ajax.inc','3d1c0d2efcdab327224122df1156a665f9bbf60873907dde2f189b018d4e9be3'),('includes/archiver.inc','bdbb21b712a62f6b913590b609fd17cd9f3c3b77c0d21f68e71a78427ed2e3e9'),('includes/authorize.inc','6d64d8c21aa01eb12fc29918732e4df6b871ed06e5d41373cb95c197ed661d13'),('includes/batch.inc','1fe00f9a25481cd43e19fbd6bd37b7ff9dca79f8405ec3e55ffb011be12ec2c3'),('includes/batch.queue.inc','554b2e92e1dad0f7fd5a19cb8dff7e109f10fbe2441a5692d076338ec908de0f'),('includes/bootstrap.inc','713e50e2578c6ca91ae6e431fe545cd9bde0c25e3e9bf4c979c5881c424b1fda'),('includes/cache-install.inc','e7ed123c5805703c84ad2cce9c1ca46b3ce8caeeea0d8ef39a3024a4ab95fa0e'),('includes/cache.inc','033c9bf2555dba29382b077f78cc00c82fd7f42a959ba31b710adddf6fdf24fe'),('includes/common.inc','8c58d9dfd7fe677917102fbb938b59044469d8a2455b0e62ee14bd72fdb3f20e'),('includes/database/database.inc','2ef46543fb9cf61ed9fa9aed4e44dd31630c22604ea6b8e48b57ebd7ad11a111'),('includes/database/log.inc','9feb5a17ae2fabcf26a96d2a634ba73da501f7bcfc3599a693d916a6971d00d1'),('includes/database/mysql/database.inc','32a577354dba6030043500873f8a2a7359c80c179a213284b026c1a9b0452b70'),('includes/database/mysql/install.inc','6ae316941f771732fbbabed7e1d6b4cbb41b1f429dd097d04b3345aa15e461a0'),('includes/database/mysql/query.inc','0212a871646c223bf77aa26b945c77a8974855373967b5fb9fdc09f8a1de88a6'),('includes/database/mysql/schema.inc','2ef729f8d6466d5cd87ba233152d88590bce629d8366040b2509b4e24258d780'),('includes/database/pgsql/database.inc','8bb1a65c8dcc9ab145a68c69677ee6bf897b8d176344b500c6c8e07f6a81033f'),('includes/database/pgsql/install.inc','585b80c5bbd6f134bff60d06397f15154657a577d4da8d1b181858905f09dea5'),('includes/database/pgsql/query.inc','0df57377686c921e722a10b49d5e433b131176c8059a4ace4680964206fc14b4'),('includes/database/pgsql/schema.inc','1588daadfa53506aa1f5d94572162a45a46dc3ceabdd0e2f224532ded6508403'),('includes/database/pgsql/select.inc','fd4bba7887c1dc6abc8f080fc3a76c01d92ea085434e355dc1ecb50d8743c22d'),('includes/database/prefetch.inc','b5b207a66a69ecb52ee4f4459af16a7b5eabedc87254245f37cc33bebb61c0fb'),('includes/database/query.inc','4016a397f10f071cac338fd0a9b004296106e42ab2b9db8c7ff0db341658e88f'),('includes/database/schema.inc','9fecfd13fc1d4056a62d385840dccd052ea0e184dc47101f4bd8f57f10b68174'),('includes/database/select.inc','02a2d4345287df62b163ca2524e99b7370c9ec167bc937245328683d4e3e3d56'),('includes/database/sqlite/database.inc','62f6669c4610557c4b34ada9f0a0f61d6cb7b377e0a9032d2efca7b5f39b0965'),('includes/database/sqlite/install.inc','6620f354aa175a116ba3a0562c980d86cc3b8b481042fc3cc5ed6a4d1a7a6d74'),('includes/database/sqlite/query.inc','f33ab1b6350736a231a4f3f93012d3aac4431ac4e5510fb3a015a5aa6cab8303'),('includes/database/sqlite/schema.inc','cd829700205a8574f8b9d88cd1eaf909519c64754c6f84d6c62b5d21f5886f8d'),('includes/database/sqlite/select.inc','8d1c426dbd337733c206cce9f59a172546c6ed856d8ef3f1c7bef05a16f7bf68'),('includes/date.inc','1de2c25e3b67a9919fc6c8061594442b6fb2cdd3a48ddf1591ee3aa98484b737'),('includes/entity.inc','f06b508f93e72ba70f979d8391be57662c018a03a32fac0a6d3baa752740133d'),('includes/errors.inc','2ced35723e95483694205a55c8ee29498cc8ae162e0c345288ea174c9dcf1ff7'),('includes/file.inc','b5374e98eb062566e8993da228692c77c3ddb4350714b542282846f33608bac3'),('includes/file.mimetypes.inc','33266e837f4ce076378e7e8cef6c5af46446226ca4259f83e13f605856a7f147'),('includes/filetransfer/filetransfer.inc','fdea8ae48345ec91885ac48a9bc53daf87616271472bb7c29b7e3ce219b22034'),('includes/filetransfer/ftp.inc','51eb119b8e1221d598ffa6cc46c8a322aa77b49a3d8879f7fb38b7221cf7e06d'),('includes/filetransfer/local.inc','7cbfdb46abbdf539640db27e66fb30e5265128f31002bd0dfc3af16ae01a9492'),('includes/filetransfer/ssh.inc','92f1232158cb32ab04cbc93ae38ad3af04796e18f66910a9bc5ca8e437f06891'),('includes/form.inc','a0e219d53d641f08d6f1d609e53f06f3f8b1c591d20113d0992557c815b44a72'),('includes/graph.inc','8e0e313a8bb33488f371df11fc1b58d7cf80099b886cd1003871e2c896d1b536'),('includes/image.inc','bcdc7e1599c02227502b9d0fe36eeb2b529b130a392bc709eb737647bd361826'),('includes/install.core.inc','189653e4bb7d4828bd6e1b61015fabcc7182e23d9dd8858170f98114d99400c8'),('includes/install.inc','fbb23627b06abb070b4531da786c1e06bf1dbd6f923bb2b404f4808c2340b0f9'),('includes/iso.inc','0ce4c225edcfa9f037703bc7dd09d4e268a69bcc90e55da0a3f04c502bd2f349'),('includes/json-encode.inc','02a822a652d00151f79db9aa9e171c310b69b93a12f549bc2ce00533a8efa14e'),('includes/language.inc','4e08f30843a7ccaeea5c041083e9f77d33d57ff002f1ab4f66168e2c683ce128'),('includes/locale.inc','ca50acc0780cbffeca17f99a0997f91b8b9402f0eec1898c3122e1d73664d01d'),('includes/lock.inc','a181c8bd4f88d292a0a73b9f1fbd727e3314f66ec3631f288e6b9a54ba2b70fa'),('includes/mail.inc','41d0e657119a05f8d7e85ebf32e74b12a1c3107d717a348158414b113e208b9c'),('includes/menu.inc','8e7a8a1a4666a8ca66d1b19cc97be4cf82c3bb0e835e652ee366bec9b74a8c23'),('includes/module.inc','8dab73e50e6bcd680a26f55597d2d103ba68a29089f888e2a2c206fc38eaa669'),('includes/pager.inc','6f9494b85c07a2cc3be4e54aff2d2757485238c476a7da084d25bde1d88be6d8'),('includes/password.inc','fd9a1c94fe5a0fa7c7049a2435c7280b1d666b2074595010e3c492dd15712775'),('includes/path.inc','2dca08d14a46e5ac6a665b7a5dde78045d8de2b35aaa78c6fb811e1125ce4953'),('includes/registry.inc','f47b20859f0fc80bf4bb2849a1282d6c54006957b69da0e5f4691de585ca4cdf'),('includes/session.inc','5851ff6941aba2744dd0c247f077fc02fbbe24e9786e04ea0a3c372d68ca6d16'),('includes/stream_wrappers.inc','b8a5a53f3d3ef26ea868037547f76af8049ce0c55b464810c627310a84f24924'),('includes/tablesort.inc','2d88768a544829595dd6cda2a5eb008bedb730f36bba6dfe005d9ddd999d5c0f'),('includes/theme.inc','5d8b96db9760367eb86821085a17a144a58cb355e6f547e321321ee34535da7b'),('includes/theme.maintenance.inc','39f068b3eee4d10a90d6aa3c86db587b6d25844c2919d418d34d133cfe330f5a'),('includes/token.inc','5e7898cd78689e2c291ed3cd8f41c032075656896f1db57e49217aac19ae0428'),('includes/unicode.entities.inc','2b858138596d961fbaa4c6e3986e409921df7f76b6ee1b109c4af5970f1e0f54'),('includes/unicode.inc','e18772dafe0f80eb139fcfc582fef1704ba9f730647057d4f4841d6a6e4066ca'),('includes/update.inc','25c30f1e61ef9c91a7bdeb37791c2215d9dc2ae07dba124722d783ca31bb01e7'),('includes/updater.inc','d2da0e74ed86e93c209f16069f3d32e1a134ceb6c06a0044f78e841a1b54e380'),('includes/utility.inc','3458fd2b55ab004dd0cc529b8e58af12916e8bd36653b072bdd820b26b907ed5'),('includes/xmlrpc.inc','ea24176ec445c440ba0c825fc7b04a31b440288df8ef02081560dc418e34e659'),('includes/xmlrpcs.inc','925c4d5bf429ad9650f059a8862a100bd394dce887933f5b3e7e32309a51fd8e'),('modules/block/block.test','40d9de00589211770a85c47d38c8ad61c598ec65d9332128a882eb8750e65a16'),('modules/color/color.test','610ba154f42b6af5871fb09cdb0bc7badc29b03845c08d86e0e524840dd27568'),('modules/comment/comment.module','db858137ff6ce06d87cb3b8f5275bed90c33a6d9aa7d46e7a74524cc2f052309'),('modules/comment/comment.test','332d14e197b4ebe85b1b70a15602981d99d332e2293576c0e44cf18a808c7aac'),('modules/contextual/contextual.test','023dafa199bd325ecc55a17b2a3db46ac0a31e23059f701f789f3bc42427ba0b'),('modules/dashboard/dashboard.test','125df00fc6deb985dc554aa7807a48e60a68dbbddbad9ec2c4718da724f0e683'),('modules/dblog/dblog.test','79ba7991c3f40f9241e9a03ffa43faf945c82658ca9b52ec62bd13bd80f41269'),('modules/field/field.attach.inc','2df4687b5ec078c4893dc1fea514f67524fd5293de717b9e05caf977e5ae2327'),('modules/field/field.info.class.inc','cf18178e119d43897d3abd882ba3acc0cf59d1ad747663437c57b1ec4d0a4322'),('modules/field/field.module','48b5b83f214a8d19e446f46c5d7a1cd35faa656ccb7b540f9f02462a440cacdd'),('modules/field/modules/field_sql_storage/field_sql_storage.test','315eedaf2022afc884c35efd3b7c400eddab6ea30bec91924bc82ab5cd3e79f2'),('modules/field/modules/list/tests/list.test','c1a214d7efd3247dd947d742a8514ec9649da62593608dfdccee6913d48e5709'),('modules/field/modules/number/number.test','fc8f193904f1c5f87dcf51a279975214b34aa1349fe9c38b09c4e6740b059b49'),('modules/field/modules/options/options.test','1b30956b6f46840ccb41b99bda08f328172f008f1fb4164c65fe9e4047fffa5f'),('modules/field/modules/text/text.test','5c28b9da26417d2ed8a169850989c0b59f2b188a0161eb58e2b87c67994d602d'),('modules/field/tests/field.test','5eaad7a933ef8ea05b958056492ce17858cd542111f0fe81dd1a5949ad8f966e'),('modules/field_ui/field_ui.test','f535e5627c969e9083a63aaf72d4ac645e30709d7b87af15c6c3b870481f283a'),('modules/file/tests/file.test','091b59b7fe1b7068569f0290006e21265b3b7986ebbc1d56cedd3ceff6f581ca'),('modules/filter/filter.test','b8aa5e6b832422c6ad5fe963898ec9526c814614f27ecccb67107ce194997d6a'),('modules/help/help.test','bc934de8c71bd9874a05ccb5e8f927f4c227b3b2397d739e8504c8fd6ae5a83c'),('modules/image/image.test','6e7a0cbcb58f6210127b0ac7c1d118d488abd0925fe8db10a3405af87f1d9fe1'),('modules/menu/menu.test','71efd7117a882fdcdd50971b4a68f7f2895b532e09acf094d747f27a15742c5b'),('modules/node/node.module','70f969229d03819dba439546ae7aef30283b93e410af1b45f5a25b90d3cb8edd'),('modules/node/node.test','35bf40fde62f3a1de95bab9f037b84f20c2f93a1c579d7d19e4a87afe75dc330'),('modules/path/path.test','2004183b2c7c86028bf78c519c6a7afc4397a8267874462b0c2b49b0f8c20322'),('modules/rdf/rdf.test','9849d2b717119aa6b5f1496929e7ac7c9c0a6e98486b66f3876bda0a8c165525'),('modules/search/search.extender.inc','013a6a841cc48a6dc991153fb692b8d1546e56b78d9c95e97e0d7e92296d3481'),('modules/search/search.test','e43c21510d510885dfad6484afa931382083b75b7e67286bda56a6aafe265f28'),('modules/shortcut/shortcut.test','0d78280d4d0a05aa772218e45911552e39611ca9c258b9dd436307914ac3f254'),('modules/system/system.archiver.inc','faa849f3e646a910ab82fd6c8bbf0a4e6b8c60725d7ba81ec0556bd716616cd1'),('modules/system/system.mail.inc','d31e1769f5defbe5f27dc68f641ab80fb8d3de92f6e895f4c654ec05fc7e5f0f'),('modules/system/system.queue.inc','a77a5913d84368092805ac551ca63737c1d829455504fcccb95baa2932f28009'),('modules/system/system.tar.inc','d0d2f191d79b3227852e7436908386bdd7a25f78c73f3c8bf9ef5903892ae993'),('modules/system/system.test','7a94d94c13eb60684678e62f25cec44d46714a1ca4987f62d86d358e8978902a'),('modules/system/system.updater.inc','9433fa8d39500b8c59ab05f41c0aac83b2586a43be4aa949821380e36c4d3c48'),('modules/taxonomy/taxonomy.module','19992c2e810a7b7a1c228d178b0b6c5f358082d515b8a6e77b0415a430e23997'),('modules/taxonomy/taxonomy.test','ce91ff8a2879d65fdb3477d3f437cad8ef50b8963dadb75ae203854987b2c23a'),('modules/update/update.test','994b66b737f16eb98ee18c9e9ecd62e86de2792159e70b36982e95b48f2746a3'),('modules/user/user.module','a1d316fcd7d849a1b31aacd029b36ed2695481035251347abe865d5fcc87eea4'),('modules/user/user.test','aa8aa5e3673e9f9a3a75d5465f433c9b43633f8fd05bc4f6055942162e65f42e'),('sites/all/modules/blocktheme/blocktheme.module','0f44519788cef5182e24618fc15a8b7d7296d8a4b2affffdcc14a79b26465e09'),('sites/all/modules/calendar/calendar.install','85517f33935a333f0414974417f8be0c42ff18a384c1cf890162c5e73160216b'),('sites/all/modules/calendar/calendar.module','0387183e6dae4f92e4208ccf69d6ef17163f22d506ee4a86e210c70d708b3459'),('sites/all/modules/calendar/includes/calendar.views.inc','89f3265426ed077d0ea32c7462160ed60eeebb562f5e99abc4703fbd22761127'),('sites/all/modules/calendar/includes/calendar.views_template.inc','502a562d7d3ce8f4d935e6ea63350fa422f3f29b0b1907f8a27811aa5cbaa2ff'),('sites/all/modules/calendar/includes/calendar_plugin_row.inc','3eb1f3738276b798e773613e528a8fc36dba46cf98593ec30e46edd2130a85f7'),('sites/all/modules/calendar/includes/calendar_plugin_style.inc','1c4394b0e6ab59c18bed21af2e976d02e7545e8748893846ed9672a00bb000ff'),('sites/all/modules/calendar/theme/calendar-style.tpl.php','9746be8e78f6165db12e1800298bf8e5f771182f049d7c1aa2edbd83a1f48fe4'),('sites/all/modules/calendar/theme/theme.inc','54f635b589c2525f0ed4750b73cea6d5244c3335995866fcd399167c1cb3da25'),('sites/all/modules/captcha/captcha.admin.inc','33f5caefa2f87c28367cc4241b6ca8fd311123a4e81a73fe2f70502a9bd5c5fe'),('sites/all/modules/captcha/captcha.inc','8c06fb418a14ca9f574fab9feacf51d624547014297e88f9a71d2ffafe7c3d67'),('sites/all/modules/captcha/captcha.install','f79f5e8cf6d532eec73a848cc409c39eb13a572c1abfde86cc4c10d95928aca6'),('sites/all/modules/captcha/captcha.module','b9850cff74b9e44bd5ea9816e94e17ff49ddbc88958c6f465873594084c59da1'),('sites/all/modules/captcha/captcha.test','6afaa71f2e5cc7ffa7ef2da197033195305e4c7942948ef68e69771362f0f960'),('sites/all/modules/ctools/includes/context.inc','867c8a65b99131be8226700d51a5fb3d51896bf95279beedac55f51a27fd714b'),('sites/all/modules/ctools/includes/css-cache.inc','db90ff67669d9fa445e91074ac67fb97cdb191a19e68d42744f0fd4158649cfa'),('sites/all/modules/ctools/includes/math-expr.inc','3c60674360d5caa754895f32d87cde6a122f61800d4b762e7e09d49501fd47b8'),('sites/all/modules/ctools/includes/stylizer.inc','3f91f5ed42fb6ee1b65ddef7ac22577b07a5d75ca1eb2df60041243ced5c7079'),('sites/all/modules/ctools/plugins/export_ui/ctools_export_ui.class.php','2fd87a7d80689e4d44673b31c07b762144eb8ac57324fd0b9cd9ede5f4ea34b5'),('sites/all/modules/ctools/tests/context.test','05145aae34016fd1d8c776ad4cca92b2f514570a8cd26b30dfb563a07540afd2'),('sites/all/modules/ctools/tests/css.test','dbf094da0eb52da28afb07b894e15425169d29d9d06011a3ad2cdd5980a0df01'),('sites/all/modules/ctools/tests/css_cache.test','9d72d577414a35941d245b5531a4505d2c4a7b702ac301814631b5ed6b15187a'),('sites/all/modules/ctools/tests/ctools.plugins.test','e1c9d250430253676d417e50faef04c4e577614ff0ec2c3c0ce76095873e9b00'),('sites/all/modules/ctools/tests/math_expression.test','92ac6cb63ac8be8384d5ee4d3a7abe32d52fa78c82c99c7291151609ea2b6d06'),('sites/all/modules/ctools/tests/math_expression_stack.test','2816fd55f6c1a4742b6e962613c20f72bd31e034af12b64e33df35b272a6c176'),('sites/all/modules/ctools/tests/object_cache.test','c680cc821c2b51d48032213eb61b17896513fff2fa0df29d16e12ba54a7ce443'),('sites/all/modules/date/date.migrate.inc','7822a7a36b311d200501e2cab67165e23d8501ad268df36c1a1c1d639eca450d'),('sites/all/modules/date/date_api/date_api.module','6d1d63b0f55af7e9c886384e7b259d0cf6e2da8d005cfdb82f9173995c9d68f4'),('sites/all/modules/date/date_api/date_api_sql.inc','5a484b487c13fd6094348e2011c19e72d6c6c9ceb0b0a4143ef5542cd1c495fa'),('sites/all/modules/date/date_views/includes/date_views.views.inc','7ddcf452b6da1c6e8d6e983674f1108b1d13a93d63948a5c7c9831e4e1c6ccee'),('sites/all/modules/date/date_views/includes/date_views_argument_handler.inc','8f4debf9b3db7698f2633c39b75aa252e40db5aba07a082468614773e2958e9a'),('sites/all/modules/date/date_views/includes/date_views_argument_handler_simple.inc','082dc7463949c86d32e637c2eb0d0568670ae7100c39ee8b4b52e96246487d28'),('sites/all/modules/date/date_views/includes/date_views_filter_handler.inc','286871fb8ff6b21912639acf48544809ed0a2acca7a04b00367c45f9450c4a74'),('sites/all/modules/date/date_views/includes/date_views_filter_handler_simple.inc','93f85798f6b2b962c90c5d2520beedc45fa443453cd206bba0db3d7e0a33d0bd'),('sites/all/modules/date/date_views/includes/date_views_plugin_pager.inc','a5cee2c0a36d76b8acb21d641c4b4f5d13f95f223fb352bb65e1c5c23bffcb5d'),('sites/all/modules/date/tests/date.test','6cb38e9ed60bfdfa268051b47fcad699f1c8104accc7286abafbeddbbc9d143c'),('sites/all/modules/date/tests/date_api.test','3018073791ba419f53d04d9b1ec73cbd751c7436e12be0215d4b64e5664ebe6b'),('sites/all/modules/date/tests/date_field.test','6f5c2ea12b3dad6516e438eaad587d5bb189f96e369c671e0e5b22b8de9e0be7'),('sites/all/modules/date/tests/date_form.test','77c10765c4da14f4c143ca8143708c53b80cb8710fb7a971bde9598dd677b4fa'),('sites/all/modules/date/tests/date_migrate.test','ea21aeccf0c30c45104c970e0074f0dab072b3fe8c47b23b934752304ab5b8b5'),('sites/all/modules/date/tests/date_timezone.test','b9439865cb3942708249130b9d4ea3e1a6335153b4d95e739dc19a81b7d61d49'),('sites/all/modules/date/tests/date_validation.test','2e4d27c29192c9d55eb27b985d7e9838702c4324d36ed6e3a85999e9f25ada99'),('sites/all/modules/date/tests/date_views_pager.test','aceff66e11dd3ea418e9905b28384432f4fe7cf9746e711cf56add73e64336dd'),('sites/all/modules/date/tests/date_views_popup.test','0684ad4977093fd7338eb045f85ceda195e82f50bd33fecbf0dca00e42b0385e'),('sites/all/modules/entity/entity.features.inc','53f537caf6ad9355fb92b2c6db019959abdf399d80764151dd976b0891f37436'),('sites/all/modules/entity/entity.i18n.inc','41e0e62af7e2774f62b162d597bb3244551c280296b692b29d039a2c243d7059'),('sites/all/modules/entity/entity.info.inc','8799080b9393c9560e64feae1276fb7d26fef4d92bb0edacc863ee3e7b67bf04'),('sites/all/modules/entity/entity.rules.inc','774199059d1b3ebe6d3fe7a49dbb1550df489055a3d066b5de54edda8dd7ba84'),('sites/all/modules/entity/entity.test','aba6490cd2041438d832dc8f63b213e0d171a5a218f6d51a9fe00c51e95069ce'),('sites/all/modules/entity/includes/entity.controller.inc','b85d1882fae38ee8a0e82bf75952f44f65a58fd95e3bf0c3cb2a1321cf4d308a'),('sites/all/modules/entity/includes/entity.inc','02c3c8b1d4b7230f875c4fae8e6ba3bd57431e01f312b32f3ed305a7be734774'),('sites/all/modules/entity/includes/entity.ui.inc','49653cbbccc4b4e51f957727aa95803c149fac9565f53ed553e2cd1c1c3580ff'),('sites/all/modules/entity/includes/entity.wrapper.inc','ba890faf0f18d6262bc211db1fdf0ca7742058b1f454cf3d9a9f281c71bface7'),('sites/all/modules/entity/views/entity.views.inc','089b8ed3103f62778be3395a99ddfbd84da4235f5ad431392f8984eaa4bf349f'),('sites/all/modules/entity/views/handlers/entity_views_field_handler_helper.inc','88e4cbbbeab9bbaa4c928118bdefb158ea99f343f813cf88cce01ed7fbf8bf6a'),('sites/all/modules/entity/views/handlers/entity_views_handler_area_entity.inc','7b7bb88e53861739b7279f705f0492fc83ce95f5b20d89339480f546422ebf25'),('sites/all/modules/entity/views/handlers/entity_views_handler_field_boolean.inc','b28b8eee8761ba7a6af35d97ab7aaee28406e6c227271f9769818560626c5791'),('sites/all/modules/entity/views/handlers/entity_views_handler_field_date.inc','b0f5be5b399de94934b24e84c8cf6053a043f6b00c60dcffa752daeafdd38778'),('sites/all/modules/entity/views/handlers/entity_views_handler_field_duration.inc','ed7bb64cb63b94a20c8cde98cfb053b5ea252804396cf61ac562faf1d850266b'),('sites/all/modules/entity/views/handlers/entity_views_handler_field_entity.inc','4f255918a22fefebe9c7734f200751457a7ca4d3648e32a98511bb51968d7521'),('sites/all/modules/entity/views/handlers/entity_views_handler_field_field.inc','893121efbce2a7181e31147bade260c9cc657cbd33b0d254cb28b2650e57566d'),('sites/all/modules/entity/views/handlers/entity_views_handler_field_numeric.inc','f14e2b063930e8820af381b4f5e83c7278440e7804ab88cfde865b6c94e7c0f6'),('sites/all/modules/entity/views/handlers/entity_views_handler_field_options.inc','27ef31b8ee7b9999930380d6a5fdb477772329c4ddbd5c70cc34bcdc7543ce56'),('sites/all/modules/entity/views/handlers/entity_views_handler_field_text.inc','5fb0a85d35d29944c699ceaf6efed5eda2df757009e44caba8ff2be397568b60'),('sites/all/modules/entity/views/handlers/entity_views_handler_field_uri.inc','79ecaa3eb17dfdd0ca077351b75a2c0adf411ebc04720e7cc0e2397674225f24'),('sites/all/modules/entity/views/handlers/entity_views_handler_relationship.inc','b69bc538d1e1e0f91f8485ca54c3b6e2be025caa47619734c467377cf89041b9'),('sites/all/modules/entity/views/handlers/entity_views_handler_relationship_by_bundle.inc','65300c793c4591d60ad908dc02cf3148fe4e899fa6ad218e875fd92d411374dc'),('sites/all/modules/entity/views/plugins/entity_views_plugin_row_entity_view.inc','e489ca209c66b76228383864b8267067e7cf3a1e375d9a195339f89932fed71f'),('sites/all/modules/entityreference/entityreference.migrate.inc','6dfe7be97f3198bff6c145dce9a0f521c3695c380d24fe6d3feb97362363407d'),('sites/all/modules/entityreference/plugins/behavior/abstract.inc','a7959ddece2ce3490f92d916162e07aed313e28ca299ca0375bad633b42d93e3'),('sites/all/modules/entityreference/plugins/behavior/EntityReferenceBehavior_TaxonomyIndex.class.php','92fa0cf46ecdf6200659646e6666c562ea506c40efa41a8edd4758dc0c551b92'),('sites/all/modules/entityreference/plugins/behavior/EntityReferenceBehavior_ViewsFilterSelect.class.php','f6805f62bbd376d98676706602aeb1c4d16e645acb429d31032bc3fb37d850d3'),('sites/all/modules/entityreference/plugins/selection/abstract.inc','7ecf94f5dc3456e4a5c87117d19deb98c368617fb07d610505b1dfa351f14a0b'),('sites/all/modules/entityreference/plugins/selection/EntityReference_SelectionHandler_Generic.class.php','4e1483f4b1fd242d3c7c92b098d0254b9b4b3e68c9f93aa7c8815e9cea2b3912'),('sites/all/modules/entityreference/plugins/selection/EntityReference_SelectionHandler_Views.class.php','40f8da81ef2620a67d721c471d1902f7b93b3edbd51ed6838aa25b81fd84ecc1'),('sites/all/modules/entityreference/plugins/selection/views.inc','7bbe8900b6b71c2d41e370deaccca869884d0fe9ca81772d7d5bca5f58ec1cd8'),('sites/all/modules/entityreference/tests/entityreference.admin.test','9b38cb7f8a55bfcd5c4e009297849d09bfd0a6465c7eac76b418f5cba927004b'),('sites/all/modules/entityreference/tests/entityreference.feeds.test','b19193542031d2e1a247ffac8852e9219e5f7f0ed38298207ffe27cd1af9352a'),('sites/all/modules/entityreference/tests/entityreference.handlers.test','2fa170925ac5303c519378f1763e918cc2f111205220d90998b547a08db90d8c'),('sites/all/modules/entityreference/tests/entityreference.taxonomy.test','8e4f7d9ae621df0f587b6fcbf139adea2a35c69305ef018ced88447a41164c5f'),('sites/all/modules/entityreference/views/entityreference_plugin_display.inc','9216a065ea4fdb2daacb1280e5c9549e3400b8553b5293534cf65a0d703ab189'),('sites/all/modules/entityreference/views/entityreference_plugin_row_fields.inc','7f5a58c099c2df6fd1c3ae285197a4648841d44fa107bcb2064bc1edf435ea8b'),('sites/all/modules/entityreference/views/entityreference_plugin_style.inc','ad9a7ea5a37c2d9658c2b1d19ade3011c27ed5d9959423ebf7a390372507e6b0'),('sites/all/modules/extlink/extlink.test','e1cd4ab4b9253682924a6cc6c82d2673ad626f0120e560a68e0e4c9daf4e579c'),('sites/all/modules/features/tests/features.test','5fc1c5733eb4c76c32f1a79736c064f1f89001f7987eb7bf183c8d438c8f8baf'),('sites/all/modules/field_group/tests/field_group.display.test','68b48634e0311fb4a804d39d8c03acc3de868719df0f4cca495c81e9de4e2035'),('sites/all/modules/field_group/tests/field_group.ui.test','17486a055b85febf5cc55cdb638bf104ef3acab75b76735763650217dd5ab9d4'),('sites/all/modules/file_entity/file_entity.test','9a4fbf4aec4c31301bce281dbc76c09089a8ab8f643c304005668de5083ba6f7'),('sites/all/modules/file_entity/views/views_handler_argument_file_type.inc','7ed90c4805bfd448e64727a4de2a76f3a6a7e03af6b86f74abaf1d9df001bd62'),('sites/all/modules/file_entity/views/views_handler_field_file_filename.inc','804cc59af5f28736721a75443f31db6f7d5d3d8393b0d0c8a0a2e3c0a2d668b4'),('sites/all/modules/file_entity/views/views_handler_field_file_link.inc','d83a09e3844a1c3c6d8b9a4a1207be1158817345555edafaf4e3b61d3b9ec2ec'),('sites/all/modules/file_entity/views/views_handler_field_file_link_delete.inc','6bb437f588fcef22e322a9c854cd3e78cf0ee3f50581d47980c1821467dee024'),('sites/all/modules/file_entity/views/views_handler_field_file_link_download.inc','572f2cc25a070710320824e665f78168625ace0cc7ed3f2c99a2e38bcf388ee4'),('sites/all/modules/file_entity/views/views_handler_field_file_link_edit.inc','f9e9772cb7f1de5d6e2987645ce36eb3ff05c957d232e6cb2db8e96d181312f3'),('sites/all/modules/file_entity/views/views_handler_field_file_link_usage.inc','a4a3321c19829bffa247bfb4253c9ecaecd82ac49521d963aac7084e7c5a6661'),('sites/all/modules/file_entity/views/views_handler_field_file_rendered.inc','8d52f7db20eb23d27a7d4002ba9a95b43017c66557ccb3cb4f50536b36b62635'),('sites/all/modules/file_entity/views/views_handler_field_file_type.inc','fbce30fe7c48e2cbee621bd613594200a665e53ca192fdad55040350e3dc4def'),('sites/all/modules/file_entity/views/views_handler_filter_file_type.inc','949ad4cf0da89858c4c61c6cb5f5a9e181baeb020a0a6d1bdf8e42bb7f74cb5f'),('sites/all/modules/file_entity/views/views_handler_filter_schema_type.inc','bb5d62a01259d73cf5f940288428bdd17cc0a8279f999ba69588a7062af791f3'),('sites/all/modules/file_entity/views/views_plugin_row_file_rss.inc','2dad854cb92699b203a070a05306d21f4677f990ee05ffb6b838b56266394309'),('sites/all/modules/file_entity/views/views_plugin_row_file_view.inc','769bd84100471b76b7eb12a5aee5c8341faf4fc7888eed455a1c32fb4fdfb08f'),('sites/all/modules/google_analytics/googleanalytics.test','828d81df014c82cc872c12428e28cf1275f5954b368ace8cdfde37c7ae0fc4cb'),('sites/all/modules/image_url_formatter/image_url_formatter.module','ffd6843c6637e7b4b500cd2038eab6b83c55503578ab3e968b3a8cd9f3e664b5'),('sites/all/modules/jquery_update/jquery_update.install','d377a4e1df5c9606b4d603fbf14296f6d4df921bb3e188341a0c602651498388'),('sites/all/modules/jquery_update/jquery_update.module','5550809cea16a9f09ebcd6e70fc36a19a2aa3fd6180039d2e2382b86d659a8c3'),('sites/all/modules/libraries/tests/LibrariesAdminWebTest.test','933af00ee9ad342999e20c0a82440ab04933b5d7713ffe2e7371a9af15492bf5'),('sites/all/modules/libraries/tests/LibrariesLoadWebTest.test','4cfaf88ce29e72f8ecd52b02cc9f7bac2ea60a715530cd9ff4fea929dac161ee'),('sites/all/modules/libraries/tests/LibrariesUnitTest.test','08139d770447993484828d0a642b6a771314c74e392074e94c2b7dcebc10b093'),('sites/all/modules/libraries/tests/LibrariesWebTestBase.test','056dfdd67ac9d6a84ffbe0f507e165fd6f07a0c82c3c7efbc1874e870e85e83a'),('sites/all/modules/link/link.migrate.inc','0a17ff0daa79813174fff92e9db787e75e710fe757b6924eec193c66fe13f3df'),('sites/all/modules/link/link.module','39bc7a76730d855c17544d4a67ef6dbf3e018b74bc2f2b5d2431b6a370e1da3d'),('sites/all/modules/link/tests/link.attribute.test','92c76292e0b2f74ef21d6bca563cf5d47d0331d72bacc454a550c6ace51697cc'),('sites/all/modules/link/tests/link.crud.test','de19e2c5e8c6cb02f25d7051bdd1db77852379ac59ce8185c25b4bf927478f22'),('sites/all/modules/link/tests/link.crud_browser.test','13da1fde2aa1c45ec11c8b343004d116aed074789a5b46f8dd6b299781e9755d'),('sites/all/modules/link/tests/link.entity_token.test','e3c414eb7bdc1a27b8408446ded03b77c52b3419f38f6a3d3ada68effda4b616'),('sites/all/modules/link/tests/link.test','fe5d8cd577fbfc07929e7216e115530a28777ace9b7135fbc853a3a78d550456'),('sites/all/modules/link/tests/link.token.test','74d2a9888005d08fba8c6d3720592a4d9dffa5d30a25fee1714ce89fa0688041'),('sites/all/modules/link/tests/link.validate.test','ff8a018f4ecf621e8f5f0fdec7c8d505305778c615ef17a84c7542bee0e29c47'),('sites/all/modules/link/views/link_views_handler_argument_target.inc','d77c23c6b085382c63e7dbce3d95afc9756517edcdc4cd455892d8333520d4c9'),('sites/all/modules/link/views/link_views_handler_filter_protocol.inc','e10a0d2de73bfa9a56fadbac023c6ac16022ced40c0444ab6ffed1b5d7ea7358'),('sites/all/modules/linkit/includes/profile.class.php','33cae8383f158e54c1df56407b78dbb61bf7e7784770b8d803d903c1faecdbdf'),('sites/all/modules/linkit/includes/search_plugin.class.php','5ad0055e3200ce3d784e9b3f5b625973070672815f47e2290f2718c1c998c79a'),('sites/all/modules/linkit/plugins/export_ui/linkit_profiles.class.php','e507a3caa2026ef0161c697bab93334413cc66a5101dbbc56db6c635fcb53174'),('sites/all/modules/linkit/plugins/linkit_search/entity.class.php','70f2f57d3a80cb34793c17356a629d51f1cdb3b21fa7764c0262673b3e7e3dee'),('sites/all/modules/linkit/plugins/linkit_search/file.class.php','f9b5427a23f6217391114fd707a784a2bb337d2e8eecc60a81bb9e46ff3d60ef'),('sites/all/modules/linkit/plugins/linkit_search/node.class.php','2846d88afbcb3916995c2641a7d44ba5590489cbbb5b226fac1f395d773c09b6'),('sites/all/modules/linkit/plugins/linkit_search/taxonomy_term.class.php','005b8d654ec662c5b22e151d74a6d044b32eaf867e237c0f9687e3301dba24ef'),('sites/all/modules/linkit/plugins/linkit_search/user.class.php','2959016619358cd4249bf5b79bf5c00594fd7418b574c7029d7088c4b71fb323'),('sites/all/modules/linkit/test/linkit.test','d6c2b9cee2a61b6ddf4814046205a7a65d7c7ba00d9954b4dde1dc2e863a9d73'),('sites/all/modules/linkit/test/linkit_profile.test','1b4bc481c4bfcb9bc7b023b06032095d2185e227a9a4867466075850952cc1aa'),('sites/all/modules/linkit/test/linkit_search_plugin.test','d6ab253bef8e7bf6cd047985f103e4a67387e46a95a74be4a064de2791312e45'),('sites/all/modules/linkit/test/linkit_search_plugin_node.test','3cc6d9851b16532bea99ff427da2e8ac72a858477eee81e4a1e8b5ccaf339f72'),('sites/all/modules/linkit/test/linkit_search_plugin_taxonomy_term.test','1dee37e7d80f15616aeca2438097bb148bf145cf6fb3fca5ed55350fd85e13fb'),('sites/all/modules/linkit/test/linkit_search_plugin_user.test','60c1504d83cea42b5265d919c19fd9d7ba64699263d58571f70d02f05ac84eb4'),('sites/all/modules/location/handlers/location_handler_argument_location_country.inc','f578011609004d9f95ec9f15811bcee117725e5b0660585aeb44ba42c0dba48e'),('sites/all/modules/location/handlers/location_handler_argument_location_province.inc','45a63c726e4c54ce64f167a01039109ea81804902066c0650ccbede3273b3826'),('sites/all/modules/location/handlers/location_handler_argument_location_proximity.inc','58c786828b263adde3e83d2857205a885a29c34df1386fb9535f5df141938d1b'),('sites/all/modules/location/handlers/location_handler_field_location_additional.inc','3131316a4a596b92f94ce02636fe2ab4d52a48df5ae921d822b8aee8a41a2085'),('sites/all/modules/location/handlers/location_handler_field_location_address.inc','ec3233c49e5799cd3f5b025c6423d1ddae747a17538ce1dcf6b5b06d54b23fc0'),('sites/all/modules/location/handlers/location_handler_field_location_country.inc','8b41adf8c407a28f7c3c577d23b2b686af7e81dcdc941b3f382a2ce83b0a3acc'),('sites/all/modules/location/handlers/location_handler_field_location_distance.inc','41ef322d938d1526a5cf2950581f160fd6e9485c4a3628114b3c7bfab8c72797'),('sites/all/modules/location/handlers/location_handler_field_location_province.inc','734a1bb5a8945956006c21386966885196929d8da8fc301297c02f2b18fe3756'),('sites/all/modules/location/handlers/location_handler_field_location_street.inc','04058e2222a25a8316f9bab92bc9279da4452c5263acf05b7f5eb313827a7b0b'),('sites/all/modules/location/handlers/location_handler_filter_location_country.inc','ce8c9c67173518f1633f486d2386723ea5e2340216235b468ad1348da20934bc'),('sites/all/modules/location/handlers/location_handler_filter_location_province.inc','1df7bfe95d3f211108f6737cf2dffc261ea66e24f691d2d263266a3ca7654a19'),('sites/all/modules/location/handlers/location_handler_sort_location_country.inc','dd39e691dc1c202fe94e48d1b4dbf18adab1aa12db710f36be4e98108ed60e02'),('sites/all/modules/location/handlers/location_handler_sort_location_distance.inc','39d9b50c734598171ed2d8cdcf48404d27518ac00b4d3e5e4011cf0540bbcc49'),('sites/all/modules/location/handlers/location_views_handler_field_coordinates.inc','1fda7261c7eac7387dd12ee8ec52888ce44482fd61f17c287834347e9bde853b'),('sites/all/modules/location/handlers/location_views_handler_field_latitude.inc','8d1b31f56a2610cdb1e901f300b0c139ed2fac82a64878a32febff087a8a5cc9'),('sites/all/modules/location/handlers/location_views_handler_field_longitude.inc','6ef6c1871efe59095312b8d8f61179496a144ce3aa740d91997abcc53383374f'),('sites/all/modules/location/handlers/location_views_handler_filter_proximity.inc','df6f4077eff42115a57822c2ce22cd91e9553f23a64c51ed09d2f5c947c530f3'),('sites/all/modules/location/location.admin.inc','c87faa4499160abe1a2548cbc5f6a67dc262770b81aafcfab471b91d9722e73c'),('sites/all/modules/location/location.georss.inc','8d7a9646f7aca2839d1de3dd06e27c291ae49fff0dd092c456d9c8799d824929'),('sites/all/modules/location/location.inc','e0c2d5f584eddb75e1cd58029d8be13a614e87f5d01c4eb2fc153f7e3e0701b6'),('sites/all/modules/location/location.migrate.inc','040fc2086f799e0ef3a4afc6936d9663130686f5309049c29efd57dd47d91bef'),('sites/all/modules/location/location.token.inc','c1a89953256052d641479e6366f859fddb9046135ae57c3df6c0453fa071676b'),('sites/all/modules/location/location.views.inc','2c7fdcd6c61b17aadf65643350c5ca6023635805d765feecb7d7bf19e4a611bd'),('sites/all/modules/location/location.views_default.inc','10f1e9c8e2eba4e0608c1673f872e2221b62fe569e0f802e5281fba0986980b4'),('sites/all/modules/location/plugins/contexts/location.inc','ce30c40ba99c94a0d5a019de892e559647d10314ca3c9a69b1ea550f22718634'),('sites/all/modules/location/plugins/relationships/location_from_node.inc','fa05154e7db5c7126c5a5b07f17a7b79cff089e844d2f7c0070763c076be92b9'),('sites/all/modules/location/tests/cow.test','db2be927639827a370331d7da1958322ccf2a8c87c6ab8fefc5e46a49cc497a2'),('sites/all/modules/location/tests/earth.test','61e09a9e00024e7c94892a929945ce0d87fcc131bd8ece4f61f62d92b41345fd'),('sites/all/modules/location/tests/google_geocoder.test','895a9d7e3e21116f1c4cffff992fd4388085b19c0dabb24885cf0c26c569c792'),('sites/all/modules/location/tests/location_cck.test','f0dbfa6743f98ffc1e112f544f770168f01f43542b7823d7c4b0ebba5d63e55c'),('sites/all/modules/location/tests/location_cck2.test','fe99d5ebffa270e883237ef36b58ee56cbdcaaf124efa978cbb2c3aa208e723b'),('sites/all/modules/location/tests/location_testcase.test','fdd67f59df97b6bc875f8f3a288b5ab2632e6417bf0b30603f0783f1d547f0fd'),('sites/all/modules/media_library/media_library.test','a58495086ae937a15383931f9f72aef8569baacacefa8aa2f9b35833c3062d6c'),('sites/all/modules/metatag/metatag.inc','597b49eaf3d73e8d320a51d67f6ab8e2d50c24e6892e956c3df19a8c6f63a44c'),('sites/all/modules/metatag/metatag.migrate.inc','6908826a4e8b4779af7611c7c2c7b65b19f00b9f37d0a671b7b1e935a944400d'),('sites/all/modules/metatag/metatag.search_api.inc','b30acf01921e4457d852a529d8c785a7b9b963037e8a9b9bb11ce04e96210c65'),('sites/all/modules/metatag/tests/metatag.bulk_revert.test','e9bfb7a251fb4126c5aa5bb77ab822f2627befc0efd4bcd711bb3d2405e56e9b'),('sites/all/modules/metatag/tests/metatag.core_tag_removal.test','a1dbbcb47c45eecf3653fe7c4c10353e5217832b2716e9491e6298a7f28a078b'),('sites/all/modules/metatag/tests/metatag.helper.test','94afe716bb32f814344261e90ad7bc386fad4c71eadaf537b23712ed75654f3c'),('sites/all/modules/metatag/tests/metatag.image.test','9b38c2b32ca9b5a9bfe487c7663128621e87dc03998b9e954d1f5ba46b420f3c'),('sites/all/modules/metatag/tests/metatag.locale.test','61b3eb5bb624b0a0f4cf87a90adcc83aaf32228712f084247429622d076cd21d'),('sites/all/modules/metatag/tests/metatag.node.test','0b01756babb9b8026c6ed8e449d8693dc03dab9ea51a61044266a9ef6ebf05d9'),('sites/all/modules/metatag/tests/metatag.node.with_i18n.test','ee2f03ffa53d26f92aee37bfe609ca01e2b1ab7a10fedb87ac7170cbd4b6f388'),('sites/all/modules/metatag/tests/metatag.output_caching.test','4a60de5c08e05bb732330aca5234d20131ceaec6f2ad970f14fcd1a3c5dc488c'),('sites/all/modules/metatag/tests/metatag.string_handling.test','1104fb8ea4cd152df3ea25990cc5be30fbbaf6fe5225df98a958df913f3282ec'),('sites/all/modules/metatag/tests/metatag.string_handling_with_i18n.test','eea13e0c53d6652ebdde08cb2f388b6913a1121a7fe49168702b25df5d7124dd'),('sites/all/modules/metatag/tests/metatag.tags.test','46411c4d0c892bdcadee6c16adeff9815d326da34ecd01661037d6c60a001d8d'),('sites/all/modules/metatag/tests/metatag.tags_helper.test','06df2dd7253fd9ccf9ad808bbd5e4e0cea0d957c0b1b04dc16521f45050cb140'),('sites/all/modules/metatag/tests/metatag.term.test','17eea8630ab9d8214f9ba98026ace51c1959075b17ebad9296cd7247a52cea95'),('sites/all/modules/metatag/tests/metatag.term.with_i18n.test','a4077469d59a680356ac5d28d172dd80775b259ebadf57ca9511c4c9eeecc5d5'),('sites/all/modules/metatag/tests/metatag.unit.test','50b36a91f2734ce6ce49fb97f23b38ebd8796ec6bd0a2d9a877e98db29b09114'),('sites/all/modules/metatag/tests/metatag.user.test','8ff10c6e702c9c2da656b7ebf7d76d4571d03fd7bd843a073fb5f9f5179847ae'),('sites/all/modules/metatag/tests/metatag.with_i18n_config.test','09dea620351bc29f5f2330ba7da3f43f3d8c47411d06b80265caf1ab00b4f6b9'),('sites/all/modules/metatag/tests/metatag.with_i18n_disabled.test','9fe35a95ddc3288b29a573e3fef71714b3cd8492854f2342fce6f055b176c371'),('sites/all/modules/metatag/tests/metatag.with_i18n_output.test','40935025e0311277318ac7bfc23fd870add37854c72f1537a0482344ba2fad1f'),('sites/all/modules/metatag/tests/metatag.with_me.test','3222badbeaaad672073e735500c6739fb8462d7d48446a72aeaf573f73e18b33'),('sites/all/modules/metatag/tests/metatag.with_media.test','c6817fb58ffe23da27bd36c6605d9e06811aa7d703a21af8c96c3cce08cb997d'),('sites/all/modules/metatag/tests/metatag.with_panels.test','1481a81c17e2348c8a8b87104fe3d1d972ab7b2e0f926015d3a6428d02341ff4'),('sites/all/modules/metatag/tests/metatag.with_profile2.test','16994ce7b16786d1c4c66856663bdfdd7ab6d8a13522eeceb467561fd4847f9c'),('sites/all/modules/metatag/tests/metatag.with_search_api.test','457a284c23e5b99e48ca76d80034e55a02a7ee09d1b681f86cd6ee994eee4fa1'),('sites/all/modules/metatag/tests/metatag.with_views.test','07e46b378574b985470ed2b707967714706b50ddaa8dd8f7e6d6ae3c86afc7ec'),('sites/all/modules/metatag/tests/metatag.with_workbench_moderation.test','8c40e9689e26f7bfc141307ec491b8674d782a307094a7de124a51f76fb456f5'),('sites/all/modules/metatag/tests/metatag.xss.test','2112163000c2ff1a58ce8090347df32597eb132f6c4d1851ecb4e70c37f7ba84'),('sites/all/modules/module_filter/css/module_filter.css','2813d8a7a9cca73ac2e7a5e3979d6e913f78cc36dbfe5e21c412eeb9a8fe97fc'),('sites/all/modules/module_filter/css/module_filter_tab.css','4e505f0aa9e9ba6306f0c1fe900ec5efcdd6de983748e4eee9491ebb03d85c63'),('sites/all/modules/module_filter/js/module_filter.js','4bb9003d81e4ad063abb22e6820fd35072bb1bcb6a340c7d8034bbc6c5e81b95'),('sites/all/modules/module_filter/js/module_filter_tab.js','bb0ce3b3bddc0255175b2e3d0700206b1c10b645c7382d22ff7b897fedc9e750'),('sites/all/modules/module_filter/module_filter.admin.inc','15784b28ac9e77ba6e299b1a60b5d3176dc6fa3ecaba50dc60a1e0c56f925192'),('sites/all/modules/module_filter/module_filter.install','46a1159d2f88bb2db41a8c4c1378c6385d02d0aa689cc2940ecd4924d508c9f5'),('sites/all/modules/module_filter/module_filter.module','31d1273dbf8896a75abaf22a851b20f3653defacac9432ef5d430dc520998560'),('sites/all/modules/module_filter/module_filter.theme.inc','2f052942faf0585ee84dc90cf88152450a7a0cc09b958dd59526970d363ffe3a'),('sites/all/modules/pathauto/pathauto.migrate.inc','31084f25620be5620aecf9d60356dba662b6eda426c0c94ba996821110e4b1cc'),('sites/all/modules/pathauto/pathauto.test','1297560df48bad9b325d775d3bc64a411c03a0fd630c5e53ff8e46c4550a6977'),('sites/all/modules/scheduler/scheduler.install','cdf75e1bba010955efedba29d2ba4a62d86f68cfcb8cf1242dfe2abbd6d7eb1a'),('sites/all/modules/scheduler/scheduler.module','8168f4d081c874c6dedbad0e8d4c34ea0e37e5d19d8f078a7245fa9b773944e3'),('sites/all/modules/scheduler/scheduler.test','f85ef2f59f9b6223581f5ab82832a4a858edb5416250e89613555a548c78b110'),('sites/all/modules/scheduler/scheduler.views.inc','5bac75bb590b5326118f3d27f92237614dcbef6df1ce1d0a23398b68167847e6'),('sites/all/modules/scheduler/scheduler_handler_field_scheduler_countdown.inc','7dda2e546abad15078643d7f01d79b15f70ed17d537198dfa4eb93627b835240'),('sites/all/modules/scheduler/tests/scheduler_api.test','4d3318f53a2878e4f0213ffb9e06dddf74e7e9bd2faa6a6bf6c487611e896274'),('sites/all/modules/semanticviews/semanticviews_plugin_row_fields.inc','c11358b33da45688d5efbbe47df878618f1782260cc31b1e1644add1b81928ef'),('sites/all/modules/semanticviews/semanticviews_plugin_style_default.inc','e370e6493c3b6a748c0ef75506b1663a308356a3464fff6db6e4ce6931d3b1ee'),('sites/all/modules/site_map/site_map.test','23f26e0a2da8f87297e0b3673bdcd796fd0afdb9fe3a991301b66a9d864a67d4'),('sites/all/modules/smtp/smtp.mail.inc','9958bf38b041e2598d37bcbcfb70adadca06d4e5734506c1a518bf23ec6bf32f'),('sites/all/modules/smtp/smtp.phpmailer.inc','398ce4ebf7478970d76fb3757933675d5fa3407d9b9a376786cfda26708ff6ae'),('sites/all/modules/smtp/smtp.transport.inc','202155876c446233a8a879965157a5ee43e4c2e8b8f702f21866e1549bdbd601'),('sites/all/modules/smtp/tests/smtp.unit.test','376c3739f03b91ad4e094f287599a279dc3bba612c3af7b85bf6b4c66fe07baf'),('sites/all/modules/token/token.test','79c44cc6bb46caa41eaf371df9c77d7ef98bbee7d96c04ca1039375dc6674961'),('sites/all/modules/views/handlers/views_handler_area.inc','95d4374c805c057c9855304ded14ce316cdee8aca0744120a74400e2a8173fae'),('sites/all/modules/views/handlers/views_handler_area_messages.inc','de94f83a65b47d55bbb4949fcf93dd4ad628a4a105cea2b47cdc22593f3e5925'),('sites/all/modules/views/handlers/views_handler_area_result.inc','f406d7e4409545ffea2e56c9a10f87f20adef2276c6d6bbc8003885cccc8ca3b'),('sites/all/modules/views/handlers/views_handler_area_text.inc','531d0ac3b64206970593762df0abac60524f607253c3af876dd66ba747786dce'),('sites/all/modules/views/handlers/views_handler_area_text_custom.inc','35b702060c192b0adf6601ed437d0a02effd3accb71c07d6156013c8be9d5a15'),('sites/all/modules/views/handlers/views_handler_area_view.inc','e604b5716d9ea202ab0b8e51d2bd0a4a8eeab461db0a74bf37745d6cbba25c41'),('sites/all/modules/views/handlers/views_handler_argument.inc','1f0498d1878e331f59b9f0cc87b67df330437c736e565a05fe1a14ab65ec3f26'),('sites/all/modules/views/handlers/views_handler_argument_date.inc','1b423d5a437bbd8ed97d0bfb69c635d36f15114699a7bc0056568cc87937477d'),('sites/all/modules/views/handlers/views_handler_argument_formula.inc','5a29748494a7e1c37606224de0c3cac45566efe057e4748b6676a898ac224a61'),('sites/all/modules/views/handlers/views_handler_argument_group_by_numeric.inc','b8d29f27592448b63f15138510128203d726590daef56cf153a09407c90ec481'),('sites/all/modules/views/handlers/views_handler_argument_many_to_one.inc','b2de259c2d00fe7ed04eb5d45eb5107ce60535dd0275823883cc29b04d1a3974'),('sites/all/modules/views/handlers/views_handler_argument_null.inc','26699660fd0915ec078d7eb35a93ef39fd53e3a2a4841c0ac5dbf0bb02207bee'),('sites/all/modules/views/handlers/views_handler_argument_numeric.inc','ae23d847fa0f1e92baec32665a8894e26660999e338bebffb49ee42daac5a063'),('sites/all/modules/views/handlers/views_handler_argument_string.inc','f8fe4daf0a636cc93d520a0d5ff212840d8bdaa704ddc3c59a24667f341ed3a1'),('sites/all/modules/views/handlers/views_handler_field.inc','3d059d737e738436a15651f9ac8374f460a71eb569619ba0a8a14a55a3efc87e'),('sites/all/modules/views/handlers/views_handler_field_boolean.inc','dc00b916a223935e05f51d94a2dffbaf430b162517072f7c2122332af41e8fc2'),('sites/all/modules/views/handlers/views_handler_field_contextual_links.inc','2f54701c9f71a4a525e724a6787b5e0089a3c38e426d1925bf8344d017d571bf'),('sites/all/modules/views/handlers/views_handler_field_counter.inc','865a5ad7df830dae9e167709446e66cebf3e32e91ec05b5c2b887c96d0d6b0d8'),('sites/all/modules/views/handlers/views_handler_field_ctools_dropdown.inc','a78c424ef884ae9878c0b140d532bdf3b116fdc0e8a7cd519848c675d5b1a5a6'),('sites/all/modules/views/handlers/views_handler_field_custom.inc','a3d25fc20401ae0a1af4b7d6e83376a5b7dc18ab0aed17a3c6d81e2314cf19f8'),('sites/all/modules/views/handlers/views_handler_field_date.inc','79cb6583981104d70d20393fe62281c749680f375cb67355635ef00688258934'),('sites/all/modules/views/handlers/views_handler_field_entity.inc','909ab36aff896ad8fa4306d95a052172ec27e471ab385a035fcadef8d019e0f9'),('sites/all/modules/views/handlers/views_handler_field_links.inc','331a7c8e68a9a94a41a0d7e3e2b6a5c8436792cf244b409ffd732f9cbbab3642'),('sites/all/modules/views/handlers/views_handler_field_machine_name.inc','df2fe47cf9c6d2e7de8627c08da809fb60883c38697340966f303c223e22aee4'),('sites/all/modules/views/handlers/views_handler_field_markup.inc','a0c652fdf47f7efe35bbf2371f00e230409fe90ea0038eb101bf0c93ae0718e9'),('sites/all/modules/views/handlers/views_handler_field_math.inc','08c9fb88b20ca346ee3dc29773b2341ea294ba85b659dbd8c1cc92a9ddf900e8'),('sites/all/modules/views/handlers/views_handler_field_numeric.inc','1e36f9d55b4cfeb268068e5c9bd6f326999c04191485d3db4610e94e6f57fad9'),('sites/all/modules/views/handlers/views_handler_field_prerender_list.inc','0fe605bf457886fbca5f041a422fc51c6a1927654dcd06cbfc619496fe57de0e'),('sites/all/modules/views/handlers/views_handler_field_serialized.inc','ad3d82a9f37ae4c71a875526c353839da2ff529351efc7861f8b7c9d4b5a47db'),('sites/all/modules/views/handlers/views_handler_field_time_interval.inc','280d569784312d19dabfb7aeb94639442ae37e16cba02659a8251de08a4f1de2'),('sites/all/modules/views/handlers/views_handler_field_url.inc','7ca57a8dcc42a3d1e7e7ec5defa64a689cb678073e15153ff6a7cafe54c90249'),('sites/all/modules/views/handlers/views_handler_filter.inc','4c8937c5b6399c42bb6659169f5c8563ca415fd7effab1ddeeebf2bb6b9a8011'),('sites/all/modules/views/handlers/views_handler_filter_boolean_operator.inc','f4ca59e4e1f91f219a1b33690a4ad412269946804fe7cacf24f2574b2c6d8599'),('sites/all/modules/views/handlers/views_handler_filter_boolean_operator_string.inc','0ddd32cda535112c187de1c062797849ff90d9b312a8659056e76d2d209f694a'),('sites/all/modules/views/handlers/views_handler_filter_combine.inc','802f033bba6a9965896b02e3c3e0ea4493e4be282f2c5444ebbeec7e8a478072'),('sites/all/modules/views/handlers/views_handler_filter_date.inc','fb63877ecfa64f2be8557a21dcf34e28b59c4a9c5f561f55738162d2301c4aa1'),('sites/all/modules/views/handlers/views_handler_filter_entity_bundle.inc','02db977a67a09f70bdc8e2bbc46a05fff8a6d8bd6423308c95418476e84714a3'),('sites/all/modules/views/handlers/views_handler_filter_equality.inc','2100cdd7f5232348adae494c5122ba41ff051eee0a8cc14aeaf6a66202cb7ed1'),('sites/all/modules/views/handlers/views_handler_filter_fields_compare.inc','e116c3796f1bd409b150f5ab896b9bab956d6e71a82e5770ed6fde44605751b2'),('sites/all/modules/views/handlers/views_handler_filter_group_by_numeric.inc','9401c4c0fe0d678898e5288ef8152784a12e0743df21dec15457353eb2cdb01d'),('sites/all/modules/views/handlers/views_handler_filter_in_operator.inc','8fd7f075468bddde5c4208b1c3a6105f8fea0ac0c214452a37c00fc2f3453a7d'),('sites/all/modules/views/handlers/views_handler_filter_many_to_one.inc','b4a415c2824195d3d7d0e37ada9d69ebec0b9cd833ebcac2439efc20aac15595'),('sites/all/modules/views/handlers/views_handler_filter_numeric.inc','8a999227d17674a70381ab8b45fbdc91269a83a45e5f7514607ed8b4a5bf6a9f'),('sites/all/modules/views/handlers/views_handler_filter_string.inc','140006335ac5b19b6253b431afde624db70385b9d22390b8c275296ae469cc7b'),('sites/all/modules/views/handlers/views_handler_relationship.inc','4fefdb6c9c48b72dcfe86484123b97eb5f5b90b6a440d8026d71f74dccbd1cd6'),('sites/all/modules/views/handlers/views_handler_relationship_groupwise_max.inc','47dcfe351159b10153697c17b3a92607edb34a258ba3b44087c947b9cc88e86f'),('sites/all/modules/views/handlers/views_handler_sort.inc','06aab8d75f3dce81eb032128b8f755bfff752dcefc2e5d494b137bca161fdefa'),('sites/all/modules/views/handlers/views_handler_sort_date.inc','d7e771abf74585bd09cc8e666747a093f40848b451de8ba67c8158317946f1b2'),('sites/all/modules/views/handlers/views_handler_sort_group_by_numeric.inc','4ba1c38c9af32789a951b8f9377e13631ae26bf1dac3371b31a37ead25b32eb8'),('sites/all/modules/views/handlers/views_handler_sort_menu_hierarchy.inc','ccd65ea3b3270366b7175e2cd7cc9167a09c27e1486949e4a05495ff5c7be5c1'),('sites/all/modules/views/handlers/views_handler_sort_random.inc','05a00c3bf76c3278ae0ce39a206a6224089faf5ac4a00dd5b8a558f06fab8e46'),('sites/all/modules/views/includes/base.inc','5ad8155dbc31cc4460b65747d99b70a64a83f6fefa00231c8d965293a7a183ee'),('sites/all/modules/views/includes/handlers.inc','5cab753c012d357ce2a10b645eca4254b3647fdfe2452510eee37c8a12639a14'),('sites/all/modules/views/includes/plugins.inc','11c03b1c69be7e9969ec0665b07ddfe170c9505f8d4e862cb27f1232a2a4240e'),('sites/all/modules/views/includes/view.inc','99e60c217d6dc781ec48ae8fc841e636eee31d977936e1980a34eca28734ad2e'),('sites/all/modules/views/modules/aggregator/views_handler_argument_aggregator_category_cid.inc','97acf41d6694fd4451909c18b118f482db9f39aa4b8c5cfa75d044d410c46012'),('sites/all/modules/views/modules/aggregator/views_handler_argument_aggregator_fid.inc','c37def91d635b01db36809141d147d263cc910895e11c05e73d703e86b39fd43'),('sites/all/modules/views/modules/aggregator/views_handler_argument_aggregator_iid.inc','344f2806344d9c6356f2e19d297522f53bab7a4cebdf23c76d04c85c9e0a0d8e'),('sites/all/modules/views/modules/aggregator/views_handler_field_aggregator_category.inc','252b30b832d8c0097d6878f5d56beecfc8cc1fc7cc8b5a4670d8d95a80b4f17d'),('sites/all/modules/views/modules/aggregator/views_handler_field_aggregator_title_link.inc','1bb18967b11f2f4de62075d27e483f175b5e3431622c2e5e8292afcd000beadf'),('sites/all/modules/views/modules/aggregator/views_handler_field_aggregator_xss.inc','2db2e1f0500e0a252c7367e6a92906870b3247f9d424f999c381368ee2c76597'),('sites/all/modules/views/modules/aggregator/views_handler_filter_aggregator_category_cid.inc','7c7c0690c836ac1b75bca3433aca587b79aec3e7d072ce97dc9b33a35780ad4f'),('sites/all/modules/views/modules/aggregator/views_plugin_row_aggregator_rss.inc','591e5bb7272e389fe5fc2b563f8887dbc3674811ffbb41333d36a7a9a1859e56'),('sites/all/modules/views/modules/book/views_plugin_argument_default_book_root.inc','bd3bd9496bf519b1688cf39396f3afa495a29c8190a3e173c0740f4d20606a53'),('sites/all/modules/views/modules/comment/views_handler_argument_comment_user_uid.inc','5e29f7523010a074bda7c619b24c5d31e0c060cdbe47136b8b16b2f198ed4b4a'),('sites/all/modules/views/modules/comment/views_handler_field_comment.inc','a126d690cc5bf8491cb4bee4cc8237b90e86768bebbbecb8a9409a3c1e00fa9e'),('sites/all/modules/views/modules/comment/views_handler_field_comment_depth.inc','1dc353a31d3c71c67d0b3e6854d9e767e421010fbbf6a8b04a14035e5f7c097f'),('sites/all/modules/views/modules/comment/views_handler_field_comment_link.inc','1f7382f7cb05c65a7cba44e4cd58022bbc6ce5597b96228d1891d7720510bf0e'),('sites/all/modules/views/modules/comment/views_handler_field_comment_link_approve.inc','f6db8a0b4dd9fffba9d8ecb7b7363ba99d3b2dc7176436a0a6dd7a93195a5789'),('sites/all/modules/views/modules/comment/views_handler_field_comment_link_delete.inc','905a4cb1f91a4b40ee1ca1d1ded9958ae18e82286589fec100adb676769b1fe9'),('sites/all/modules/views/modules/comment/views_handler_field_comment_link_edit.inc','8139c932cde20f366a3019111c054b1ed00dbc0c40634b91239b400243b7723a'),('sites/all/modules/views/modules/comment/views_handler_field_comment_link_reply.inc','8807884efb840407696c909b9d5d07f60bde9d7f385a59eca214178ce5369558'),('sites/all/modules/views/modules/comment/views_handler_field_comment_node_link.inc','64746ff2b80a5f8e83b996a325c3d5c8393934c331510b93d5815ea11c1db162'),('sites/all/modules/views/modules/comment/views_handler_field_comment_username.inc','1ce3fa61b3933a3e15466760e4c5d4a85407ba4c8753422b766fc04395fa4d02'),('sites/all/modules/views/modules/comment/views_handler_field_last_comment_timestamp.inc','30c55ec6d55bf4928b757f2a236aab56d34a8e6955944a1471e9d7b7aed057c0'),('sites/all/modules/views/modules/comment/views_handler_field_ncs_last_comment_name.inc','82025f3ad22b63abc57172d358b3f975006109802f4a5ecac93ce3785c505cae'),('sites/all/modules/views/modules/comment/views_handler_field_ncs_last_updated.inc','facfbc5defd843f4dfb60e645f09a784234d87876628c8de98d2dfa6bb98a895'),('sites/all/modules/views/modules/comment/views_handler_field_node_comment.inc','0cf9e8fb416dca35c3b9df3125eb3a8585f798c6a8f8d0e1034b1fccb5cec38b'),('sites/all/modules/views/modules/comment/views_handler_field_node_new_comments.inc','e0830d1f70dea473e46ab2b86e380ef741b2907f033777889f812f46989f2ff7'),('sites/all/modules/views/modules/comment/views_handler_filter_comment_user_uid.inc','f526c2c4153b28d7b144054828261ba7b26566169350477cd4fb3f5b5f280719'),('sites/all/modules/views/modules/comment/views_handler_filter_ncs_last_updated.inc','9369675dfee24891fe19bddf85a847c275b8127949c55112ae5cb4d422977d24'),('sites/all/modules/views/modules/comment/views_handler_filter_node_comment.inc','70706c47bad9180c2426005da6c178ed8d27b75b28cb797ca2a1925a96dcef09'),('sites/all/modules/views/modules/comment/views_handler_sort_comment_thread.inc','a64bc780cba372bd408f08a5ea9289cdf3d40562bdf2f7320657be9a9f6c7882'),('sites/all/modules/views/modules/comment/views_handler_sort_ncs_last_comment_name.inc','9f039e8b8a046c058fda620804e3503be7b3e7e3e4119f0b015ccbae0922635b'),('sites/all/modules/views/modules/comment/views_handler_sort_ncs_last_updated.inc','fa8b9c3614ad5838aa40194940d9dc6935175a16e141ac919f40e74a7428c4e3'),('sites/all/modules/views/modules/comment/views_plugin_row_comment_rss.inc','96f651234e30a3aff805ae9a524c99813a286bf75b5a9fd8da2d7d4fbec50810'),('sites/all/modules/views/modules/comment/views_plugin_row_comment_view.inc','82d7296fa3109ca170f66f6f3b5e1209af98a9519bb5e4a2c42d9fc0e95d7078'),('sites/all/modules/views/modules/contact/views_handler_field_contact_link.inc','ec783b215a06c89c0933107a580c144051118305dd0129ac28a7fea5f95a8fd5'),('sites/all/modules/views/modules/field/views_handler_argument_field_list.inc','eff5152a2c120425a2a75fe7dbcb49ed86e5d48392b0f45b49c2e7abee9fa72b'),('sites/all/modules/views/modules/field/views_handler_argument_field_list_string.inc','534af91d92da7a622580ab8b262f9ef76241671a5185f30ba81898806c7b7f15'),('sites/all/modules/views/modules/field/views_handler_field_field.inc','94ff7382dba773fc637c777e20b810ae7d4aa4936fb0bc067e6a3824ba929d2d'),('sites/all/modules/views/modules/field/views_handler_filter_field_list.inc','3b55cd0a14453c95ebd534507ab842a8505496d0b7e4c7fcd61c186034c7322d'),('sites/all/modules/views/modules/field/views_handler_filter_field_list_boolean.inc','d33035e141ca686b3f18da1e97adaa1ff8e5d1db266340d3030e873a744685e2'),('sites/all/modules/views/modules/field/views_handler_relationship_entity_reverse.inc','060035c5430c81671e4541bcf7de833c8a1eb3fa3f3a9db94dd3cebfa4299ef1'),('sites/all/modules/views/modules/filter/views_handler_field_filter_format_name.inc','fc3f074ffb39822182783a8d5cf2b89ffcc097ccbb2ed15818a72a99e3a18468'),('sites/all/modules/views/modules/locale/views_handler_argument_locale_group.inc','c8545411096da40f48eef8ec59391f4729c884079482e3e5b3cdd5578a1f9ad7'),('sites/all/modules/views/modules/locale/views_handler_argument_locale_language.inc','a1b6505bb26e4b3abce543b9097cd0a7b8cddf00bf1e49fbba86febebb0f4486'),('sites/all/modules/views/modules/locale/views_handler_field_locale_group.inc','5b62afe18f92ee4a5fb49eb0995e65b4744bbe3b9c24ffe8f6c21f3191c04afc'),('sites/all/modules/views/modules/locale/views_handler_field_locale_language.inc','0cc08bd2d42e07f26e7acc92642b36f0ac62bf23ee9ba3fd21e6cab9a80e9f72'),('sites/all/modules/views/modules/locale/views_handler_field_locale_link_edit.inc','3883d3f37030d6d8e397e79ccb99ec3cb715ba7a789510f4b79b7515e314e7ae'),('sites/all/modules/views/modules/locale/views_handler_field_node_language.inc','a6ccdb6c1c4df3b4fd31b714f5aa4ac99771ffce63439d6c5de6c0ae2f09a2c1'),('sites/all/modules/views/modules/locale/views_handler_filter_locale_group.inc','40fbc041bab64f336f59d1e0593f184b879b2a0c9e2a6050709bdc54cceb2716'),('sites/all/modules/views/modules/locale/views_handler_filter_locale_language.inc','3433893d988aad36b918dd6214f5258b701506bc9c0c6a72fd854a036b635e20'),('sites/all/modules/views/modules/locale/views_handler_filter_locale_version.inc','9337ea5216784ffc67a0aa45c946e65ad11fc40849189cc70911a81366b78620'),('sites/all/modules/views/modules/locale/views_handler_filter_node_language.inc','d7edea3f35891cc76aa3bb185b9c1404378623ea7fd214c2a1f0d824df12779a'),('sites/all/modules/views/modules/locale/views_handler_sort_node_language.inc','b7b70efcf7de1f4dee4722ac8aa16031f17d62e60b1b5772f9985cadf91e4415'),('sites/all/modules/views/modules/node/views_handler_argument_dates_various.inc','80ee0e32fd48de1fa9d91645f27f7f26e8700acd3b1120a6d414bb1a794f6d0e'),('sites/all/modules/views/modules/node/views_handler_argument_node_language.inc','7ee3ba02bddaa6aeef9961cdf6af7bb386fc2b12529f095b28520bb98af51775'),('sites/all/modules/views/modules/node/views_handler_argument_node_nid.inc','11c5b62413ffd1b2c66d4b60a2fe21cf6eb839ae40d4ef81c7a938c5be3e30de'),('sites/all/modules/views/modules/node/views_handler_argument_node_type.inc','9e21b4cc4ae861f58c804ea7e2c17fbc5dd2a7938b9abfeb54437b531fc95e6e'),('sites/all/modules/views/modules/node/views_handler_argument_node_uid_revision.inc','675c99f8da9748ac507e202f546914bee3ed4065f6ce83a23a2aaafdaefd084e'),('sites/all/modules/views/modules/node/views_handler_argument_node_vid.inc','7e5da5594a336c1d0f4cf080ab3fcd690e0de1ee6b5e1830b5fb76a46bced19c'),('sites/all/modules/views/modules/node/views_handler_field_history_user_timestamp.inc','7d6d9c8273d317ab908d4873a32086dbd5f78a2b2d07b7ed79975841a2cadea6'),('sites/all/modules/views/modules/node/views_handler_field_node.inc','99a0ef52b68e8913eb3563d5c47097c09e46c6493fcb006f383c6f6798edb7fc'),('sites/all/modules/views/modules/node/views_handler_field_node_link.inc','26d8309a3a9140682d7d90e4d16ff664a3d7ce662af6ccbf75dc4c493515d7d9'),('sites/all/modules/views/modules/node/views_handler_field_node_link_delete.inc','3eeed8c9ffc088ee28b8ffaa5e2b084db24284acc4d1b2e69f90c96cc889016d'),('sites/all/modules/views/modules/node/views_handler_field_node_link_edit.inc','28f8c3b7d3d60c31fec3cdf81c84cfbb20f492220457694a0e150c3ddee030c0'),('sites/all/modules/views/modules/node/views_handler_field_node_path.inc','f392fde21e434fd40fc672546ef684780179d91827350ba9c348bb1cc5924727'),('sites/all/modules/views/modules/node/views_handler_field_node_revision.inc','3f510d58acaa8f844292b86c388cb1e78eac8c732bb5e7c9e92439c425710240'),('sites/all/modules/views/modules/node/views_handler_field_node_revision_link.inc','ace72f296cf4a4da4b7dd7b303532aebf93b6b1c18a5d30b51b65738475e3889'),('sites/all/modules/views/modules/node/views_handler_field_node_revision_link_delete.inc','0a36602f080c4ef2bb5cb7dbddc5533deab7743c2fbf3bd88b9e478432cac7fb'),('sites/all/modules/views/modules/node/views_handler_field_node_revision_link_revert.inc','80ddc7f0c001fde9af491bb22d6044b85324fe90bea611fc3822408fd60008fa'),('sites/all/modules/views/modules/node/views_handler_field_node_type.inc','f8f39c6f238f837270d1b2e42e67bf9ab400a37fe24246c8b86dfcfacc1c4fd9'),('sites/all/modules/views/modules/node/views_handler_field_node_version_count.inc','1298f7f7ee4b6e6e2957b266fbb7c63e102b9d7e9ccca8d5a86592736bce9493'),('sites/all/modules/views/modules/node/views_handler_filter_history_user_timestamp.inc','2970f270e071cad079880e9598d9f7b71d4dd2a2a42a31cd4489029a3cafe158'),('sites/all/modules/views/modules/node/views_handler_filter_node_access.inc','ca625167c8928f1c5b354c27c120ed9b19c1df665dc3b02ed6d96b58194d6243'),('sites/all/modules/views/modules/node/views_handler_filter_node_status.inc','f7099a59d3f237f2870ecb6b0b5e49dd9d785b1085e94baf55687251e7f3231b'),('sites/all/modules/views/modules/node/views_handler_filter_node_type.inc','6842082e7b6e131d6e002e627e6b4490b93ca6ffe7fc0b158d31843217c8c929'),('sites/all/modules/views/modules/node/views_handler_filter_node_uid_revision.inc','2cfe9ba95e5ea8c240a57cfa1bed58385cbfed0c7f35e3d8c4da6d873b5a61fa'),('sites/all/modules/views/modules/node/views_handler_filter_node_version_count.inc','de61f3547604e5905486cdae5f5e94d1a45bdac4d3c43157193dd6fe0dd6473c'),('sites/all/modules/views/modules/node/views_handler_sort_node_version_count.inc','ce2a392319ebed3dbb2b660f3d6f4c6690b1cd46cf6b1c01802f12158114c4c4'),('sites/all/modules/views/modules/node/views_plugin_argument_default_node.inc','7fb79c8f4adb9bcef7c7da4bf4046fe3490e16c244f6ab96fdca97a8567315ff'),('sites/all/modules/views/modules/node/views_plugin_argument_validate_node.inc','f10d3f4081eed5ca32c41b67e9a0e6f35b2f8ba2cd7897230cb5a680b410a6de'),('sites/all/modules/views/modules/node/views_plugin_row_node_rss.inc','1e55454684102fad08c947695c370a890a22ea22c3c9aca3207f2299aa3daf7e'),('sites/all/modules/views/modules/node/views_plugin_row_node_view.inc','6b7dfe1a3b16eae682b2664a48bb6af16f040b4ca2c8e71f8b771a0577a66bae'),('sites/all/modules/views/modules/profile/views_handler_field_profile_date.inc','e206509ef8b592e602e005f6e3fa5ba8ef7222bdb5bacd0aaeea898c4001e9b0'),('sites/all/modules/views/modules/profile/views_handler_field_profile_list.inc','da5fa527ab4bb6a1ff44cc2f9cec91cf3b094670f9e6e3884e1fedce714afe6f'),('sites/all/modules/views/modules/profile/views_handler_filter_profile_selection.inc','758dea53760a1b655986c33d21345ac396ad41d10ddf39dd16bc7d8c68e72da7'),('sites/all/modules/views/modules/search/views_handler_argument_search.inc','9de18defd5d9320b6333dc496627657be1dd8ccb145dfc136a80f1bcee6e1f55'),('sites/all/modules/views/modules/search/views_handler_field_search_score.inc','711af637c864b775672d9f6203fc2da0902ed17404181d1117b400012aac366f'),('sites/all/modules/views/modules/search/views_handler_filter_search.inc','aa2ae23905b84b77ee6042f8f26542eedd7422bdd7518255a289db7da0f6400b'),('sites/all/modules/views/modules/search/views_handler_sort_search_score.inc','9d23dd6c464d486266749106caec1d10cec2da1cc3ae5f907f39056c46badbdf'),('sites/all/modules/views/modules/search/views_plugin_row_search_view.inc','bc25864154d4df0a58bc1ac1148581c76df36267a1d18f8caee2e3e1233c8286'),('sites/all/modules/views/modules/statistics/views_handler_field_accesslog_path.inc','7843e5f4b35f4322d673b5646e840c274f7d747f2c60c4d4e9c47e282e6db37d'),('sites/all/modules/views/modules/statistics/views_handler_field_node_counter_timestamp.inc','a1de51345d268dc0f080104ff9ae4c9ca1f7a2dd45560a59630b2bb03bdc54c9'),('sites/all/modules/views/modules/statistics/views_handler_field_statistics_numeric.inc','b46b6b14e14631941ac2dc9baf0b1290c148f42801f05cb419f84a2091d03e40'),('sites/all/modules/views/modules/system/views_handler_argument_file_fid.inc','e9bf1fdf12f210f0a77774381b670c77ee88e7789971ce732b254f6be5a0e451'),('sites/all/modules/views/modules/system/views_handler_field_file.inc','0fff4adb471c0c164a78f507b035a68d41f404ab10535f06f6c11206f39a7681'),('sites/all/modules/views/modules/system/views_handler_field_file_extension.inc','768aa56198c7e82327391084f5dd27d7efdb8179ff6b8c941f892fe30469a0da'),('sites/all/modules/views/modules/system/views_handler_field_file_filemime.inc','bdd7f1255f3000f7f2900341d4c4ca378244b96390ef52a30db2962d017b61a4'),('sites/all/modules/views/modules/system/views_handler_field_file_status.inc','bfb0b9d796a4dbf95c4bb7a3deef7724bcda9e0d9067939b74ec787da934f2b0'),('sites/all/modules/views/modules/system/views_handler_field_file_uri.inc','350d7dde27ee97cb4279360374eb8633ce7fee115a109346bea85c2c4e3a68c2'),('sites/all/modules/views/modules/system/views_handler_filter_file_status.inc','9210a34795f9db36974525e718c91c03c28554da1199932791925d7c4a2f3b11'),('sites/all/modules/views/modules/system/views_handler_filter_system_type.inc','d27513703a75c4d8af79b489266cf4102a36e350c3d90404dab24403ab637205'),('sites/all/modules/views/modules/taxonomy/views_handler_argument_taxonomy.inc','8962fa76f1e03316932468b0fd805817af94726beb82bf9f4786e0c709264662'),('sites/all/modules/views/modules/taxonomy/views_handler_argument_term_node_tid.inc','e50f47ac64a93c2a43b6bd940119dee46b9f25f79f5d25a93fd0df7d707c93ab'),('sites/all/modules/views/modules/taxonomy/views_handler_argument_term_node_tid_depth.inc','5b2806fbad4a6cc104e733a3a0faf6eb1c19975930c67c4149fb3267976e0b7d'),('sites/all/modules/views/modules/taxonomy/views_handler_argument_term_node_tid_depth_join.inc','ca667646f99645c00e6dfb7eb52e2f54faf848be41c99af5caf2201dcd56926b'),('sites/all/modules/views/modules/taxonomy/views_handler_argument_term_node_tid_depth_modifier.inc','d85ebe68290239b25fc240451655b825325854e9707cf742fbd75de81e0f1aa7'),('sites/all/modules/views/modules/taxonomy/views_handler_argument_vocabulary_machine_name.inc','888647527bec3444b2d0a571a77900396d7c5e884bca04a2a3667a61f6377b5e'),('sites/all/modules/views/modules/taxonomy/views_handler_argument_vocabulary_vid.inc','bf4be783ef6899f004f4dbd06c1bf2cd6dbc322678c825eec36bee81d667e81f'),('sites/all/modules/views/modules/taxonomy/views_handler_field_taxonomy.inc','fcafbbf79b79829eff211aa69580aa746b6d21a29416758bd43e25b5433f9a02'),('sites/all/modules/views/modules/taxonomy/views_handler_field_term_link_edit.inc','3da63f6feb1fa3312853b54585d761d037dac8841b4c06e01e35463c9098064a'),('sites/all/modules/views/modules/taxonomy/views_handler_field_term_node_tid.inc','d7bb6f685b85de9f9cc87500b3e5a07493832f032d826e20700bbd1baa020a61'),('sites/all/modules/views/modules/taxonomy/views_handler_filter_term_node_tid.inc','6ecc68ee0efaaedd1ae8b290e587955a7d6c3ea361f671921167df55d353922e'),('sites/all/modules/views/modules/taxonomy/views_handler_filter_term_node_tid_depth.inc','0b05ec052dcc03081e20338808dda17beb0bdf869b0cfc1375ca96cfb758c22a'),('sites/all/modules/views/modules/taxonomy/views_handler_filter_term_node_tid_depth_join.inc','76d59ca83bdcb40493055829a9132646ed89478d7eb6e468db2d879e66e3794c'),('sites/all/modules/views/modules/taxonomy/views_handler_filter_vocabulary_machine_name.inc','f1787b436b914cfe5ca6f2575d4c0595f4f496795711d6e8a116a39986728b0a'),('sites/all/modules/views/modules/taxonomy/views_handler_filter_vocabulary_vid.inc','2a4d7dfbb6b795d217e2617595238f552bbea04b80217c933f1ee9978ceb7a0e'),('sites/all/modules/views/modules/taxonomy/views_handler_relationship_node_term_data.inc','0bfd4c7882054565fb4ff52cf5697fe8cffca69d24717ebc37e6eacc14fe2312'),('sites/all/modules/views/modules/taxonomy/views_plugin_argument_default_taxonomy_tid.inc','fc4c3ace525162fc922de581af0710c7d92dc355e9630040a29a5c3a6ab7f9af'),('sites/all/modules/views/modules/taxonomy/views_plugin_argument_validate_taxonomy_term.inc','8a9d828e5e4387d831172a5c658fac8ef584d843be6c95e9b4e357af6c8f97de'),('sites/all/modules/views/modules/tracker/views_handler_argument_tracker_comment_user_uid.inc','91f5b7e9537942eee7a1798906f772cb9806eebfdc201c54fcdecf027cd71d0f'),('sites/all/modules/views/modules/tracker/views_handler_filter_tracker_boolean_operator.inc','5efea908902052d68141017b6f29f17381e7bb8ebb6d88245471926f0a552207'),('sites/all/modules/views/modules/tracker/views_handler_filter_tracker_comment_user_uid.inc','05e07f74d1e3978afd4c80a9b4bd72444872b84a44949a512f1d3040ce28421c'),('sites/all/modules/views/modules/translation/views_handler_argument_node_tnid.inc','b0e3c87d3790cfa2e265f3d9700f2b3c2857932aa4b6e003e5d0114fc1b4d499'),('sites/all/modules/views/modules/translation/views_handler_field_node_link_translate.inc','27a1ac81b50d4807d9a1eff4c5dc8929e4472f9d363f70f5391a794db73424a2'),('sites/all/modules/views/modules/translation/views_handler_field_node_translation_link.inc','641ff25cd317bb803de2ace4bd23e8c5f5af5ba4ac38aab7be2fdc58fbb9e86a'),('sites/all/modules/views/modules/translation/views_handler_filter_node_tnid.inc','0942fd793740e3aec032a1abb7132f53788a9cdeaeb3d931cac908ac30b73950'),('sites/all/modules/views/modules/translation/views_handler_filter_node_tnid_child.inc','2a7a96d6caa4a99996549be0457bf40fa619731543a636d4573e55c190c64c7a'),('sites/all/modules/views/modules/translation/views_handler_relationship_translation.inc','9137c85f5ca309d4ee0d3243c470563a5853f5926b8cbd3e843438d4308c9516'),('sites/all/modules/views/modules/user/views_handler_argument_users_roles_rid.inc','72da80e7f3c6980da024d86f37ba3721021cc1ead2cfcc1ab9b27897b7b5077a'),('sites/all/modules/views/modules/user/views_handler_argument_user_uid.inc','a4af1bdc1ec5e40587c22c14e839980050baaa346c9d5934ef3f01794932cdc5'),('sites/all/modules/views/modules/user/views_handler_field_user.inc','1a2141524e43d86b52c7828fe6df61dd603ad433743c1139cfc5cc28ccb5ce74'),('sites/all/modules/views/modules/user/views_handler_field_user_language.inc','5a3da9e08ebeebbcb5abc6a9b16e0d380c5bb5c57b608afb540a3ca6dc1b2959'),('sites/all/modules/views/modules/user/views_handler_field_user_link.inc','5a0f35d5305a29816658385ecbd804bf43c92d4b3629fbe4bd9b8d0e9574b6ff'),('sites/all/modules/views/modules/user/views_handler_field_user_link_cancel.inc','b865881b15ce86b5a00f2892d3fc62f40131417527211275ff9a3d09d485750b'),('sites/all/modules/views/modules/user/views_handler_field_user_link_edit.inc','5d7c1155d9eccbd6b07c7446fe2b6a8848d6a500f508ac3779f16df56816f92b'),('sites/all/modules/views/modules/user/views_handler_field_user_mail.inc','b7355b704f19322afb4876cea27744367e20098d4ed973e480bf2baf1ddd111c'),('sites/all/modules/views/modules/user/views_handler_field_user_name.inc','3be11e273d7a0e8d1e1406b94ba651a6f545f9d48d94758495449b68487f4426'),('sites/all/modules/views/modules/user/views_handler_field_user_permissions.inc','ec37373524bf23ae107adda6b825570c550e6654c0f0956409fc58df2c860903'),('sites/all/modules/views/modules/user/views_handler_field_user_picture.inc','0103d136a91fb219fd981801301b7df00adf90617900ded08efbf6d7df04959b'),('sites/all/modules/views/modules/user/views_handler_field_user_roles.inc','ab5068c4f01a05c6511f7d4b973a77650d5b5c481d4a73f63b7a9b1ef9c0d138'),('sites/all/modules/views/modules/user/views_handler_filter_user_current.inc','7f70b7e3b3c10e75d95f54afc9c2fe2f1af9b7a9eab2308d2961b2588dc05845'),('sites/all/modules/views/modules/user/views_handler_filter_user_name.inc','5225e5d89051313e0e49ea833709bb4dc44369afeee970b0cfaf1818ababa22c'),('sites/all/modules/views/modules/user/views_handler_filter_user_permissions.inc','a72e8d02c1075cebfee33e5b046460eef9193b2a7c1d47ff130457e4485b6fe5'),('sites/all/modules/views/modules/user/views_handler_filter_user_roles.inc','3bb69fbc4e352ce8e4840ec78bdd0f1f29e8709097ce6b29cc2fedd2c74c023e'),('sites/all/modules/views/modules/user/views_plugin_argument_default_current_user.inc','11e729115350deffe46ebfe3a55281fa169a90e38a76c3a9d98f26c87900a22b'),('sites/all/modules/views/modules/user/views_plugin_argument_default_user.inc','fe567f009a8e20f402f104b157fd44c04d6bd886a39b2f3355104f644f905419'),('sites/all/modules/views/modules/user/views_plugin_argument_validate_user.inc','40d623b0a678fa7c292da92582f06449d0396341ab161069f0fe8d1086ab95da'),('sites/all/modules/views/modules/user/views_plugin_row_user_view.inc','6a6c1bfac677eb9ffd25870cd72939c903f2c92d6d18e3abc6c634ac153e5c2b'),('sites/all/modules/views/plugins/export_ui/views_ui.class.php','8cd921da4fc00f0441808c6d521fa9fdfc753976244518a001a6354975eb6fe8'),('sites/all/modules/views/plugins/views_plugin_access.inc','cc16bf7dc4c10eab382e948cfd91902ac1055514b627e3c50932376d3e3f1b91'),('sites/all/modules/views/plugins/views_plugin_access_none.inc','8e0a6b706c60abf63ab84d8624567ca12a5b80ad293e4334790065fbe6fa14d4'),('sites/all/modules/views/plugins/views_plugin_access_perm.inc','1807a9c91485a5abd3fb2f6590ed4bc185fdabe308db37b169be8abdfc30cab2'),('sites/all/modules/views/plugins/views_plugin_access_role.inc','8784836ea87ec6b0974125ed95ed6bbf6fdf91624f496f22c28e9229c695068d'),('sites/all/modules/views/plugins/views_plugin_argument_default.inc','43e593760f0e8f031f2e7b861385caa5e39f37de400fe4595925288c78f52f23'),('sites/all/modules/views/plugins/views_plugin_argument_default_fixed.inc','daaa3b59b54cbb11e411e010303f67a51348bb97a4e06997b475f4c41e91c4e0'),('sites/all/modules/views/plugins/views_plugin_argument_default_php.inc','7a133b603294bfe498bfdeb50fade0b6e3cf8862270376067d86f69e7dc50eb8'),('sites/all/modules/views/plugins/views_plugin_argument_default_raw.inc','4318e0dfa56f167183453cf8cd913f3b7ee539b77a096507905e36db12ded97e'),('sites/all/modules/views/plugins/views_plugin_argument_validate.inc','2ada4fdc59b366f33209c0cfc515b06e765b487091760cfa22e94ca1c028c9cb'),('sites/all/modules/views/plugins/views_plugin_argument_validate_numeric.inc','c050d3b5723dbfdca9ad312c7fa198e509c626057b95eed326820ce733dd9730'),('sites/all/modules/views/plugins/views_plugin_argument_validate_php.inc','56a09922081a5e368d5796907727e35cbf43b0d634e53f947990c8a42d5b5f3e'),('sites/all/modules/views/plugins/views_plugin_cache.inc','870ceb5dd920212f4297849046e696b50dbe35a9ad4ac28b7021a7dd03aa64d9'),('sites/all/modules/views/plugins/views_plugin_cache_none.inc','a0d0ba252e1e2b65350c7ce648b97364726fa8ded5a366bfcce30c62daee4450'),('sites/all/modules/views/plugins/views_plugin_cache_time.inc','fb55f3236b30f00f3ca5228c40115444a0e2f164a4f54e6fe07dee514e183569'),('sites/all/modules/views/plugins/views_plugin_display.inc','dd190a0984bfd20a876e6437898ec691b4f46bc7a8d2e9ef17e054d03294536f'),('sites/all/modules/views/plugins/views_plugin_display_attachment.inc','6124e2ec51eadd7500fb878c25d9c5044b4ae9b6323dbbaa40b4806b69dd4cc0'),('sites/all/modules/views/plugins/views_plugin_display_block.inc','7ad6a90efa396f68276e93e19a6273c88782d514c1f1cea6ed0b046287e16a10'),('sites/all/modules/views/plugins/views_plugin_display_default.inc','91c6554d8f41f848bf30093d44d076051c54e998f6b50bdc2a922bfeeef9c54d'),('sites/all/modules/views/plugins/views_plugin_display_embed.inc','5424f2ea9e031faade7a562b8013aea193db5b0bc1be92b97bd7967de0d7bfff'),('sites/all/modules/views/plugins/views_plugin_display_extender.inc','75fb9f80e7f153715b911690c7140f251df588e6a541fab5881fbfafc0bbf778'),('sites/all/modules/views/plugins/views_plugin_display_feed.inc','f2fb6152e12da300b9bb8e1b45621dfe921c3ce0e769970ee1532e32a3657c53'),('sites/all/modules/views/plugins/views_plugin_display_page.inc','ece0ae5d5d730ef646178b09bc41a59e091c96a6ac3b3db5bdb9e61d194787bb'),('sites/all/modules/views/plugins/views_plugin_exposed_form.inc','0632ce61b4e39f8c0f39866987e4908657020298520fcf7c2712c0135e77d95b'),('sites/all/modules/views/plugins/views_plugin_exposed_form_basic.inc','c736e1862b393e15ecc80deb58663405a1d68c2db07eb620d8e640406876cd17'),('sites/all/modules/views/plugins/views_plugin_exposed_form_input_required.inc','98b81e3b78f7242dd30a3754830bdde2fb1dfe8f002ae0daa06976f1bb64fa75'),('sites/all/modules/views/plugins/views_plugin_localization.inc','d7239cc693994dcd069c1f1e7847a7902c5bd29b8d64a93cdf37c602576661fb'),('sites/all/modules/views/plugins/views_plugin_localization_core.inc','f0900c0640e7c779e9b876223ea395f613c8fe8449f6c8eb5d060e2d54a6afcc'),('sites/all/modules/views/plugins/views_plugin_localization_none.inc','4930c3a13ddc0df3065f4920a836ffdc933b037e1337764e6687d7311f49dd8a'),('sites/all/modules/views/plugins/views_plugin_pager.inc','d7c32e38f149e9009e175395dff2b00ec429867653c7535301b705a7cc69d9ed'),('sites/all/modules/views/plugins/views_plugin_pager_full.inc','60e4dec532de00bf7e785e5fa29a0be43c7b550efa85df0346a1712a3c39f7cd'),('sites/all/modules/views/plugins/views_plugin_pager_mini.inc','0a9d101d5a4217fb888c643bfddd7bf7f2f9c0937faa2753a31452a5ee68190b'),('sites/all/modules/views/plugins/views_plugin_pager_none.inc','822cab1ada25f4902a0505f13db86886061d2ced655438b33b197d031ccceddd'),('sites/all/modules/views/plugins/views_plugin_pager_some.inc','bc6aa7cbf1bc09374eced33334195c8897e4078336b8306d02d71c7aaaa22c99'),('sites/all/modules/views/plugins/views_plugin_query.inc','475a7ff0d4c7c7e27d7971ebd909a87bdb8322c47d6023b68f50f6fe6a1ec059'),('sites/all/modules/views/plugins/views_plugin_query_default.inc','d5f89543721a3cd24f6a18114c630f741d11029d933f1b01d59f349219b747d6'),('sites/all/modules/views/plugins/views_plugin_row.inc','3ca81529526b930cfb0dda202757f203649236b90441e3c035bb79cd419ee2a6'),('sites/all/modules/views/plugins/views_plugin_row_fields.inc','875fb2868cdbcc5f7af03098cbe55b9bb91ef512e5e52ccde89f7a02a0c5fbe2'),('sites/all/modules/views/plugins/views_plugin_row_rss_fields.inc','62f4a0ceef14aec9958ee8b98d352303f10818ddc66031814cc8b9d21752ade9'),('sites/all/modules/views/plugins/views_plugin_style.inc','1ac358d216da612e1731d6b1c730d2ee57ccb8cdd31ad768ae97af542325244f'),('sites/all/modules/views/plugins/views_plugin_style_default.inc','bf411e635d2fd9e09eb245b43581a0a7b670359180ccb042d42a5e579bbe9c30'),('sites/all/modules/views/plugins/views_plugin_style_grid.inc','35094b7f644b7e0692c9026b6b6b4c4c864c37fcdedef04b359dd2bdba496a47'),('sites/all/modules/views/plugins/views_plugin_style_jump_menu.inc','53a438d8a5398877eacdbff97f3b0c418ebc2fa16e69efd5e4a31b0b986e03a3'),('sites/all/modules/views/plugins/views_plugin_style_list.inc','407b928d2c74a91903b681088bccce926d2268d0a9a6a34c185a4849dc0d7e31'),('sites/all/modules/views/plugins/views_plugin_style_mapping.inc','a6b430a148dda1b07ecee314b897c1da41ce375566adf50ee23ae1da822fddf3'),('sites/all/modules/views/plugins/views_plugin_style_rss.inc','ac72d530faffee78a1695a0b3893528ceb8451f18be0521c580485904a5ba57b'),('sites/all/modules/views/plugins/views_plugin_style_summary.inc','872df59f8f389eaf9b019e82d859dd198d31166e26a9102132e3932c7f1f2916'),('sites/all/modules/views/plugins/views_plugin_style_summary_jump_menu.inc','2ec0d225824ee65b6bb61317979e1dabe2be524a66ab19da924c6949dd31af3b'),('sites/all/modules/views/plugins/views_plugin_style_summary_unformatted.inc','c1e6f9dd1d75e29fee271171440d2182e633a1dbbc996cb186f637ff7ad93ed9'),('sites/all/modules/views/plugins/views_plugin_style_table.inc','0cbcc5d256a13953fbd3e5966a33d2426d5c3bd8c228ef370daebf2f428e693c'),('sites/all/modules/views/plugins/views_wizard/views_ui_base_views_wizard.class.php','d8325414c8ddde5c955a5cfb053b77478bb4d73cb2f7d75b857b082bc5a1e12d'),('sites/all/modules/views/plugins/views_wizard/views_ui_comment_views_wizard.class.php','585a8e885a18d4d2dee260859492eb332d70166abf2d201777ebf0d2083d2ebe'),('sites/all/modules/views/plugins/views_wizard/views_ui_file_managed_views_wizard.class.php','5734fb564ba9e2485cfa5d4a49f0c76f65a9be357b78e769ee4af92c4ef9e22a'),('sites/all/modules/views/plugins/views_wizard/views_ui_node_revision_views_wizard.class.php','6faf9ef92501a4f1aeaf86bcff9edaeb47bd7526ba50d06b841c9366149e7725'),('sites/all/modules/views/plugins/views_wizard/views_ui_node_views_wizard.class.php','f10e588fcfe2dc37d0df1c520c3cd797b85d6f729335606b1aa11fcb5884e6eb'),('sites/all/modules/views/plugins/views_wizard/views_ui_taxonomy_term_views_wizard.class.php','87d72dba2aef587994307cb287b638a409d148911e4b90109798ecacf5a721e7'),('sites/all/modules/views/plugins/views_wizard/views_ui_users_views_wizard.class.php','f9fe2fb1ee87a1871e6ad32bad61b2457313f24da1bd5423977ced12de542919'),('sites/all/modules/views/tests/comment/views_handler_argument_comment_user_uid.test','b8b417ef0e05806a88bd7d5e2f7dcb41339fbf5b66f39311defc9fb65476d561'),('sites/all/modules/views/tests/comment/views_handler_filter_comment_user_uid.test','347c6ffd4383706dbde844235aaf31cff44a22e95d2e6d8ef4da34a41b70edd1'),('sites/all/modules/views/tests/field/views_fieldapi.test','53e6d57c2d1d6cd0cd92e15ca4077ba532214daf41e9c7c0f940c7c8dbd86a66'),('sites/all/modules/views/tests/handlers/views_handlers.test','f94dd3c4ba0bb1ffbf42704f600b94a808c1202a9ca26e7bdef8e7921c2724e9'),('sites/all/modules/views/tests/handlers/views_handler_area_text.test','af74a74a3357567b844606add76d7ca1271317778dd7bd245a216cf963c738b4'),('sites/all/modules/views/tests/handlers/views_handler_argument_null.test','1d174e1f467b905d67217bd755100d78ffeca4aa4ada5c4be40270cd6d30b721'),('sites/all/modules/views/tests/handlers/views_handler_argument_string.test','3d0213af0041146abb61dcdc750869ed773d0ac80cfa74ffbadfdd03b1f11c52'),('sites/all/modules/views/tests/handlers/views_handler_field.test','af552bf825ab77486b3d0d156779b7c4806ce5a983c6116ad68b633daf9bb927'),('sites/all/modules/views/tests/handlers/views_handler_field_boolean.test','d334b12a850f36b41fe89ab30a9d758fd3ce434286bd136404344b7b288460ae'),('sites/all/modules/views/tests/handlers/views_handler_field_counter.test','75b31942adf06b107f5ffd3c97545fde8cd1040b1d00f682e3c7c1320026e26c'),('sites/all/modules/views/tests/handlers/views_handler_field_custom.test','1446bc3d5a6b1180a79edfa46a5268dbf7f089836aa3bc45df00ddaff9dd0ce1'),('sites/all/modules/views/tests/handlers/views_handler_field_date.test','02df76a93a42d6131957748b1e69254835f9e44a47dafca1e833914e6b7f88a0'),('sites/all/modules/views/tests/handlers/views_handler_field_file_extension.test','606ca091ad7e5709f7653324aaa021484d1f0e07e8639b3f0f7c26d3cfdee53c'),('sites/all/modules/views/tests/handlers/views_handler_field_file_size.test','49184db68af398a54e81c8a76261acd861da8fd7846b9d51dcf476d61396bfb9'),('sites/all/modules/views/tests/handlers/views_handler_field_math.test','6e39e4f782e6b36151ceafb41a5509f7c661be79b393b24f6f5496d724535887'),('sites/all/modules/views/tests/handlers/views_handler_field_url.test','b41f762a71594b438a2e60a79c8260ba54e6305635725b0747e29f0d3ffe08c9'),('sites/all/modules/views/tests/handlers/views_handler_field_xss.test','f129ee16c03f84673e33990cbb2da5aa88c362f46e9ba1620b2a842ffd1c9cd2'),('sites/all/modules/views/tests/handlers/views_handler_filter_combine.test','05842d83a11822afe7d566835f5db9f0f94fdb27ddfc388d38138767bdf36f8b'),('sites/all/modules/views/tests/handlers/views_handler_filter_date.test','ad2ca901c6a4ac3a82fc349a33826f043c6c80f773f40374be2e95acb39491e3'),('sites/all/modules/views/tests/handlers/views_handler_filter_equality.test','c88f21c9cbf1aae83393b26616908f8020c18fe378d76256c7ba192df2ec17af'),('sites/all/modules/views/tests/handlers/views_handler_filter_in_operator.test','89420a4071677232e0eb82b184b37b818a82bdb2ff90a8b21293f9ecb21808bf'),('sites/all/modules/views/tests/handlers/views_handler_filter_numeric.test','35ac7a34e696b979e86ef7209b6697098d9abe218e30a02cc4fe39fb11f2a852'),('sites/all/modules/views/tests/handlers/views_handler_filter_string.test','b7d090780748faad478e619fd55673d746d4a0cf343d9e40ea96881324c34cbd'),('sites/all/modules/views/tests/handlers/views_handler_sort.test','f4ff79e6bc54e83c4eb2777811f33702b7e9fe7416ef70ae00d100fa54d44fec'),('sites/all/modules/views/tests/handlers/views_handler_sort_date.test','f548584d7c6a71cabd3ce07e04053a38df3f3e1685210ce8114238fd05344c10'),('sites/all/modules/views/tests/handlers/views_handler_sort_random.test','4fdba9bf05a26720ffa97e7a37da65ddc9044bd2832f8c89007b82feb062f182'),('sites/all/modules/views/tests/node/views_node_revision_relations.test','9467497a6d693615b48c8f57611a850002317bcb091b926d2efbbe56a4e61480'),('sites/all/modules/views/tests/plugins/views_plugin_display.test','4a6b136543a60999604c54125fa9d4f5aa61a5dcc71e2133d89325d81bc0fc2d'),('sites/all/modules/views/tests/styles/views_plugin_style.test','92d9a02f87f07d091999b961045b1dd654165059d8d1931b5c2ea1d88d0b439f'),('sites/all/modules/views/tests/styles/views_plugin_style_base.test','54fb7816d18416d8b0db67e9f55aa2aa50ac204eb9311be14b6700b7d7a95ae7'),('sites/all/modules/views/tests/styles/views_plugin_style_jump_menu.test','b88baa8aebe183943a6e4cf2df314fef13ac41b5844cd5fa4aa91557dd624895'),('sites/all/modules/views/tests/styles/views_plugin_style_mapping.test','a4e68bc8cfbeff4a1d9b8085fd115bfe7a8c4b84c049573fa0409b0dc8c2f053'),('sites/all/modules/views/tests/styles/views_plugin_style_unformatted.test','033ca29d41af47cd7bd12d50fea6c956dde247202ebda9df7f637111481bb51d'),('sites/all/modules/views/tests/taxonomy/views_handler_relationship_node_term_data.test','6074f5c7ae63225ea0cd26626ace6c017740e226f4d3c234e39869c31308223d'),('sites/all/modules/views/tests/test_handlers/views_test_area_access.inc','619e39bc4535976865b96751535d0d5aac4a7a87c1d47cb6d4c4bb9c9fa74716'),('sites/all/modules/views/tests/test_plugins/views_test_plugin_access_test_dynamic.inc','6a3ce8c256b84734b6b67a893ab24465a5f62d7bdf9ab5d22082a31849346b7d'),('sites/all/modules/views/tests/test_plugins/views_test_plugin_access_test_static.inc','e345e42d443cfa73db0ed2be61291117ebd57b86196cdb77c6f440e93443def3'),('sites/all/modules/views/tests/test_plugins/views_test_plugin_style_test_mapping.inc','0b2c68626105bd5f6b9074022a37c3d09d3a6bd70b811bb26d5eacad6d74546f'),('sites/all/modules/views/tests/user/views_handler_field_user_name.test','69641b6da26d8daee9a2ceb2d0df56668bf09b86db1d4071c275b6e8d0885f9e'),('sites/all/modules/views/tests/user/views_user.test','fbb63b42a0b7051bd4d33cf36841f39d7cc13a63b0554eca431b2a08c19facae'),('sites/all/modules/views/tests/user/views_user_argument_default.test','6423f2db7673763991b1fd0c452a7d84413c7dd888ca6c95545fadc531cfaaf4'),('sites/all/modules/views/tests/user/views_user_argument_validate.test','c88c9e5d162958f8924849758486a0d83822ada06088f5cf71bfbe76932d8d84'),('sites/all/modules/views/tests/views_access.test','f8b9d04b43c09a67ec722290a30408c1df8c163cf6e5863b41468bb4e381ee6f'),('sites/all/modules/views/tests/views_analyze.test','5548e36c99bb626209d63e5cddbc31f49ad83865c983d2662c6826b328d24ffb'),('sites/all/modules/views/tests/views_argument_default.test','5950937aae4608bba5b86f366ef3a56cc6518bbccfeaeacda79fa13246d220e4'),('sites/all/modules/views/tests/views_argument_validator.test','31f8f49946c8aa3b03d6d9a2281bdfb11c54071b28e83fb3e827ca6ff5e38c88'),('sites/all/modules/views/tests/views_basic.test','655bd33983f84bbea68a3f24bfab545d2c02f36a478566edf35a98a58ff0c6cf'),('sites/all/modules/views/tests/views_cache.test','4e9b8ae1d9e72a9eaee95f5083004316d2199617f7d6c8f4bea40e99d17efcd8'),('sites/all/modules/views/tests/views_exposed_form.test','6962c7ed8a38030ec1cfa94485de07ceb1f9393216985bd8bfecac768f6c0950'),('sites/all/modules/views/tests/views_glossary.test','118d50177a68a6f88e3727e10f8bcc6f95176282cc42fbd604458eeb932a36e8'),('sites/all/modules/views/tests/views_groupby.test','f26ad6857dc4821a4a0780642bda05fcb69ed506968e521f759bb28be4080143'),('sites/all/modules/views/tests/views_handlers.test','a696e3d6b1748da03a04ac532f403700d07c920b9c405c628a6c94ea6764f501'),('sites/all/modules/views/tests/views_module.test','5137e27449639d3e02f1b27206ef3ff96957546333b517318dfe8f58239dc860'),('sites/all/modules/views/tests/views_pager.test','6f448c8c13c5177afb35103119d6281958a2d6dbdfb96ae5f4ee77cb3b44adc5'),('sites/all/modules/views/tests/views_plugin_localization_test.inc','baedcf6c7381f9c5d3a5062f7d256f96808d06e04b6e73eff8e791e5f5293f45'),('sites/all/modules/views/tests/views_query.test','f8cb1649e43c8a2b036fec742e86b8eb9c2c4c095a4c4e7a7c3ca13c6ce8e6e6'),('sites/all/modules/views/tests/views_test.views_default.inc','4c65cc385b3e3c2e17fe054eb7a1ec70f4dd4b0394bdb108de2ddc0a7b435635'),('sites/all/modules/views/tests/views_translatable.test','6899c7b09ab72c262480cf78d200ecddfb683e8f2495438a55b35ae0e103a1b3'),('sites/all/modules/views/tests/views_ui.test','f9687a363d7cc2828739583e3eedeb68c99acd505ff4e3036c806a42b93a2688'),('sites/all/modules/views/tests/views_upgrade.test','c48bd74b85809dd78d963e525e38f3b6dd7e12aa249f73bd6a20247a40d6713a'),('sites/all/modules/views/tests/views_view.test','a52e010d27cc2eb29804a3acd30f574adf11fad1f5860e431178b61cddbdbb69'),('sites/all/modules/views/views_ui.module','418d555f71e72cb771a01ad7bfe7410c4d8191738271fa4e7cbb063940afb2a0'),('sites/all/modules/webform/includes/exporters/webform_exporter.inc','d0ecbf7c7b218e10442b6bf1ef32ac4a67862b0cb1c37f10936dbf69b55c75a1'),('sites/all/modules/webform/includes/exporters/webform_exporter_delimited.inc','deb820b134e34386daa833b78aaaacdd4bc78fcb1832a452145c0851909e1bb4'),('sites/all/modules/webform/includes/exporters/webform_exporter_excel_delimited.inc','fe301ec8cba10b2e5ecdfed30c386fef1dbb1a33db21a19fa686533775b72223'),('sites/all/modules/webform/includes/exporters/webform_exporter_excel_xlsx.inc','b3407ce58fb72c05d723ab699440f687db6344d4a8756eca7333deaa9c6f2df3'),('sites/all/modules/webform/includes/webform.webformconditionals.inc','a9097667c37e229b06f6000d3a3e76f6bb850dd28a4d2ce64d6b8815920e5f2b'),('sites/all/modules/webform/tests/WebformComponentsTestCase.test','c049c524ca26457fc0ab02580feeb65ee530a8c6ee929117bfb1588230ea0b2a'),('sites/all/modules/webform/tests/WebformConditionalsTestCase.test','70d4b6d2d29cca00179ed5e12f902c6e5c4d8aabf2f08d0bb6624a117233d2de'),('sites/all/modules/webform/tests/WebformGeneralTestCase.test','4517422697e246f32906bdf73ee4e8351eb1331c7e4f7d662e17df03b51f53d7'),('sites/all/modules/webform/tests/WebformPermissionsTestCase.test','23f0c6b6489d78e13956e0b4d6e0728bf7e461b5b585d1f21907ff24ebdcb3ee'),('sites/all/modules/webform/tests/WebformSubmissionTestCase.test','896ac04995ad9f634d7457ec35424b4be64438f9375dece837ccaa35d7b48310'),('sites/all/modules/webform/tests/WebformTestCase.test','7722ef29dd244fea0468140de978427bc7e73a41303bbeff2c5eb305a68a616c'),('sites/all/modules/webform/views/webform.views.inc','0afd6ebbcb717b1f21f39347bad1ccdc23424d74a7e53e5e2119f888597ba3ea'),('sites/all/modules/webform/views/webform_handler_area_result_pager.inc','23b6f7013773cfed06c540748f7e2f0dc40602289bc97d73fe603ca9c87f0deb'),('sites/all/modules/webform/views/webform_handler_field_form_body.inc','60d708d683c67b553ecee37c7d74b00ee4b06253799e31befef9cb3ff703abb2'),('sites/all/modules/webform/views/webform_handler_field_is_draft.inc','1f1411981bc3e96ae4dccfb4c52a059b2e6488818ad4649fe8074f7de2d324f6'),('sites/all/modules/webform/views/webform_handler_field_node_link_edit.inc','15c6c4755b2ec87f71699399851a831176d515071ef356de4a64b75b76989e89'),('sites/all/modules/webform/views/webform_handler_field_node_link_results.inc','5320f9c4ffa4842d2efc31c6d563c083e0432c682f1eff706ade34fb8e54d630'),('sites/all/modules/webform/views/webform_handler_field_submission_count.inc','1ed985c65786a215a39ecb119ad26c7e78108ecb8f969ed902cc4618c5378232'),('sites/all/modules/webform/views/webform_handler_field_submission_data.inc','eac20f1d2b77d98e1c64e357ac676bb2941f65f6f3521f314e5923f7e372bf45'),('sites/all/modules/webform/views/webform_handler_field_submission_link.inc','faaf698125ac99f18bdb8c4a7b9961e5ad06bdd157c7bbeaf8a8ad7d5be6aa60'),('sites/all/modules/webform/views/webform_handler_field_webform_status.inc','c67f6a8dc4db5c165cb6109dc28c8b8ebe79d130ac208281274caac0df258ce4'),('sites/all/modules/webform/views/webform_handler_filter_is_draft.inc','dfb94fba66085fd0c07b8012f6846228fabc46809b00028bb896d6a304cdfec8'),('sites/all/modules/webform/views/webform_handler_filter_submission_data.inc','74d41b7fc50055de6279fd1d4757752841018374116ca844466b72a6085f9792'),('sites/all/modules/webform/views/webform_handler_filter_webform_status.inc','4a6e3f21703f750b31e868e64fd1fc4b760c01b9a3ca98b250f34c29614fbc69'),('sites/all/modules/webform/views/webform_handler_numeric_data.inc','c5a8fbfa2c74e1db9a4691714cb5c1c6693f2d4350c8a2ea27b4840414b1aa79'),('sites/all/modules/webform/views/webform_handler_relationship_submission_data.inc','10ba625ac9813ee2b7cb3b66b557ea8d60d32ae5bf4300b8bd6ee41be0303fbd'),('sites/all/modules/webform/views/webform_plugin_row_submission_view.inc','728907aaf814b5dc10a6d2c2c60880b160031536e81cff7071ffe04c570a7f60'),('sites/all/modules/xmlsitemap/xmlsitemap.admin.inc','b73ad4a71b0812a9139c9f94c8bd9f4de20ac18e92aa6a20dd454f49017aefff'),('sites/all/modules/xmlsitemap/xmlsitemap.drush.inc','f0e53dc57e1e519b12f371229a073fccf26962c9e5f82c3a248bb6a138cee530'),('sites/all/modules/xmlsitemap/xmlsitemap.generate.inc','fcd22f453050d84f800a9b07d2e01a8f000c246c599800c01f9e0d54a26e58f5'),('sites/all/modules/xmlsitemap/xmlsitemap.inc','4756ba8cb52490694be238c1bc113507dda9b35bba6e6a35c56c5fe7bc5b2596'),('sites/all/modules/xmlsitemap/xmlsitemap.install','d256dff37a055081cd5184d33ad926a06522e20efa5ca69c5b12bcf5d7343835'),('sites/all/modules/xmlsitemap/xmlsitemap.module','c007b442115bfdb493a59e8c10997e8939cf9ba699b68ffaf9804be724aaf591'),('sites/all/modules/xmlsitemap/xmlsitemap.pages.inc','6e57ba3ec16d819b81a40adfe26eb1ed985129c4a5f44473a9a41ad4c5bc37da'),('sites/all/modules/xmlsitemap/xmlsitemap.test','196f237157aaff4b0ed60577a1deec2b432bc1375a9b3a52096756d5e42349c5'),('sites/all/modules/xmlsitemap/xmlsitemap.xmlsitemap.inc','ac8bc2c3ea562e862f2c84871cb59923b65c03c63ef4a924ba3438cb3d736a9b'),('sites/all/modules/xmlsitemap/xmlsitemap_custom/xmlsitemap_custom.admin.inc','a8ec1961bafff4d2e615e2fa8e651ba3636ddaa75641aa2ea5df6ab0a1e0bb15'),('sites/all/modules/xmlsitemap/xmlsitemap_custom/xmlsitemap_custom.install','af07e9acc59b19f75e5c25789904a205cd7a38280525852bdd3dcb77f2f6133e'),('sites/all/modules/xmlsitemap/xmlsitemap_custom/xmlsitemap_custom.module','218dccc4426b561b4ff25ab95e7234f8faa88ffca6599490b747b96d45146136'),('sites/all/modules/xmlsitemap/xmlsitemap_custom/xmlsitemap_custom.test','8ce50917886a51bf6a5e9b4e7e4d78c503df806ad8a93cae36fe9efbaa2e2835'),('sites/all/modules/xmlsitemap/xmlsitemap_engines/tests/xmlsitemap_engines.test','1c2e83fad6ef428eb0afa38cf009aea584d0e56440e4727fe49cd2a7e38af7e3'),('sites/all/modules/xmlsitemap/xmlsitemap_engines/xmlsitemap_engines.admin.inc','bfe8121b91bf5eaba65d2e22faef54e11fdd4ddd98fe54a6e3dfbd82eb8da486'),('sites/all/modules/xmlsitemap/xmlsitemap_engines/xmlsitemap_engines.install','788df43c32568d2184133d6c146298ff2fc9dcc1d1db0c991d9d81f12481f9fd'),('sites/all/modules/xmlsitemap/xmlsitemap_engines/xmlsitemap_engines.module','ed3e81634897a48339ce946165be179eb020baf01621e091c87b9c886635ff1d'),('sites/all/modules/xmlsitemap/xmlsitemap_menu/xmlsitemap_menu.install','1968ab9230d6d515fef47fad773002b856cd29f5899942f3181b9b0e65d45313'),('sites/all/modules/xmlsitemap/xmlsitemap_menu/xmlsitemap_menu.module','bd20e48f76fd20f05b2bd029d1f0b83c398c5e60b498e6fc700af8c14bae00b4'),('sites/all/modules/xmlsitemap/xmlsitemap_menu/xmlsitemap_menu.test','b1a68fa9f893a3dd7f2911ded50379b64a3db7aac64de092109a9d71227e8fcc'),('sites/all/modules/xmlsitemap/xmlsitemap_node/xmlsitemap_node.install','bfa2751e2ea7294f58cc47a6b3027a331d041829d59a8a3e5468a285a4afb87e'),('sites/all/modules/xmlsitemap/xmlsitemap_node/xmlsitemap_node.module','d1c1492deb0d7b2a136b096cd7f8c3d11d7db565517e60ce1823672f7883c903'),('sites/all/modules/xmlsitemap/xmlsitemap_node/xmlsitemap_node.test','85712a45bae06f6a36238323f675fd06187a4874ea5c295c90d019fb1ad17729'),('sites/all/modules/xmlsitemap/xmlsitemap_taxonomy/xmlsitemap_taxonomy.install','6327c379aa8200d2170345a39b9b54bdea45b58d19780ca34eb914281426f3bd'),('sites/all/modules/xmlsitemap/xmlsitemap_taxonomy/xmlsitemap_taxonomy.module','2e39d7057197e29e26d782b9f580ee2e291fae9be23569f26f13580585cdccbe'),('sites/all/modules/xmlsitemap/xmlsitemap_taxonomy/xmlsitemap_taxonomy.test','a7e7fa4937856c304d0498a097ac57e5126758112745392cac0f98bed802f7aa');

--
-- Table structure for table `role`
--

CREATE TABLE `role` (
  `rid` int(10) unsigned NOT NULL AUTO_INCREMENT COMMENT 'Primary Key: Unique role ID.',
  `name` varchar(64) NOT NULL DEFAULT '' COMMENT 'Unique role name.',
  `weight` int(11) NOT NULL DEFAULT '0' COMMENT 'The weight of this role in listings and the user interface.',
  PRIMARY KEY (`rid`),
  UNIQUE KEY `name` (`name`),
  KEY `name_weight` (`name`,`weight`)
) ENGINE=MyISAM AUTO_INCREMENT=5 DEFAULT CHARSET=utf8 COMMENT='Stores user roles.';

--
-- Dumping data for table `role`
--

INSERT INTO `role` VALUES (4,'administrator',3),(1,'anonymous user',0),(2,'authenticated user',1),(3,'content editor',2);

--
-- Table structure for table `role_permission`
--

CREATE TABLE `role_permission` (
  `rid` int(10) unsigned NOT NULL COMMENT 'Foreign Key: role.rid.',
  `permission` varchar(128) NOT NULL DEFAULT '' COMMENT 'A single permission granted to the role identified by rid.',
  `module` varchar(255) NOT NULL DEFAULT '' COMMENT 'The module declaring the permission.',
  PRIMARY KEY (`rid`,`permission`),
  KEY `permission` (`permission`)
) ENGINE=MyISAM DEFAULT CHARSET=utf8 COMMENT='Stores the permissions assigned to user roles.';

--
-- Dumping data for table `role_permission`
--

INSERT INTO `role_permission` VALUES (1,'access content','node'),(1,'access site map','site_map'),(1,'search content','search'),(1,'use custom search','custom_search'),(1,'use custom search blocks','custom_search_blocks'),(1,'view files','file_entity'),(2,'access content','node'),(2,'access site map','site_map'),(2,'search content','search'),(2,'use custom search','custom_search'),(2,'use custom search blocks','custom_search_blocks'),(2,'view files','file_entity'),(3,'access administration pages','system'),(3,'access all webform results','webform'),(3,'access comments','comment'),(3,'access content','node'),(3,'access content overview','node'),(3,'access dashboard','dashboard'),(3,'access overlay','overlay'),(3,'access own webform results','webform'),(3,'access own webform submissions','webform'),(3,'access site in maintenance mode','system'),(3,'access site map','site_map'),(3,'access toolbar','toolbar'),(3,'administer blocks','block'),(3,'administer CAPTCHA settings','captcha'),(3,'administer google analytics','googleanalytics'),(3,'administer honeypot','honeypot'),(3,'administer menu','menu'),(3,'administer nodes','node'),(3,'administer redirects','redirect'),(3,'administer rh_node','rabbit_hole'),(3,'administer site verify','site_verify'),(3,'bypass honeypot protection','honeypot'),(3,'bypass rh_node','rabbit_hole'),(3,'cancel account','user'),(3,'change own username','user'),(3,'create article content','node'),(3,'create events content','node'),(3,'create page content','node'),(3,'create url aliases','path'),(3,'create webform content','node'),(3,'customize shortcut links','shortcut'),(3,'delete all webform submissions','webform'),(3,'delete any article content','node'),(3,'delete any events content','node'),(3,'delete any page content','node'),(3,'delete any webform content','node'),(3,'delete own article content','node'),(3,'delete own events content','node'),(3,'delete own page content','node'),(3,'delete own webform content','node'),(3,'delete own webform submissions','webform'),(3,'delete revisions','node'),(3,'delete terms in 1','taxonomy'),(3,'edit all webform submissions','webform'),(3,'edit any article content','node'),(3,'edit any events content','node'),(3,'edit any page content','node'),(3,'edit any webform content','node'),(3,'edit meta tags','metatag'),(3,'edit own article content','node'),(3,'edit own comments','comment'),(3,'edit own events content','node'),(3,'edit own page content','node'),(3,'edit own webform content','node'),(3,'edit own webform submissions','webform'),(3,'edit terms in 1','taxonomy'),(3,'edit webform components','webform'),(3,'notify of path changes','pathauto'),(3,'opt-in or out of tracking','googleanalytics'),(3,'php redirect rh_node','rabbit_hole'),(3,'post comments','comment'),(3,'revert revisions','node'),(3,'schedule publishing of nodes','scheduler'),(3,'search content','search'),(3,'skip CAPTCHA','captcha'),(3,'skip comment approval','comment'),(3,'switch shortcut sets','shortcut'),(3,'use PHP for tracking visibility','googleanalytics'),(3,'use text format filtered_html','filter'),(3,'use text format full_html','filter'),(3,'view files','file_entity'),(3,'view own unpublished content','node'),(3,'view revisions','node'),(3,'view scheduled content','scheduler'),(3,'view the administration theme','system'),(4,'access administration pages','system'),(4,'access all views','views'),(4,'access all webform results','webform'),(4,'access comments','comment'),(4,'access content overview','node'),(4,'access contextual links','contextual'),(4,'access dashboard','dashboard'),(4,'access own webform results','webform'),(4,'access own webform submissions','webform'),(4,'access site in maintenance mode','system'),(4,'access site reports','system'),(4,'access toolbar','toolbar'),(4,'access user profiles','user'),(4,'administer actions','system'),(4,'administer blocks','block'),(4,'administer comments','comment'),(4,'administer content types','node'),(4,'administer custom search','custom_search'),(4,'administer custom search blocks','custom_search_blocks'),(4,'administer features','features'),(4,'administer fields','field'),(4,'administer filters','filter'),(4,'administer image styles','image'),(4,'administer imce','imce'),(4,'administer linkit','linkit'),(4,'administer menu','menu'),(4,'administer meta tags','metatag'),(4,'administer modules','system'),(4,'administer nodes','node'),(4,'administer pathauto','pathauto'),(4,'administer permissions','user'),(4,'administer scheduler','scheduler'),(4,'administer search','search'),(4,'administer shortcuts','shortcut'),(4,'administer site configuration','system'),(4,'administer software updates','system'),(4,'administer taxonomy','taxonomy'),(4,'administer themes','system'),(4,'administer url aliases','path'),(4,'administer users','user'),(4,'administer views','views'),(4,'administer xmlsitemap','xmlsitemap'),(4,'block IP addresses','system'),(4,'bypass node access','node'),(4,'cancel account','user'),(4,'change own username','user'),(4,'create article content','node'),(4,'create events content','node'),(4,'create page content','node'),(4,'create url aliases','path'),(4,'create webform content','node'),(4,'customize shortcut links','shortcut'),(4,'delete all webform submissions','webform'),(4,'delete any article content','node'),(4,'delete any events content','node'),(4,'delete any page content','node'),(4,'delete any webform content','node'),(4,'delete own article content','node'),(4,'delete own events content','node'),(4,'delete own page content','node'),(4,'delete own webform content','node'),(4,'delete own webform submissions','webform'),(4,'delete revisions','node'),(4,'delete terms in 1','taxonomy'),(4,'edit all webform submissions','webform'),(4,'edit any article content','node'),(4,'edit any events content','node'),(4,'edit any page content','node'),(4,'edit any webform content','node'),(4,'edit meta tags','metatag'),(4,'edit own article content','node'),(4,'edit own comments','comment'),(4,'edit own events content','node'),(4,'edit own page content','node'),(4,'edit own webform content','node'),(4,'edit own webform submissions','webform'),(4,'edit terms in 1','taxonomy'),(4,'edit webform components','webform'),(4,'generate features','features'),(4,'manage features','features'),(4,'notify of path changes','pathauto'),(4,'rename features','features'),(4,'revert revisions','node'),(4,'schedule publishing of nodes','scheduler'),(4,'select account cancellation method','user'),(4,'skip comment approval','comment'),(4,'submit latitude/longitude','location'),(4,'switch shortcut sets','shortcut'),(4,'use ctools import','ctools'),(4,'use text format filtered_html','filter'),(4,'use text format full_html','filter'),(4,'view files','file_entity'),(4,'view location directory','location'),(4,'view node location table','location'),(4,'view own unpublished content','node'),(4,'view revisions','node'),(4,'view scheduled content','scheduler'),(4,'view the administration theme','system'),(4,'view user location table','location');

--
-- Table structure for table `scheduler`
--

CREATE TABLE `scheduler` (
  `nid` int(10) unsigned NOT NULL COMMENT 'The foreign key to node.nid',
  `publish_on` int(10) unsigned NOT NULL DEFAULT '0' COMMENT 'The UNIX UTC timestamp when to publish',
  `unpublish_on` int(10) unsigned NOT NULL DEFAULT '0' COMMENT 'The UNIX UTC timestamp when to unpublish',
  PRIMARY KEY (`nid`),
  KEY `scheduler_publish_on` (`publish_on`),
  KEY `scheduler_unpublish_on` (`unpublish_on`)
) ENGINE=MyISAM DEFAULT CHARSET=utf8 COMMENT='The main table to hold the scheduler data.';

--
-- Dumping data for table `scheduler`
--


--
-- Table structure for table `search_dataset`
--

CREATE TABLE `search_dataset` (
  `sid` int(10) unsigned NOT NULL DEFAULT '0' COMMENT 'Search item ID, e.g. node ID for nodes.',
  `type` varchar(16) NOT NULL COMMENT 'Type of item, e.g. node.',
  `data` longtext NOT NULL COMMENT 'List of space-separated words from the item.',
  `reindex` int(10) unsigned NOT NULL DEFAULT '0' COMMENT 'Set to force node reindexing.',
  PRIMARY KEY (`sid`,`type`)
) ENGINE=MyISAM DEFAULT CHARSET=utf8 COMMENT='Stores items that will be searched.';

--
-- Dumping data for table `search_dataset`
--

INSERT INTO `search_dataset` VALUES (1,'node',' camps when a child with type 1 diabetes leaves home their parents are often stressed and anxious about their wellbeing in many cases kids with t1d are not allowed the opportunity to attend stayaway camps fortunately there are diabetes camps specifically for kids with t1d these camps are not only life changing for the kid and help teach them selfmanagement skills but these camps allow parents the opportunity to fully relax sometimes for the first time since diagnosis below are some resources for more information on diabetes camps diabetes medical management plan diabetes camps locations  diabetes management at camps for children with diabetes retreats camps and recreational programs for diabetes a parent s guide to diabetes camp sending your kid to camp with diabetes diabetes camp is good for you too    camps  ',0),(2,'node',' help for t1 diabetes camps sports vacations puberty sleepovers driving babysitters alcohol sick days nutrition how can we help you your michigan t1d resource a onestopshop for resources and social support for michigan parents of children with type 1 diabetes new to type 1 diabetes information for parents diabetes cheat sheet making a plan diabetes medical management plan glucose monitoring log preschool daycare elementary school middle school high school college leaving home get connected https wwwfacebookcom groups 1574764729200639  all topics vacations camps stories parent guilt facebook support group just diagnosed milestones facebook page the amount of information available on the internet can be overwhelming to help we have put together a comprehensive list of resources find helpful information for each milestone of your child s development a private moderated facebook group for parents of children with type 1 diabetes proudly supported by https msuedu ',0),(3,'node',' sports staying fit and active helps your child control his or her diabetes and properly formed healthy habits of regular physical activity will serve in the long run from taking stairs instead of elevators to engaging in active sports there are a variety of ways to incorporate physical activity into your child s routine the following resources will be helpful for you to navigate exercise sports and coaches for your child with type 1 diabetes  diabetes medical management plan physical activity for children with type 1 diabetes things i ve learned from playing sports with type 1 diabetes when kids with diabetes exercise sports and type 1 diabetes a coach s guide to type 1 diabetes start working out with t1d t1d workout basics diabetes and sport   please note this resource comes from the uk and they talk about blood glucose in terms of mmol l which is different than in the us do not rely on this resource for blood glucose calculations  ',0),(4,'node',' vacations toothbrush check phone charger check glucagon check vacations let you get away from the real world and are a time to make memories as a parent with a child with t1d there is no getting away from your child s managing diabetes these resources will help you prepare for vacations so you can create the memories that will last a lifetime if you are traveling in michigan and found that you have forgotten your diabetes supplies post on the facebook group to see if other michigan parents near you may be able to help 6 tips for traveling with type 1 diabetes roadtripping with type 1 35 top tips for travel with diabetes how to store an ice pack for travel with insulin how to keep insulin cold while travelling what can i bring with me  swimming while wearing an insulin pump   ',0),(5,'node',' sleepovers sleepovers can be a lot of fun but also can be very stressful for a parent with a child with type1 diabetes with a little of extra planning and preparation you can make your child s sleepover a fun and successful experience here are some tips that can help you plan a sleepover  diabetes medical management plan type 1 diabetes and sleepovers sleepover tips for a child with diabetes sleepovers playdates for children with type 1 diabetes my child comes with instructions plan a sleepover with t1d the 5 most common party foods and what it means for blood sugar management ',0),(6,'node',' babysitters families who have children with type 1 diabetes often have great difficulty finding someone to babysit who understands the dangers and details of diabetes teen babysitters of t1d children need to be trained either by parents or by taking babysitter courses specific to diabetes these courses need to focus on the understanding of dangerous highs and lows inherent in the disease and should have the skills to test blood sugars give insulin injections adjust insulin pumps and treat hypoglycemia the american diabetes association gives advice for families looking for a babysitter of t1d child word of mouth talk to other families of t1d children at diabetes camps or events take turns watching each other s kids train a babysitter place an ad in a local university newspaper for someone with diabetes related experience especially if the school has a nursing program here are some additional resources for you regarding babysitters  diabetes medical management plan so you ve found a babysitter for your t1d child now what  safesittings diabetes babysitting service printable info sheet for the babysitter what babysitters and caregivers of diabetic kids should know patient voices winner julie crawford creating new collaborative type 1 diabetes app for caregivers   ',0),(8,'node',' puberty puberty can be a very stressful and challenging time for youth with type 1 diabetes and their parents not only do youth have to deal with daytoday physical challenges but also with emotional changes that can be difficult to manage the good news is you are not alone there are many resources that can help you navigate through this time here are some helpful resources  puberty s impact on type 1 diabetes how does puberty affect diabetes teen toolkit puberty in young diabetics how does puberty affect diabetes  how teen hormones affect blood sugar diabetes in adolescents birth control and type 1 ',0),(9,'node',' driving when a teen reaches the driving age this can be a very stressful time for any parent but particularly for parents of a teen with t1d having t1d does not mean your child cannot drive however there are some things as a parent that you should be aware of in order to promote a safe driving experience for your child discussing this with your healthcare provider and understanding your state driving laws regarding diabetes is a first step that parents should take we found these resources that we believe will be helpful for you regarding driving and diabetes  type 1 diabetes and driving when is it safe to drive with type 1 diabetes  driver license laws by state why you shouldn t drive with low blood sugar getting your driver s license diabetes and driving teen toolkit new drivers and type 1 diabetes ',0),(10,'node',' alcohol don t worry it s only one little sip anyone who has diabetes and drinks alcohol especially on an empty stomach will certainly feels its crashing affect blood sugar may go high and then may go very low this is especially harmful for individuals with t1d one thing is for sure it s possible that even one little sip will affect blood sugar it can also impact your insulin and medication regime it is also worth noting that whenever blood sugar goes up or down it will most likely be associated with mood swings ironically symptoms of severe hypoglycemia low blood sugar mimics drunkenness people may stagger slur words or even pass out although this is scary here are some resources for parents to conquer this topic and keep your teenager safe american diabetes association being a teen with diabetes diabetes and alcohol is your teen lying to you diabetes and alcohol do the two mix  alcohol and diabetes 7 facts about diabetes and alcohol diabetes smoking drugs teens parties  not alcohol marijuana and type 1 diabetes beer booze guide   ',0),(11,'node',' life events there are many life events that happen in a child s life from sleepovers to sports and even sick days these resources are here to help you navigate through normal life events that are impacted by type 1 diabetes  ',0),(12,'node',' footer https wwwfacebookcom groups 1574764729200639  https twittercom myt1dmsu https youtubecom ',0),(13,'node',' sick days when a child with type 1 diabetes gets a cold or the flu management of their diabetes often becomes unpredictable the resources below are provided to help prepare for when your child becomes ill so that their diabetes remains under control sick day guide hypoglycemia and how to treat it cold and flu and what to do diabetes sick days sickday rules for managing diabetes how do i manage my blood sugar when i m sick  sick day management tips when your child has type 1 diabetes managing diabetes during allergy season ',0),(14,'node',' nutrition although just one component of many nutrition plays a big role in the outcomes of type 1 diabetes management below are resources to help you plan healthy meals and snacks for your family diabetes snacks what to eat when you have type 1 diabetes meal planning for children with type 1 diabetes type 1 diabetes diet plan foods to eat and avoid plus guidelines best and worst food for diabetes how to read food labels diet and nutrition why glycemic index should matter to you sweet tips for controlling blood sugar on valentine s day beverage choice can have a big impact on blood sugar   ',0),(15,'node',' about us dr bree e holtz is an assistant professor in the department of advertising and public relations in the college of communication arts and sciences at michigan state university she serves as the primary investigator for all myt1d projects these projects aim to ease the burden of type 1 diabetes through development of communication tools for kids with type 1 diabetes and their parents dr holtz s broad research interest centers around understanding the adoption of information communication technologies and its impact on health care access and delivery her prior research has examined the use of mobile phones in asthma and diabetes management online health literacy adoption and utilization of telemedicine technologies in a health setting and using innovative telecommunications technologies to improve access to health care her current research interests include understanding the implementation and utilization of mhealth technologies while improving patient centered care holtz received her master s degree from the london school of economics her phd from michigan state university and completed a postdoc at the center for clinical management research ann arbor va healthcare system she has published work in communication technology and medical journals dr holtz s research is funded by the american diabetes association and health resources and services administration in addition to dr holtz the research teams comprise of medical doctors nurse practitioners researchers in communication and nursing and expert web development companies  ',0),(16,'node',' stories a t1d hero is a strong patient and courageous person they persevere through the extreme challenges of managing t1d they work to achieve their goals not letting t1d get in their way a t1d hero is the person living with t1d their mom or dad their brother or sister their spouse or best friend their doctors and nurses everyone impacted by t1d is a hero in this space we highlight real t1d heroes that give us hope read about a teenager with a diabetes alert dog a communication researcher on how to provide social support a pediatric endocrinologist about artificial pancreas clinical trials and more  ',0),(17,'node',' resources whether your child was recently diagnosed with type 1 diabetes entering middle school for the first time or heading off to college we have gathered these resources to help you prepare for each milestone in your child s life the resources under just diagnosed are for parents that are new to type 1 diabetes management or those who want to review important foundational knowledge the resources within milestones are broken into schoolage categories to provide information for each major developmental stage of your child s life  ',0),(19,'node',' just diagnosed when a child is first diagnosed families are often understandably overwhelmed families must learn what diabetes is and how it is caused how to test for blood or urine ketones measuring blood glucose values and when those tests should occur learning to recognize signs and symptoms of high and low blood glucose levels and treatment strategies learning basic insulin actions and how to administer insulin as well as how to count carbohydrates and implement a basic meal plan the amount of information available on the internet can be overwhelming and trying to comprehend information from your doctor all at once may not be possible to help aid you in increasing your diabetes management knowledge we have put together a comprehensive list of resources diabetes cheat sheet making a plan diabetes medical management plan glucose monitoring log your child has type 1 diabetes now what  new to type 1 diabetes information for parents my child was just diagnosed with type 1 diabetes now what  what i wish i d known when my child was diagnosed with type 1 diabetes 8 signs your child may have type 1 diabetes if your child is diabetic will you know  all about diabetic alert dogs top ten tips for people newly diagnosed with type 1 diabetes diabetes warning signs newly diagnosed doctors answer type 1 diabetes faqs diabetes insulin storage and safety  just diagnosed  ',0),(20,'node',' milestones each milestone in a child s life brings new challenges when you overlay type 1 diabetes onto these changes things can often become overwhelming to help ease the transitions between these landmarks in your child s life we have provided resources that we believe will be beneficial to you   milestones  ',0),(21,'node',' preschool daycare the decision to send your child to daycare and selecting the right care provider can be a stressful process particularly when your child has type 1 diabetes below are some resources that might be helpful to you in this process parents and children may both feel apprehensive about the transition to preschool concern about managing your child s type 1 diabetes while they out of your care may make the transition even more nervewracking for parents however with proper preparation you and your child can successfully navigate this exciting time here are some resources to help you prepare your family for this transition  diabetes medical management plan dealing with diabetes at daycare know your rights preschool kids with type 1 diabetes protected by law people in the know finding daycare diabetes in children care plan for school or day care how to choose quality child care how partnering with your child s caregiver supports healthy development daycare camps and recreational programs diabetes care in the school and day care setting how to prepare your toddler for preschool kid s medical ids  preschool daycare  ',0),(22,'node',' elementary school your child is getting a bit older and he or she often wants to participate more in the care of their diabetes in fact they often feel they can do their care by themselves particularly near the later part of elementary school they are encouraged to participate but always with an adult teacher aide or nurse directly supervising every aspect of the care including the blood sugar checks insulin dose calculation and administration and completion of food intake even if your son or daughter seems capable of being independent they often make mistakes at this age in addition the play at school becomes increasingly more active on the playground this can lead to hypoglycemia either during or shortly after the activity be sure to meet the teachers and explain how your son or daughter acts with either low or high blood sugars as symptoms of each may or may not be recognized by the child but such symptoms are often obvious to parents open communication between you and the school is the most important thing to ensure that your child has a fun and safe experience at school below we have included a few helpful references  diabetes medical management plan 504 plan  http wwwdiabetesorg livingwithdiabetes parentsandkids diabetesc  sample 504 plans and ieps  http wwwchildrenwithdiabetescom 504  classroom presentation on diabetes for elementary school age children helping the student with diabetes succeed a guide for school personnel what shocked us most having type 1 diabetes in elementary school state laws regulations and policies for school diabetes care classroom presentation on diabetes for elementary school age children teachers talk 5 things moms of kids with type 1 taught me  schoolgirl s case shows need for care team type 1 diabetes school pack  elementary school  ',0),(23,'node',' middle school as children transition into middle school they must learn to take some responsibility for testing and dosing and writing down glucose levels or insulin doses when away from home often the cognitive ability to take on increased responsibility for performance of basic diabetes care like glucose testing carb counting and insulin dosing may conflict with the desire not to appear different from their peers special challenges include variable lunch times limited time or privacy to perform testing and dosing and conflicts with meals or dosing and their ability to perform or participate in after school sports or activities resources below help to address these issues and make your child s transition to middle school smoother diabetes medical management plan 504 plan  http wwwdiabetesorg livingwithdiabetes parentsandkids diabetesc  sample 504 plans and ieps  http wwwchildrenwithdiabetescom 504  diabetes support at school starting a support group  people in the know transitioning to middle school ready for a field trip     middle school  ',0),(24,'node',' high school the top 3 fears parents have about sending their child with t1d to high school safety let s face it the world is a more dangerous place now than it was when most parents graduated high school school districts themselves are rethinking what safety at school really entails and students who once felt like school was their domain now need to practice situational and selfawareness for students with t1d this is one more however slight the statistical of school violence risk stressor that they have to think about remember times of stress good stress like getting ready for a school dance or bad stress such as fear and anxiety can have an impact on blood sugar bullying ok it s happening let s just put that out there high school adolescents are already dealing with self identity physical intellectual and emotional identities for students with t1d bullying can be commonplace having t1d puts students in the crossfire of personal labelsteered comments which can quickly turn negative peer pressure it may be one of the biggest fears that parents think about and one that ironically parents don t often discuss with their kids getting involved with the wrong friends or being pulled away from their family morals some of these experiences and outcomes actually help to define your child s character it s good to remind your child that when you have t1d thoughts and actions surrounding personal choices can have health consequences below are some great resources to prepare you for your child to start high school diabetes medical management plan 504 plan  http wwwdiabetesorg livingwithdiabetes parentsandkids diabetesc  sample 504 plans and ieps  http wwwchildrenwithdiabetescom 504  how i overcame bullying hormones and their effect on blood sugar podcast the associations between substance use sexual behaviors bullying deviant behaviors health and cyber dating abuse perpetration resources to build evidencebased studentcentered policies and practices in schools for providing care coordination to students with diabetes that will result in better health better learning 10 tips for parents of high school freshmen with type 1 diabetes sample email for teachers coaches nurses administrators etc type 1 diabetes toolkits multiple life stages  four tips i learned for managing diabetes in school advice from recent high school grads with t1d test taking with t1d common anxieties and concerns for teens with type 1 diabetes    high school  ',0),(25,'node',' college leaving home sending your child away to college or having them move out of your home is stressful for all parents when they have type 1 diabetes this can be even tougher however with the proper social support and preparation your child s journey into this new phase of their life doesn t have to be scary we found these resources that we believe will be helpful for you  diabetes medical management plan when young adults with diabetes leave home leaving for college tips for eating with diabetes in college scholarships test taking with t1d in college university t1d accommodations family communication contract how to navigate the dining hall with type 1 diabetes talking to your roommate about type 1 diabetes t1d in the dorm room greek life and type 1 diabetes home from school common anxieties and concerns for teens with type 1 diabetes    college leaving home  ',0),(26,'node',' a researcher s motivation to make an impact for people living with type 1 diabetes welcome this project was formed over several years of research and talking to people in the diabetes community we are excited to share what we learned with you here in this space for our first post i am going to tell you a little bit about me and why i do this research i am a social scientist not a medical doctor i have two young kids but neither has been diagnosed with type 1 diabetes so why am i doing this work for over a decade i have been researching and studying the use of technology in health i ve been particularly interested in the adoption of technology by health care providers and patients i m also intrigued by how technology can be used to help improve peoples health and health behaviors past research shows that people with chronic illnesses are often overwhelmed with all of the life changes that occur after diagnosis this sparked my interest and i began researching how technology could make a positive impact on this stressful time type 1 diabetes t1d appeared to be one chronic illness where i thought i may be able to make an impact t1d is often diagnosed when an individual is young when a child is diagnosed their parent often takes responsibility for managing the child s diabetes because it is extremely complex and demanding adding to that complexity as the child gets older and becomes more independent the parent and child must learn to share the management tasks this often leads to additional stress and strain on the relationship between the adolescent and their parent so i thought that if i brought together the right team we could test how technologies have the potential to make a difference studies have found if family communication is positive and effective management of t1d improves the app that we are currently developing seeks to promote positive communication between parents and their kids additionally with an increase in effective communication we hope that more trust will be built and the transition to the adolescents selfmanagement will be smoother for both the teens and their parents the content and design of the app was brainstormed by our diverse team of doctors nurses and communication researchers we are currently working with an app development company to create the app i am fortunate to be working with such talented people on such an important problem it is my hope that this app will truly make a difference in the lives of families affected by t1d be sure to occasionally check this website to receive updates on our progress if you would like to signup to participate in our study please email katie murray at  murra172 msuedu  it is astonishing what people with type 1 do every day to stay healthy you are my hero if you are interested in sharing your type 1 story please visit  http myt1dorg wordpress shareyourstory  we would love your thoughts participation and feedback if you have specific things you would like to read about or people you would like to hear from please comment below bree holtz is an assistant professor in the department of advertising and public relations in the college of communication arts and sciences at michigan state university  ',0),(27,'node',' i blamed myself a message to other t1d parents about guilt after diagnosis by kelley doyle albrant howell michigan as a parent of a child with t1d i can say that we have experienced a lot in the last 2 years my son was diagnosed at age 12 like most other males with this disease he went in for a sports physical at the pediatrician in august of 2014 and our new life began once things settled down i went through horrible guilt the doctors spent a lot of time with my son husband and i to educate us on type 1 diabetes the more we learned the more guilt i felt i m a good mom how could i not know that my child was sick after extensive research and reading everything i could get my hands on i could actually track his symptoms 6 months prior to his diagnosis all that time how could i not know that my child was sick i thought he was just being 12 i told myself that he was the baby of the family and that was why he whined so much he missed assignments at school and didn t seem to care i spent a lot time scolding him redirecting him yelling at him because i was so frustrated then a few days would go by and we would go back to normal he d be completely on task helping around the house and being the child that i always knew i just told myself that this rollercoaster ride was puberty it turns out this rollercoaster was a result of his undiagnosed t1d it took me months to get over the guilt of scolding my child for something that he actually had no control over the fact that i left him that way for months without realizing that something was really wrong made me feel very guilty i am sure that other t1d parents may feel the same way just know that you are not alone type 1 diabetes can linger for months without being diagnosed it took me quite some time to realize that there were parts of my son s story that were not so bad first of all he was never hospitalized for his diabetes it was found at a routine physical i am continually reminded at how blessed we were to have things unfold in this manner most cases don t start out this way i also found out shortly after diagnosis that one of my son s best friends has a mother that was diagnosed at 10 years old she became his numberone advocate if i wasn t around than she was and this afforded me a great deal of comfort she called him daily for weeks and promised him that if he took the medications and listened to the doctor he would feel better than he could possibly remember and she was right as a parent of a child with t1d it s important to look around you for love and support for you and your child and to remind yourself that they are going to feel better soon lastly whenever my son and i have one of those terrible sugar high days when nothing seems to go well i sit down take a deep breath and remind myself of that friday morning in august of 2014 when my son sat in the doctor s office sobbing because he didn t understand why this was happening to him without even thinking i sat beside him and told him that i was always going to do my best to take care of him and that this was not going to hold him back from anything that he wanted to do in life we may have to make adjustments but if he wants to do it i make sure we find a way i ve learned to remind myself that my job was not to know that he was sick but to make sure that my son is everything that he wants to be update mitch is now 14 he is a freshman in high school he s in the marching band playing saxophone and will also be leading the band soon as the scottish bagpiper he is currently enrolled in two honors classes and will play lacrosse in the spring over the summer he attended band camp and went on his first mission trip with the youth at our church he asked a girl to the homecoming dance and she said yes   stories parent guilt  ',0),(29,'node',' our projects the myt1d hope project focuses on parents of children with type 1 diabetes this website aims to increase knowledge and social support for parents by creating one trustworthy and reliable location for all type 1 diabetes informational and support needs the myt1d hero project aims to develop and test an app for kids and teens with type 1 diabetes and their parents to help ease the transition to selfmanagement and reduce conflict this app is unique in that parents and kids have separate apps that connect in the backend for more information on this project check out the myt1d hero website  http myt1dorg  ',0),(30,'node',' t1d news check out the news coverage about our research projects  http msutodaymsuedu news 2016 helpingparentsofchildrenwithtype1diabetes  msutodaymsuedu news 2016 msuprofessortodevelopmobileappfortype1diabetesself  http wwwlansingstatejournalcom story news local community eastlansing 20160517 sparrowmsujoinselftestingdiabetesappteens 84454222  wwwfox47newscom wearespartans msuprofessortodevelopmobileappfortype1diabetesself wwwsparroworg news articleaspx id 1562 sid 1 nid 1270 casmsuedu professortodevelopappfordiabetesmanagement  http trifectamsuedu breeholtztodevelopetype1diabetesselfmanagementapp  ',0),(31,'node',' events there are many t1d events in michigan check out the links below to find events near you  http wwwjdrforg eventscalendar  http wwwdiabetesorg inmycommunity eventscalendarhtml http myt1dorg wordpress eventscalendar  ',0),(33,'node',' family image 1 ',0),(34,'node',' family image 2 ',0),(35,'node',' family image 3 ',0),(36,'node',' family image 4 ',0),(37,'node',' family image 5 ',0),(38,'node',' family image 6 ',0),(39,'node',' kindergarten new backpack new friends and their first step onto the big yellow school bus it feels like she was a newborn a minute ago and now is her first day in kindergarten kindergarten brings on new hopes and fears for parents as their child begin school but for parents with a child with t1d the fears are tangible sending your little one off to school is scary but we hope with these selected resources you can reduce your worries and enjoy this milestone diabetes medical management plan  kindergarten with type 1  https wwwt1everydaymagiccom kindergartenwithtype1  504 plan  http wwwdiabetesorg livingwithdiabetes parentsandkids diabetesc  sample 504 plans and ieps  http wwwchildrenwithdiabetescom 504  preparing for kindergarten with type 1 diabetes  http type1togocom preparingforkindergartenwithtype1diabetes  worst case scenario  https beyondtype1org worstcasescenario  explaining diabetes to school  https wwwdiabetesresearchorg managingdiabetes explainingdiabetest    ',0),(40,'node',' mental health mental health parents  while having children brings much joy to people s lives it can also be a stressful experience when your child has type 1 diabetes it may be even more stressful because you have to help them manage their diabetes it is okay to feel sad stressed and anxious at times if these feelings continue for two weeks or more you might want to think about talking to a doctor or other professional about how you are feeling having someone to talk to about your feelings and to provide social support can also be helpful for parents below are some resources to help you when you need it  facebook support group children with chronic illness dealing with emotional problems and depression social support getting and staying connected how diabetes impacts your mental health mental health children  parents may be unsure about how to best talk with their child about mental health however these discussions can be quite important for you and your child here are some resources to learn more about child mental health  type 1 diabetes and mental health talking to kids when they need help identifying signs of stress in your children and teens finding a great therapist for your child psychologist locator stress why and how you should reduce it depression and its relationship to type 1 how diabetes impacts your mental health diabetes burnout ',0),(41,'node',' contact us please fill out the contact form below with any comments questions or suggestions we appreciate your feedback first name last name email phone comments  ',0),(42,'node',' the fda approval and clinical testing of the artificial pancreas by dr michael wood associate clinical professor of pediatrics and clinical director of the pediatric diabetes program university of michigan hello everyone i bring you great news from the world of diabetes care in late september the fda gave approval to a new device from medtronic called the 670g this device consists of a smart insulin pump and a continuous glucose monitor cgm which sends electronic signals to the pump about the current glucose level in the body the pump then takes this information and decides how much insulin to give on a minutetominute basis this device which should be commercially available within a year is the first of many devices that will hopefully come to the market in the next several years in the artificial pancreas pathway the research on this system was reported by dr richard bergenstal of the international diabetes center in minneapolis at the american diabetes association meeting this june the study found here included 124 people 14 years of age and above with type1 diabetes participants using the device for three months unsupervised at home demonstrated that this system is both safe and effective in controlling blood sugars the results were superb the system was activated to control the glucose 872 percent of the time and benefits were seen over the three months in regards to percent of time spent in target range percent of time spent with hypoglycemia and glucose variability in addition the average hemoglobin a1c decreased from 74 to 69 percent there were no episodes of diabetic ketoacidosis severe hypoglycemia or serious devicerelated adverse events 80 percent of the subjects decided to use the device for an extended period of time after the study was completed at the university of michigan we are testing this device in a research study in children ages 713 after the study is complete i will give everyone an update if you are interested in learning more or participating in the clinical trial    please review the information found  here  although this tool is a tremendous step forward some issues remain with this device users need to enter their carbohydrates into the pump when they eat and also need to poke their fingers to calibrate the sensor i suspect as more rapid insulins become available and sensors become more accurate eventually not requiring finger pokes that the eventual dream of an artificial pancreas will be realized over the next several years and the burden of diabetes care for people with type1 diabetes will be lessened dramatically  ',0),(43,'node',' to phone or not phone your child that is the question by shari navetta my son was 22 months when he was diagnosed with type 1 diabetes we have been through everything from dealing with insulin pumps while wearing diapers to valentine s day school parties and sleepovers now he is eleven years old and in middle school he and i handle his diabetes every day when he was five he was invited to a birthday party when i dropped him off the mom said her husband was just leaving to go get the pizza i decided to stay until the pizza arrived so i could dose him for the correct amount of carbohydrates needless to say an hour and a half later i felt incredibly awkward still being there and the pizza still hadn t arrived i found myself staying in the basement of the boy s house with 20 little boys running around me having a nerf war i was super annoyed and told myself something has to give as i drove home i realized i hadn t stayed because the pizza hadn t arrived but i stayed because i was afraid to leave him alone at a parent s house that didn t know much about diabetes he was at an age where it was awkward to helicopter around him yet i didn t trust his ability to make life and death decisions on his own choosing not to allow him to go to the party because of diabetes wasn t an option to me the next day i went to the store and got my little man a flip phone i was super uneasy about the judgement i would receive from other kindergarten parents i knew it seemed ridiculous to give him a phone at such a young age however i decided when he was away from me i needed to know that he was ok of course he was thrilled with his new little piece of independence we discussed rules and because it was only a flip phone he couldn t play games on it for the next six years there were many times that i realized getting him that phone and a couple of upgrades since then was probably the best diabetes mom or d mom as so many of us love calling each other decision i have ever made i have been able to set rules about phones early when he still listened and followed them he s been able to learn responsibility for an expensive item he never did find out that first flip phone was actually free when i added another line to our plan for 10 to him that phone was important and irreplaceable it allowed him freedom having type 1 diabetes when you are growing up can be stifling enough when you are nine and ten years old you really don t want your mom following you around the neighborhood to a party or to a sleep over he was able to do all of these things knowing that if he was in trouble i was only a call or text away more importantly it allowed him to learn to trust himself i also imagined caring for your diabetes at a young age would be kind of like taking that first leap into the lake and knowing you would be able to keep yourself above the water with each new opportunity of independence he has handled himself responsibly he understands that the phone is his way to care for himself finally it allowed me freedom when you are a d mom you are as protective as a mother bear in the wild every minute of the day and night low blood sugars are ready and waiting to snatch your baby from your watch we are vigilant and fearless and it is hard to let our cubs out of our sight knowing he had that phone allowed me to go back to work it allowed me to let him go to the sleepovers and allowed me to sleep while he was there he still doesn t know i am usually within ten minutes of him it allows me to watch him learn to care for himself and teach him pitfalls and dangers along the way getting him a phone was a great decision for our family every family is different and every child has their own needs for our family the phone gave us many opportunities for him and me to have a little independence while still feeling connected and i don t regret it  ',0),(44,'node',' the do s and don ts of compassionate diabetes support by julie dunneback msn aprn bc cpnp cde life with diabetes presents many challenges and stressors in the beginning after moving past the shock and grief of diagnosis the biggest challenge becomes learning the basic skills of diabetes caregiving these include carb counting and providing a consistent meal plan every day measuring blood glucose levels at meals and prior to bedtime as well as when one feels low and proper use of mealtime and nightly insulin learning how to take care of diabetes during times of sickness is also important as is learning how to take care of diabetes during recess gym class basketball season or vacations one must take these skills out into the real world of school or work and life with friends and family unfortunately no one can fully understand what it is like to battle diabetes unless you are the person living with it on that particular day in that particular moment diabetes affects the here and now but also complicates each developmental milestone that a person with diabetes reaches many good intentioned people offer suggestions whether from other persons with t1d parents of other kids with diabetes teachers and counselors or health care providers while these tips can be helpful they may not necessarily be accepted the person with diabetes does not always want help or the solution that is offered they may simply want someone to listen and to understand their experience individuals often want someone to stand with them during times of stress to listen and to act as a supportive friend provision of love and acceptance is often more helpful than giving unsolicited advice with that in mind please consider these diabetes dos and don ts when interacting with persons with diabetes offer a listening ear not judgmental comments or unwanted advice make no comment about dietary choices don t ask if the person with diabetes can eat what everybody else is eating allow for privacy if desired or at the very least do not call attention to blood glucose testing injections or dosing if the person with t1d is using an insulin pump treat the person with t1d like any other friend or teammate do not single them out because of their diabetes above all see them as an individual not as someone with an illness or a disease while these guidelines are often helpful it is imperative to assist a person with t1d if they are ill confused or otherwise unable to assist themselves most importantly remember to take it one day at a time especially when the burden is great whether you are the caregiver or the person living with diabetes daily diabetes care is hard work and it s ok to have an off day just do not give up on yourself if the choices have not turned out well that day start fresh the next day accept your best efforts each day as enough  ',0),(45,'node',' the sweeter treat by reece ohmer high school sophomore living with t1d since 2009 with valentine s day quickly approaching i thought i d share my opinion about the holiday of love i have been living with t1d since i was eight years old and i can t remember a time when i didn t have to constantly check my blood sugar levels monitor my food intake and set the correct dosage of insulin with that being said i vividly remember every valentine s day as a child i grew up in a household that believed in the saying kid first diabetes second and this has truly become the mantra of my life valentine s day was no exception i was able to enjoy all the festivities and parties as well as yummy treats that any other kid living without t1d was able to partake in i do remember my mom and miss dawn my school aide buzzing around but only to make sure that i was treated equally in every regard the kid that got the chocolate lollipop coated in extra sugar balls yes there was one for me too the funny thing about parties in elementary school is that they all revolved around food specifically pizza i remember having to pay extra attention to my bgs on these days but even still i enjoyed that gross greasy cheese pizza with all the other kids it may not have been good but i did it anyway mostly because i could during the party you were also allowed to pass out valentine s to the class just as long as every child received one most of these valentine s consisted of an attached candy or food item to be different i always passed out cool nonfood valentine s to the class i remember getting all this candy and not eating any of it not because i  couldn t  eat it but just the fact that i had the sweets in my possession was enough to make me smile ironically the kids that received my valentine s felt special to get something that wasn t super generic one year i passed out miniature bottles of bubbles in minutes the room looked magical with little tiny bubbles floating around the classroom i felt like a rock star looking back at my elementary days as i am now in high school i realized that i don t remember the specific food or the candy that was given during the parties i only remember the fun activities the class did together or the new adventure that my classmates explored it s a bit ironic that our school created a holiday that revolved around eating when in reality the only thing i remember from valentine s day as a kid is the crafts we made and the party the class had for me valentine s day was about playing games and being with the people you really cared about i m certain that i will carry that feeling of love and friendship throughout life  ',0),(46,'node',' tips on how to help others when they need emotional support by amanda holmstrom phd associate professor of communication michigan state university we often hear that emotional support is important for people with chronic conditions like type 1 diabetes however what is emotional support how can we be sure to provide good emotional support to our loved ones emotional support is care and concern shown toward someone who is having a tough time for example you might want to cheer up a friend who s upset because she s having difficulty managing her blood sugar or you might want to comfort your child who s hurting after a classmate made a nasty remark about him missing a lot of school for doctor s appointments research shows that providing and receiving emotional support is an important component of our close relationships however there are so many ways that we could help our loved ones when they are hurting that it s easy to get confused about what to do we really want to help but sometimes we end up having the opposite effect fortunately a lot of research has been done to help us know how to help others when they need emotional support here are some researchapproved strategies that are usually seen as  helpful   find a time and place   make sure that you have the time to talk and an appropriate place to do so for example it s hard to offer really good emotional support in the 20 seconds before your child runs out the door to catch the bus carve out some time where the two of you can feel free to say what s on your minds say you care and want to help  make sure to tell your loved one directly that you care about her and that you are available and willing to help for example you could say i love you and i want the best for you i want to help you in any way i can  ask what s going on  ask your loved one to talk about the situation and how he is feeling a simple what s troubling you will often get the ball rolling legitimize feelings  let your loved one know that you understand how he feels and that his feelings are perfectly normal for example you could say i can see you re upset and it makes a lot of sense that you d feel that way  use eye contact and body language to show care and concern  for example you could nod to show that you re listening or offer a hug to show you care oftentimes the most helpful thing we can say isn t said with words on the flip side some of the things we often do to provide emotional support are generally seen as  unhelpful  here are some things to avoid  don t offer unsolicited advice  the most common error people make when attempting to provide emotional support is to offer unwanted advice we tend to do this because we want to fix problems but research shows that unless someone asks for advice it s often best not to offer it don t downplay feelings  denying ignoring or criticizing your loved one s feelings is generally hurtful for example resist the urge to say something like it s not a big deal or you don t need to be so upset  don t overdo it  though it s important to show your loved one that you care try not to be too overthetop in your concern give him room to breathe and process things on his own too though it s not always easy to provide emotional support is consistently rated as one of the most important components of our close relationships by giving your loved ones good emotional support when they need it you not only help them but you keep your relationship strong  ',0),(47,'node',' a furry companion and lifesaver life with a diabetes alert dog by mac causey i ve always been a fan of the go with the flow outlook on life and my diagnosis did not change that sure i see more needles in a day than most people my age see in a year but that doesn t stop me from doing the things i love yes there are challenges but it takes more than a faulty pancreas to stop me i still surf skate go out and love my life it s safe to say that being diagnosed with type 1 diabetes t1d was the hardest hit i ve taken in my life t1d threw me and my family for a loop and although life would be easier without it this disease has opened me up to new experiences that i never would have had before my diagnosis the most important of these new experiences is undoubtedly my diabetes alert dog dad annabelle she is my furry shadow my best friend and i can t see my life without her i had experience with alert dogs even before my diagnosis my mom becky causey is president of the diabetes alert dog alliance and even before that i had several dogs in the house while i was growing up it only made sense that i would get an alert dog now almost 4 years later i can t even fathom not having a dad annabelle follows me around the house and out in public like she and i are attached at the hip when i don t have her beside me it s the same feeling as if i forgot my phone mac s experience with alert dogs although different and more intimate than most is not entirely unique in an  mlive article  a 13yearold grand blanc student named joseph talks about pepsi his labradoodle and diabetes alert dog pepsi goes everywhere with joseph including basketball games friends birthday parties and especially during the nighttime hours when blood glucose levels often dip dangerously low jedi a labrador is another diabetes alert dog who takes care of an 8yearold boy named luke in an  article  by the huffington post the miraculous experience of jedi saving luke s life is explained in the middle of the night luke s levels dropped extremely low and as he was trained to do jedi woke luke s parents to let them know these stories are just a few examples of the profound impact that a diabetes alert dog can make on a person s life this impact comes in many forms particularly in their ability to recognize when the person is in danger but also the companionship love and support that service dogs and pets provide us  ',0),(48,'node',' you get to choose by amanda bock the events we experience as we age mold and shape us into the individuals we are how exactly we let ourselves be molded and shaped is entirely up to us in the words of wayne w dyer with everything that has happened to you you can either feel sorry for yourself or treat what has happened as a gift everything is either an opportunity to grow or an obstacle to keep you from growing you get to choose there is always something positive to focus on in a situation no matter how terrible it might seem looking back on my life so far i can think of one distinct moment where i chose to grow and treat what happened as a  gift in january 2010 when i was 9 my life took a 180 degree turn when i returned home from my first day back at school from winter break i had been feeling off for quite some time i was very thin easily upset and eating and drinking an extreme amount my mom asked me to take a test telling me to pee on a stick which seemed very strange but i did it i did not have the slightest idea why my mom was so worried when she saw the result show a dark purple color a color not even shown on the test s result diagram as my mom went to call the hospital about the results i remember going to sit by our family fireplace eating a strawberry ice cream bar my sister annie sat next to me a middle schooler at the time and we talked about our first day back to school my sister turned to me realizing who mom was on the phone with and said jokingly wouldn t it be funny if you had diabetes little did she know that a couple hours later i was in the emergency room at the university of michigan hospital with the diagnosis of diabetes mellitus type one sitting in the hospital later that night was terrifying i still had very little idea of what was going on and how this disease i was diagnosed with would affect me my blood glucose had a reading of 855 which means i was nearly comatose i was lucky to still be conscious i was lucky to be alive my mom was with me for the first night and helped keep me calm most of my hospital experience was a blur all i seem to remember was how hungry i was the first night as i hadn t eaten anything since my strawberry ice cream i became increasingly frustrated that the nurses wouldn t give me any food i understand now that they were waiting for my blood sugar to lower but at the time it made me grumpy my father came to the hospital on the second day to stay with me he brought me a little stuffed dog that i named carmelo and allowed me to have chocolate cake for dinner it may have seemed insignificant to him but it was my way of rebelling against the strict diet i had to follow in the hospital i spent a total of three days in the hospital learning what diabetes was how i had to manage it and how it would affect the rest of my life it was a massive life change for me and my entire family i could no longer go about my day as a normal kid all my food needed to be counted in carbohydrates and then calculated into an insulin injection i had to constantly prick my finger and check my blood glucose every time i exercised or ate food my whole family had to learn how to give injections i had to learn to manage one of the hardest to control diseases and not let it stop me from participating in the same activities as the other kids my age i soon went on a new type of equipment called an insulin pump which replaced my syringe injections with an electronic device that administers my medication in a way similar to an iv within the first three years of having diabetes i became almost completely independent with my treatment i learned how food medication exercise illness weather and hormones affect my blood glucose i faced diabetes burnout a form of depression people with diabetes often struggle with when the overwhelming task of management becomes too much the reality of my diagnosis was that life wasn t going to be a cakewalk and i had to learn that i was going to be different than others around me i have dealt with pain and responsibility that very few people will ever endure yet despite the struggles hardships and downfalls i have learned how to be independent and take care of my body i have been able to understand the science behind my diabetes and how my choices impact my future this has ultimately helped me develop a healthier lifestyle i have learned what love is by the patience and support my family has shown me being diagnosed with diabetes has caused me take on many responsibilities and helped me to gain understanding and maturity different than many kids my age diabetes has caused me to look at the bigger picture of life to find silver linings and to give everyone grace with their own personal struggles my diabetes has even impacted my future influencing the type of career i intend to pursue i will be majoring in biochemistry to train for a career in technological advancements and research on diabetes to help others facing similar hardships diabetes sucks there is no other way to say it what happened as a result of the hardships though was a gift i grew as an individual and learned lessons no textbook could ever teach i have taken this life experience and made the choice to view it as a gift that will drive me to better the world for others  ',0),(49,'node',' msu writer s workshop teen stories from the se michigan jdrf typeonenation summit this past may the southeast michigan chapter of jdrf held their annual typeonenation summit this summit includes an allday event for teens called teen central michigan state university myt1d hero researchers held a writer s workshop during the teen central event these teens were asked to share their type 1 diabetes stories to be highlighted on this blog here are their heartfelt comments and stories  my advice to parents by maximilian living with type 1 diabetes is hard on any family the new lifestyle can be overwhelming learning how to give shots learning how to feel when you have a low and learning everything else there is about diabetes parents are trying to help us cope with diabetes by asking questions like how s your sugar did you give insulin for everything you eat or why do you have a high blood sugar as a child grows they don t need to be asked constantly about it especially when they are in their teens once someone becomes a teen they are slowly realizing the importance of good management and are becoming more responsible about it if they are asked about it constantly they start to get irritated parents should decrease the amount questions asked but every once in a while parents should ask their child questions about their diabetes also kids should take more and more responsibility with their diabetes as they get older if they are newly diagnosed with type 1 diabetes when they are young then parents should ask the questions constantly because children at a young age still don t comprehend everything about diabetes so my advice is parents continue with everything you are doing but once a child goes into their teens decrease the questions because they have to take responsibility and parents aren t always going to be around to help them t1d kids are normal too by griffin my name is griffin and i have type 1 diabetes type 1 diabetes is hard and if there is one thing i want the world to know about diabetes it would be that kids with diabetes are normal just like everybody else we just have to do a little extra work to be healthy take the time to listen by isaac the thing that i dislike about type 1 diabetes is that everyone thinks they know everything about diabetes but they don t because everyone is different it makes it very difficult for teens to do what we like to do for example eating brownies people think that we aren t allowed to have sugar and that we aren t allowed to eat food because pretty much everything has carbs some people try to be nice and get you sugar free chocolate but chocolate should melt when warm or it s not edible and i really just want the brownie i wish that people would take the time to listen to what you have to say instead of just assuming what you can and can t have you can have anything that you want as long as you correct for it that s what angers me is that people don t take the time to listen to what you have to say and think they know what s best for you full of hope for a cure by kate it all started in june you know that feeling when your stomach is hurting like crazy well that s what i felt i was sitting in my room watching once upon a time and then i just felt like throwing up i told my mom she said i was fine i believed her later on during the day i went to use the bathroom and guess what i was pooping green stuff i was like what then the next day my mom took me to the doctor my doctor came back with the horrifying news i had type 1 diabetes i was admitted to the hospital for 3 days at the time i didn t know what diabetes was but i knew something was wrong i remember crying from that moment on i knew my life had changed forever when i told my best friend i had diabetes she was chill she told me her mom had prediabetes so i figured she knew what i was going through at the time she was in private school and i was in homeschool so i had no clue what was going on in school later on when i saw her i found out that half the school knew i had it i was embarrassed i m in private school now i have now explained my condition to my other friends whenever i have low sugar or high sugar they always help me out i have a typical normal 7th grade life now as any teenager i have a crush bullies and best friends i am happy to say i am just like any teenager in the world just full of hope for a cure i am the brother of someone with t1d by anonymous my brother was diagnosed about 9 months ago and when i first found out i was really scared frankly i was freaking out but when isaac needed help with his blood sugar i went over and told him it was alright isaac was also scared but as his brother i needed to help him be open and compassionate to others by kathryn i will have had diabetes for five years i was 9 years old when i was diagnosed and had no prior knowledge about t1d i have many family members with type 2 but type 1 was a whole new world after nine days in the hospital and many training sessions with nurses and doctors i understood how to care for myself and my blood sugars properly little did i know there was still a whole road ahead and a long one at that diabetes is a very personal issue and what i mean by that is there is no normal for t1d patients you can t make general statements about treatments diagnosis stories or any of our battles for me low blood sugars are an extremely rare problem i eat pretty healthy for an almost 14yearold girl i exercise pretty well i bolus for all my carbs and do correction boluses for any numbers over my target range i get lots of activity taking care of two horses every day running with my dog and in the summer i ride multiple horses almost every day at a training farm so i m in good shape yet my numbers are still high i recently switched to a pump which has helped but not as much as i had hoped every day i still struggle to keep my numbers down the point i m trying to make is that everyone has struggles with their diabetes don t say well you re supposed to do this or you shouldn t do that we are all so different and i think this is something the world needs to realize not only the friends families and teammembers of people with type 1 diabetes but the people with diabetes themselves don t look down on others because of how they re treating their diabetes instead learn from it how they are taking care of their numbers may not work for you but still learn from it learn how they work differently than you do if you participate in track and field you talk to other people coaches teammates ect about how they are successful in their events and it helps you become a better athlete do the same with your diabetes share stories and openly talk with others about your experiences as t1d patients we re all stuck in the same boat and all the questions worry uncertainty pressure and mental and physical pains that come with this disease try to sink that boat but we can rise above it much easier if we all hold each other up reaching out to others can be scary if you re shy or new to diabetes or even if you re a confident independent person who has had t1d for 10 years but dare to expand your knowledge help hold others up help keep this boat that we re all stuck in at the surface of the water instead of letting it sink the more we know about this disease the more power we have over it the msu researchers on the myt1d hero team thank all of our teens for their contributions to the blog sharing your thoughts and insights about type 1 diabetes helps us spread awareness  ',0),(50,'node',' our team dr bree e holtz  is an assistant professor in the department of advertising and public relations in the college of communication arts and sciences at michigan state university dr holtz s broad research interest centers around understanding the adoption of information communication technologies and its impact on health care access and delivery her prior research has examined the use of mobile phones in asthma and diabetes management online health literacy adoption and utilization of telemedicine technologies in a health setting and using innovative telecommunications technologies to improve access to health care her current research interests include understanding the implementation and utilization of mhealth technologies while improving patient centered care holtz received her master s degree from the london school of economics her phd from michigan state university and completed a postdoc at the center for clinical management research ann arbor va healthcare system she has published work in communication technology and medical journals dr holtz s research is funded by the american diabetes association and health resources and services administration  dr michael wood  md is associate professor of pediatrics at university of michigan medical school and clinical director of the pediatric diabetes program dr wood s main clinical research focus has been on improving the care of children with type 1 diabetes many of his previous studies have involved the use of technology to improve diabetes care and control with an eventual goal of participation in the first national studies of the artificial pancreas in children since he joined the university of michigan pediatric diabetes team in april 2013 as its clinical director they have identified the improvement of transition from pediatric to adult care as an important clinical focus dr wood has been working with dr holtz and her team to see if using technology app will improve diabetes control and the transition process dr wood attended the university of michigan for both undergraduate studies and medical school after completing medical school dr wood served his internship and pediatric residency as well as a pediatric endocrinology fellowship at harvard s boston children s hospital from 19881994 from 1994 until 2013 dr wood was the division chief of pediatric endocrinology at the helen devos children s hospital in grand rapids michigan  julie dunneback  msn aprn bc cpnp cde is a pediatric nurse practitioner working in the pediatric endocrinology clinic at sparrow health system dunneback s full time clinical focus is working with children and adolescents with type 1 diabetes she is particularly interested in how the use of technology may reduce the burden of care that families face when their child has diabetes use of research to help facilitate the transition from parental care of the child s diabetes to the adolescent becoming independent in diabetes selfmanagement is especially important to her clinical role previous research interests include the use of nursing interventions to treat children s postoperative pain and the use of distraction to reduce pain fear and behavioral distress in children in both inpatient and outpatient clinical settings dunneback received her bachelor of science in nursing from michigan state university and her master of science in nursing from wayne state university she has been in practice for the past 36 years caring for children in inpatient and outpatient clinical settings she has 22 years of experience as a pediatric nurse practitioner which includes educating parents and children about diabetes and diabetes selfcare  dr amy nuttall  is an assistant professor in human development and family studies at michigan state university dr nuttall has conducted research on child development and family processes in families experiencing high levels of stress for the past decade she has expertise in early child development family communication and the development of parentchild interventions dr nuttall received her phd in developmental psychology minor in quantitative psychology from the university of notre dame her ma in developmental psychology from the university of notre dame and her ba in psychology from the university of colorado  dr shelia r cotten  is the director of the sparrow msu center for innovation and research the director of trifecta and a professor in the department of media and information at michigan state university dr cotten studies technology use across the life course and the social educational and health impacts of that use she conducts largescale community based intervention studies designed to use technology to enhance various aspects of quality of life prior to joining msu dr cotten was a professor in the department of sociology at the university of alabama birmingham  dr denise hershey  phd msn fnpbc is an assistant professor in the college of nursing at michigan state university dr hershey s research interest is in the area of selfmanagement of multimorbidities in adults the selfmanagement of prior existing chronic conditions and care management coordination for patients with multiple chronic diseases hershey received her bachelor of science in nursing from nazareth college in kalamazoo mi and her master of science as well as her phd in nursing from michigan state university dr hershey has over 20 years of experience as a family nurse practitioner working with patients with diabetes and other chronic conditions dr hershey has extensive experience educating and working with adults regarding the selfmanagement of their chronic conditions  dr taiwoo park  is an assistant professor in the department of media and information in the college of communication arts and sciences at michigan state university dr park s research interests include humancomputer interaction hci user experiences and human performance lifeimmersive services using mobile and ubiquitous technology crowdsourced mobile applications and persuasive mobile applications  msu extension certified diabetes educators michigan state university extension helps people improve their lives by bringing the vast knowledge resources of msu directly to individuals communities and businesses the team of certified diabetes educators provide the knowledge and skills needed to improve the health behaviors of those who have diabetes and those who are at risk of developing diabetes as well as their caregivers  katharine murray  is an outreach specialist and grant project manager in the department of advertising and public relations in the college of communication arts and sciences at michigan state university murray acts as the coordinator for all grantrelated communications and tasks in order to enhance collaboration among both internal and external stakeholders including hospital and clinic staff she is also responsible for training recruitment and event logistic materials for the research participants and clinical staff murray also acts as the media liaison for all grant related publicity including crafting and disseminating press releases creating flyers social media management and developing and maintaining website content murray received both her bachelors and masters degrees from the department of communication at michigan state university  ',0),(51,'node',' why i train diabetes alert dogs by becky causey president diabetes alert dog alliance my interest in diabetes alert dog dad training stems from three of my friends who all have children with type 1 diabetes t1d i am a dog trainer and breeder and i thought that it would be a great help to my friends if i could learn how to train their pet dogs to alert them in times of diabetes emergencies after embarking on my quest to learn to train these service dogs i realized that this was no easy feat and the average pet dog wasn t going to be able to perform in the way necessary to be a dad despite the difficulty i was fascinated by the process and took classes read books and tried to train some of my personal dogs after a lot of trialanderror i finally successfully trained my first dad that was an amazing moment but the families are what really makes my job fulfilling knowing that i am providing lifesaving assistance and furry companionship to these t1d families has made the process of dad training a great joy for me imagine my surprise when several years into the process my own son mac was admitted to the hospital icu in diabetic ketoacidosis dka and diagnosed with type one diabetes although no one is ever prepared for a t1d diagnosis for their child i had an army of friends and dad client families there to support me people are often surprised to hear that my dad training began before t1d personally affected my family i was dedicated before but mac s diagnosis made me even more determined to train great dads and help other families ease the burden of t1d nothing is more frightening to someone with t1d or their loved ones than low blood sugar we are expecting lows after gym class after a run or when a meal has been skipped we pay attention for signs of shakiness dizziness and sweating as we diligently check our glucometers or keep a watchful eye on cgms but because of those sneaky lows that come at unexpected times or for a person who has hypoglycemic unawareness there is always a worry in the backs of our minds a furry friend who acts as a safety net and another level of protection can ease these worries diabetes alert dogs are service dogs with full access to public places that are specifically trained to detect low and sometimes high blood sugar and alert either their handler or a parent for a very young child the training for these dogs takes up to 2 years and the costs average close to 20000 but their ability to alert their person of lifethreatening lows is priceless mac goes off to college for his freshman year this fall with his service dog keeping a watchful eye on him as a parent knowing his dad is accompanying him while he is away from home puts me more at ease as for me i continue to train dads and am currently teaching and mentoring other professional trainers to continue making a difference in the lives of people with t1d  ',0),(52,'node',' overcoming diabetes burnout by johanna murray journalism major western michigan university kathryn finton walks into the classroom on the first day of class looking confident and excited her new students shuffle in after her quietly i am one of them i notice a little box attached to the belt loop on her pants it resembles that of a pager straight out of the 90s in today s setting the pager sticks out uncommon and foreign to college students of the 2000s professor finton introduces herself to the class and introduces the pager attached to her hip as well the pager turns out not to be a cool gadget from the 90s instead a monitor to track her type 1 diabetes after a brief explanation of the little box to cure the curious minds of her students she continues on with the class her diabetes all but forgotten to the people listening to her words however for professor finton her diabetes is something that is never forgotten i came to learn that the summer of her 12 th year was the beginning of a drastic change in her life finton and her younger sister had been wearing matching dresses to their grandparent s house when her parents noticed that she looked too small in the dress that had fit her well not long before she was also using the bathroom more frequently than normal worried her parents took her to the hospital the next day twenty pounds under weight kathryn was diagnosed with type 1 diabetes her mother in tears told her everything is going to be okay it didn t feel like everything was going to be okay said finton her doctor had to explain not only what type 1 diabetes was but also attempt to explain what it would mean for her future but nothing could have prepared a 12yearold for a life so drastically different than the one she had before your life is going to be a lot harder than everybody else s her mom had told her that must have been awful said finton about her mom having to help explain to her young daughter how her life would change after her diagnosis finton s parents helped her with monitoring and taking care of her diabetes the multiple shots of insulin each day created a lot of discomfort finton began taking responsibility for giving herself shots because she learned how to make them a little more comfortable for her she said it was harder for her parents to know where to give shots so it hurt less so she stepped up and took control of that small aspect of her diabetes her control only lasted for a few years though i got towards the end of high school and didn t want to take care of it anymore it was a lot of work she said i went to college and you know with college things get a little out of control i just wanted to be like everybody else going to college was a major change in finton s life and resulted in her rebelling against her t1d i had a rough first semester of college i was out of control and didn t know how to fix it apparently that s called diabetes burnout diabetes burnout is when a person diagnosed with diabetes has no regard for their blood sugar levels doctor appointments and medicine they begin to ignore their condition and neglect their wellbeing it is common amongst people after years of dealing with diabetes finton was exhausted with the lifestyle that belonged to her now and rebelled away from the control she once had on her condition her health declined in every way she was smoking cigarettes and not eating well finton expected to die by the time she was 30 years old she was losing control and losing hope i made a promise to myself that if i was still okay by age 30 that i would quit smoking finton said i quit cold turkey it was the hardest thing i ve ever done her whole life changed when she quit smoking she said everything got brighter two weeks after quitting everything smelled better i began to look healthier i thought to myself if i feel better doing this i wonder what would happen if i really started paying attention to my diabetes finton began to meet with a nutritionist and went to the borgess diabetes center for help handling her diabetes and overall health she started tracking everything she ate working out more frequently and really focusing on making sure her health came first her life took a complete turn for the better and now she lives an extremely healthy life and has regained the control over her diabetes that she lost so many years ago my doctor said to me that something the doctors will never tell you is that they don t really have this figured out he said that he tried to live as a diabetic for one weekend and quit after one day so if anyone tells you you re not doing a good job then they don t know what they re talking about finton explained that it can be hard to help people with type 1 diabetes you can t make them care that has to be something they have to determine for themselves you have to know that diabetes burnout exists they ll make it through but it has to be their choice she said diabetes has to become one of your hobbies you can t make it a chore you have to laugh at it sometimes i call myself a diabadass you have to deal with issues that some people never even have to think of and i think that s helped to make me a better and more empathetic person  ',0),(53,'node',' three days that changed my life forever by robert perkins kid with type 1 diabetes the only reason i woke up on november 30 2013 was because i fell out of my bed it was thanksgiving break and i had planned to do nothing all day little did i know that my day would spiral out of control i got up off the floor walked down the hall to the family room and turned the computer on to play some games next thing i knew my mom asked me to come see her as i walked to the kitchen everything was a blur i noticed the rain drops tapping on the window but i felt very out of it my mom who must have known something wasn t right pulled out a small black case with something inside of it it made an annoying shaking noise like a maraca my mom pulled out a machine a small bottle of strips and a needle she poked my finger with the needle and put the blood onto one of the strips and jammed it into the machine the screen of the machine lit up orange and beeped five seconds later the machine beeped again it said hi over 600 in bold black letters my mom rushed to the phone to call the doctor and about 10 minutes later we were on our way to the hospital the ride was only a couple of minutes but it felt like hours after the doctors examined me they sent me to a pediatric hospital that was half an hour away in an ambulance i couldn t comprehend what was happening on the ride there the emt poked my fingers every five minutes even though it said the same thing every time hi over 600 we got there around 200pm they took us to a large loud room sectioned off with curtains they would not let me eat until a lot of blood tests were performed i was starving a few hours later my dad and my little brother came to the hospital that is when the doctors told me that i had type 1 diabetes later that evening i was transferred to a hospital room on the children s floor every door had a glass window painted with a different set of cartoon and movie characters my door was decorated with a painting of bugs bunny finally the nurse came in and delivered some food but i couldn t eat until after she poked my finger and gave me a needle filled with insulin i hadn t eaten since 930 that morning boy was i hungry a turkey sandwich and a small bag of chips was all i was given and i ate it so fast that i didn t taste any of it the next day nurse educators came to my room to begin teaching me and my mom how to treat my disease the entire day was spent learning how to manage my diabetes and how my life would change it was overwhelming monday came and we were still in the hospital the doctor told me that i had to stay until my blood sugar number came down into a safer range between 100 and 200 finally the doctor told me that i could go home looking back those three days changed the rest of my life i remember it like it was yesterday but it feels like years and years ago even though my life will never be the same my diabetes does not define me it will not keep me from reaching my goals it will not stop me from living a successful life it will not keep me from being the best me i can be  ',0);

--
